{"id":8267,"date":"2024-04-12T13:29:21","date_gmt":"2024-04-12T11:29:21","guid":{"rendered":"https:\/\/agora.xtec.cat\/ceip-angela-bransuela\/?page_id=8267"},"modified":"2024-04-12T13:33:15","modified_gmt":"2024-04-12T11:33:15","slug":"acords-del-consell-escolar","status":"publish","type":"page","link":"https:\/\/agora.xtec.cat\/ceip-angela-bransuela\/lescola\/acords-del-consell-escolar\/","title":{"rendered":"Consell Escolar (Acords)"},"content":{"rendered":"<p><b>Curs 2023\/24<\/b><b>:<\/b><\/p>\n<p><span style=\"font-weight: 400;\">ACTA N\u00ba1 25\/10\/2024<\/span><\/p>\n<ul>\n<li style=\"font-weight: 400;\" aria-level=\"1\"><span style=\"font-weight: 400;\">Eleccions membres del Consell Escolar<\/span><\/li>\n<\/ul>\n<p><span style=\"font-weight: 400;\">S&#8217;acorda la renovaci\u00f3 dels seg\u00fcents membres del CE:<\/span><\/p>\n<ul>\n<li style=\"font-weight: 400;\" aria-level=\"1\"><span style=\"font-weight: 400;\">Sector alumnes : Renovar als dos alumnes (s\u00f3n baixa al centre).<\/span><\/li>\n<li style=\"font-weight: 400;\" aria-level=\"1\"><span style=\"font-weight: 400;\">Sector docents: Laura Aparicio, Mar\u00eda Jim\u00e9nez, Montse Prats, Cristina Altarriba (baixa del centre). Es mantenen al CE les seg\u00fcents docents: Gemma Mateos i Cecilia Camacho.<\/span><\/li>\n<li style=\"font-weight: 400;\" aria-level=\"1\"><span style=\"font-weight: 400;\">Sector PAS: segueix la Sra. Montse Ortega (renovaci\u00f3 en dos anys).<\/span><\/li>\n<li style=\"font-weight: 400;\" aria-level=\"1\"><span style=\"font-weight: 400;\">Sector PAE: <\/span><span style=\"font-weight: 400;\">Cristina Lluch<\/span><span style=\"font-weight: 400;\"> (renovaci\u00f3 en dos anys).<\/span><\/li>\n<li style=\"font-weight: 400;\" aria-level=\"1\"><span style=\"font-weight: 400;\">Sector pares: Renovar al Sr. Merino, Sra. F\u00e0tima i Sra. M\u00aa del Mar Repollo.<\/span><\/li>\n<li style=\"font-weight: 400;\" aria-level=\"1\"><span style=\"font-weight: 400;\">Representant de l\u2019AFA: Representat a l\u2019AFA la Sra.Elena<\/span><\/li>\n<li style=\"font-weight: 400;\" aria-level=\"1\"><span style=\"font-weight: 400;\">Sector Ajuntament: Preguntar si segueix el mateix representant, l\u2019Erik Ruiz.<\/span><\/li>\n<\/ul>\n<p><span style=\"font-weight: 400;\">S\u2019acorda per majoria dels membres del CE que els alumnes de 2n a 4t d\u2019ESO poden ser candidats i el cos de votaci\u00f3 est\u00e0 format per tots els alumnes de l\u2019ESO.<\/span><\/p>\n<ul>\n<li style=\"font-weight: 400;\" aria-level=\"1\"><span style=\"font-weight: 400;\">S\u2019aprova la PGA per unanimitat dels membres del CE. Es podran fer modificacions en un per\u00edode de 15 dies, per part del sector del claustre, enviant les mateixes al sector de pares i a la inspecci\u00f3.<\/span><\/li>\n<\/ul>\n<ul>\n<li style=\"font-weight: 400;\" aria-level=\"1\"><span style=\"font-weight: 400;\">Es donar\u00e0 tr\u00e0mit a tots aquells expedients disciplinaris dels alumnes que corresponguin. Es prepararan xerrades informatives als alumnes per prevenir conductes d\u2019aquest tipus.<\/span><\/li>\n<\/ul>\n<p><span style=\"font-weight: 400;\">ACTA N\u00ba2 8\/01\/2024<\/span><\/p>\n<ul>\n<li style=\"font-weight: 400;\" aria-level=\"1\"><span style=\"font-weight: 400;\">S\u2019aprova per unanimitat la liquidaci\u00f3 del pressupost del 2023.<\/span><\/li>\n<li style=\"font-weight: 400;\" aria-level=\"1\"><span style=\"font-weight: 400;\">S\u2019aprova per unanimitat el pressupost 2024.<\/span><\/li>\n<li style=\"font-weight: 400;\" aria-level=\"1\"><span style=\"font-weight: 400;\">El centre es compromet a fer el possible per enviar les Informacions amb m\u00e9s temps per TPV.<\/span><\/li>\n<li style=\"font-weight: 400;\" aria-level=\"1\"><span style=\"font-weight: 400;\">El centre es compromet a fer el possible per enviar les notes m\u00e9s aviat.<\/span><\/li>\n<\/ul>\n","protected":false},"excerpt":{"rendered":"<p>Curs 2023\/24:<br \/>\nACTA N\u00ba1 25\/10\/2024<\/p>\n<ul>\n<li style=\"font-weight: 400;\" aria-level=\"1\">Eleccions membres del Consell Escolar<\/li>\n<\/ul>\n<p>S&#8217;acorda la renovaci\u00f3 dels seg\u00fcents membres del CE:<\/p>\n<ul>\n<li style=\"font-weight: 400;\" aria-level=\"1\">Sector alumnes : Renovar als dos alumnes (s\u00f3n baixa al centre).<\/li>\n<li style=\"font-weight: 400;\" aria-level=\"1\">Sector docents: Laura Aparicio, Mar\u00eda Jim\u00e9nez, Montse Prats, Cristina Altarriba (baixa del&hellip;  <a href=\"https:\/\/agora.xtec.cat\/ceip-angela-bransuela\/lescola\/acords-del-consell-escolar\/\" title=\"Read Consell Escolar (Acords)\">Llegeix m\u00e9s\u00bb<\/a><br \/>\n","protected":false},"author":1,"featured_media":0,"parent":22,"menu_order":0,"comment_status":"closed","ping_status":"closed","template":"","meta":{"_bbp_topic_count":0,"_bbp_reply_count":0,"_bbp_total_topic_count":0,"_bbp_total_reply_count":0,"_bbp_voice_count":0,"_bbp_anonymous_reply_count":0,"_bbp_topic_count_hidden":0,"_bbp_reply_count_hidden":0,"_bbp_forum_subforum_count":0,"footnotes":""},"class_list":["post-8267","page","type-page","status-publish","hentry"],"post_mailing_queue_ids":[],"_links":{"self":[{"href":"https:\/\/agora.xtec.cat\/ceip-angela-bransuela\/wp-json\/wp\/v2\/pages\/8267","targetHints":{"allow":["GET"]}}],"collection":[{"href":"https:\/\/agora.xtec.cat\/ceip-angela-bransuela\/wp-json\/wp\/v2\/pages"}],"about":[{"href":"https:\/\/agora.xtec.cat\/ceip-angela-bransuela\/wp-json\/wp\/v2\/types\/page"}],"author":[{"embeddable":true,"href":"https:\/\/agora.xtec.cat\/ceip-angela-bransuela\/wp-json\/wp\/v2\/users\/1"}],"replies":[{"embeddable":true,"href":"https:\/\/agora.xtec.cat\/ceip-angela-bransuela\/wp-json\/wp\/v2\/comments?post=8267"}],"version-history":[{"count":3,"href":"https:\/\/agora.xtec.cat\/ceip-angela-bransuela\/wp-json\/wp\/v2\/pages\/8267\/revisions"}],"predecessor-version":[{"id":8271,"href":"https:\/\/agora.xtec.cat\/ceip-angela-bransuela\/wp-json\/wp\/v2\/pages\/8267\/revisions\/8271"}],"up":[{"embeddable":true,"href":"https:\/\/agora.xtec.cat\/ceip-angela-bransuela\/wp-json\/wp\/v2\/pages\/22"}],"wp:attachment":[{"href":"https:\/\/agora.xtec.cat\/ceip-angela-bransuela\/wp-json\/wp\/v2\/media?parent=8267"}],"curies":[{"name":"wp","href":"https:\/\/api.w.org\/{rel}","templated":true}]}}

<p><b>Curs 2023/24</b><b>:</b></p>
<p><span style="font-weight: 400;">ACTA Nº1 25/10/2024</span></p>
<ul>
<li style="font-weight: 400;" aria-level="1"><span style="font-weight: 400;">Eleccions membres del Consell Escolar</span></li>
</ul>
<p><span style="font-weight: 400;">S&#8217;acorda la renovació dels següents membres del CE:</span></p>
<ul>
<li style="font-weight: 400;" aria-level="1"><span style="font-weight: 400;">Sector alumnes : Renovar als dos alumnes (són baixa al centre).</span></li>
<li style="font-weight: 400;" aria-level="1"><span style="font-weight: 400;">Sector docents: Laura Aparicio, María Jiménez, Montse Prats, Cristina Altarriba (baixa del centre). Es mantenen al CE les següents docents: Gemma Mateos i Cecilia Camacho.</span></li>
<li style="font-weight: 400;" aria-level="1"><span style="font-weight: 400;">Sector PAS: segueix la Sra. Montse Ortega (renovació en dos anys).</span></li>
<li style="font-weight: 400;" aria-level="1"><span style="font-weight: 400;">Sector PAE: </span><span style="font-weight: 400;">Cristina Lluch</span><span style="font-weight: 400;"> (renovació en dos anys).</span></li>
<li style="font-weight: 400;" aria-level="1"><span style="font-weight: 400;">Sector pares: Renovar al Sr. Merino, Sra. Fàtima i Sra. Mª del Mar Repollo.</span></li>
<li style="font-weight: 400;" aria-level="1"><span style="font-weight: 400;">Representant de l’AFA: Representat a l’AFA la Sra.Elena</span></li>
<li style="font-weight: 400;" aria-level="1"><span style="font-weight: 400;">Sector Ajuntament: Preguntar si segueix el mateix representant, l’Erik Ruiz.</span></li>
</ul>
<p><span style="font-weight: 400;">S’acorda per majoria dels membres del CE que els alumnes de 2n a 4t d’ESO poden ser candidats i el cos de votació està format per tots els alumnes de l’ESO.</span></p>
<ul>
<li style="font-weight: 400;" aria-level="1"><span style="font-weight: 400;">S’aprova la PGA per unanimitat dels membres del CE. Es podran fer modificacions en un període de 15 dies, per part del sector del claustre, enviant les mateixes al sector de pares i a la inspecció.</span></li>
</ul>
<ul>
<li style="font-weight: 400;" aria-level="1"><span style="font-weight: 400;">Es donarà tràmit a tots aquells expedients disciplinaris dels alumnes que corresponguin. Es prepararan xerrades informatives als alumnes per prevenir conductes d’aquest tipus.</span></li>
</ul>
<p><span style="font-weight: 400;">ACTA Nº2 8/01/2024</span></p>
<ul>
<li style="font-weight: 400;" aria-level="1"><span style="font-weight: 400;">S’aprova per unanimitat la liquidació del pressupost del 2023.</span></li>
<li style="font-weight: 400;" aria-level="1"><span style="font-weight: 400;">S’aprova per unanimitat el pressupost 2024.</span></li>
<li style="font-weight: 400;" aria-level="1"><span style="font-weight: 400;">El centre es compromet a fer el possible per enviar les Informacions amb més temps per TPV.</span></li>
<li style="font-weight: 400;" aria-level="1"><span style="font-weight: 400;">El centre es compromet a fer el possible per enviar les notes més aviat.</span></li>
</ul>

<p>Curs 2023/24:<br />
ACTA Nº1 25/10/2024</p>
<ul>
<li style="font-weight: 400;" aria-level="1">Eleccions membres del Consell Escolar</li>
</ul>
<p>S&#8217;acorda la renovació dels següents membres del CE:</p>
<ul>
<li style="font-weight: 400;" aria-level="1">Sector alumnes : Renovar als dos alumnes (són baixa al centre).</li>
<li style="font-weight: 400;" aria-level="1">Sector docents: Laura Aparicio, María Jiménez, Montse Prats, Cristina Altarriba (baixa del&hellip;  <a href="https://agora.xtec.cat/ceip-angela-bransuela/lescola/acords-del-consell-escolar/" title="Read Consell Escolar (Acords)">Llegeix més»</a><br />
