{"id":5726,"date":"2019-11-14T10:42:08","date_gmt":"2019-11-14T09:42:08","guid":{"rendered":"http:\/\/agora.xtec.cat\/ceip-angela-bransuela\/?page_id=5726"},"modified":"2025-03-05T14:48:32","modified_gmt":"2025-03-05T13:48:32","slug":"relacio-de-convenis-amb-daltres-institucions","status":"publish","type":"page","link":"https:\/\/agora.xtec.cat\/ceip-angela-bransuela\/lescola\/documents-de-centre\/relacio-de-convenis-amb-daltres-institucions\/","title":{"rendered":"Relaci\u00f3 de convenis amb d&#8217;altres institucions"},"content":{"rendered":"<p><span style=\"font-weight: 400;\">El centre t\u00e9 convenis amb els seg\u00fcents instituts per tal de que els alumnes de cicles formatius realitzin les pr\u00e0ctiques a l\u2019\u00c0ngela Bransuela:\u00a0<\/span><\/p>\n<ul style=\"list-style-type: circle;\">\n<li><span style=\"font-weight: 400;\">Institut Thos i Codina\u00a0<\/span><\/li>\n<li><span style=\"font-weight: 400;\">Institut Les cinc S\u00e8nies<\/span><\/li>\n<li><span style=\"font-weight: 400;\">Institut Puig i Cadafalch<\/span><\/li>\n<\/ul>\n<p><span style=\"font-weight: 400;\">Tamb\u00e9 tenim\u00a0 convenis amb:\u00a0<\/span><\/p>\n<ul style=\"list-style-type: square;\">\n<li><span style=\"font-weight: 400;\">Associaci\u00f3 de ve\u00efns Rocafonda.<\/span><\/li>\n<li><span style=\"font-weight: 400;\">C\u00e0ritas.<\/span><\/li>\n<li><span style=\"font-weight: 400;\">Banc dels aliments.<\/span><\/li>\n<li><span style=\"font-weight: 400;\">Ajuntament de Matar\u00f3.<\/span><\/li>\n<\/ul>\n","protected":false},"excerpt":{"rendered":"<p>El centre t\u00e9 convenis amb els seg\u00fcents instituts per tal de que els alumnes de cicles formatius realitzin les pr\u00e0ctiques a l\u2019\u00c0ngela Bransuela:\u00a0<\/p>\n<ul style=\"list-style-type: circle;\">\n<li>Institut Thos i Codina\u00a0<\/li>\n<li>Institut Les cinc S\u00e8nies<\/li>\n<li>Institut Puig i Cadafalch<\/li>\n<\/ul>\n<p>Tamb\u00e9 tenim\u00a0 convenis amb:\u00a0<\/p>\n<ul style=\"list-style-type: square;\">\n<li>Associaci\u00f3 de ve\u00efns Rocafonda.<\/li>\n<li>C\u00e0ritas.<\/li>\n<li>Banc dels aliments.<\/li>\n<li>Ajuntament de&hellip;  <a href=\"https:\/\/agora.xtec.cat\/ceip-angela-bransuela\/lescola\/documents-de-centre\/relacio-de-convenis-amb-daltres-institucions\/\" title=\"Read Relaci\u00f3 de convenis amb d&#8217;altres institucions\">Llegeix m\u00e9s\u00bb<\/a><br \/>\n","protected":false},"author":1,"featured_media":0,"parent":5706,"menu_order":4,"comment_status":"closed","ping_status":"closed","template":"","meta":{"_bbp_topic_count":0,"_bbp_reply_count":0,"_bbp_total_topic_count":0,"_bbp_total_reply_count":0,"_bbp_voice_count":0,"_bbp_anonymous_reply_count":0,"_bbp_topic_count_hidden":0,"_bbp_reply_count_hidden":0,"_bbp_forum_subforum_count":0,"footnotes":""},"class_list":["post-5726","page","type-page","status-publish","hentry"],"post_mailing_queue_ids":[],"_links":{"self":[{"href":"https:\/\/agora.xtec.cat\/ceip-angela-bransuela\/wp-json\/wp\/v2\/pages\/5726","targetHints":{"allow":["GET"]}}],"collection":[{"href":"https:\/\/agora.xtec.cat\/ceip-angela-bransuela\/wp-json\/wp\/v2\/pages"}],"about":[{"href":"https:\/\/agora.xtec.cat\/ceip-angela-bransuela\/wp-json\/wp\/v2\/types\/page"}],"author":[{"embeddable":true,"href":"https:\/\/agora.xtec.cat\/ceip-angela-bransuela\/wp-json\/wp\/v2\/users\/1"}],"replies":[{"embeddable":true,"href":"https:\/\/agora.xtec.cat\/ceip-angela-bransuela\/wp-json\/wp\/v2\/comments?post=5726"}],"version-history":[{"count":4,"href":"https:\/\/agora.xtec.cat\/ceip-angela-bransuela\/wp-json\/wp\/v2\/pages\/5726\/revisions"}],"predecessor-version":[{"id":8346,"href":"https:\/\/agora.xtec.cat\/ceip-angela-bransuela\/wp-json\/wp\/v2\/pages\/5726\/revisions\/8346"}],"up":[{"embeddable":true,"href":"https:\/\/agora.xtec.cat\/ceip-angela-bransuela\/wp-json\/wp\/v2\/pages\/5706"}],"wp:attachment":[{"href":"https:\/\/agora.xtec.cat\/ceip-angela-bransuela\/wp-json\/wp\/v2\/media?parent=5726"}],"curies":[{"name":"wp","href":"https:\/\/api.w.org\/{rel}","templated":true}]}}

Relació de convenis amb d&#8217;altres institucions

<p><span style="font-weight: 400;">El centre té convenis amb els següents instituts per tal de que els alumnes de cicles formatius realitzin les pràctiques a l’Àngela Bransuela: </span></p>
<ul style="list-style-type: circle;">
<li><span style="font-weight: 400;">Institut Thos i Codina </span></li>
<li><span style="font-weight: 400;">Institut Les cinc Sènies</span></li>
<li><span style="font-weight: 400;">Institut Puig i Cadafalch</span></li>
</ul>
<p><span style="font-weight: 400;">També tenim  convenis amb: </span></p>
<ul style="list-style-type: square;">
<li><span style="font-weight: 400;">Associació de veïns Rocafonda.</span></li>
<li><span style="font-weight: 400;">Càritas.</span></li>
<li><span style="font-weight: 400;">Banc dels aliments.</span></li>
<li><span style="font-weight: 400;">Ajuntament de Mataró.</span></li>
</ul>

<p>El centre té convenis amb els següents instituts per tal de que els alumnes de cicles formatius realitzin les pràctiques a l’Àngela Bransuela: </p>
<ul style="list-style-type: circle;">
<li>Institut Thos i Codina </li>
<li>Institut Les cinc Sènies</li>
<li>Institut Puig i Cadafalch</li>
</ul>
<p>També tenim  convenis amb: </p>
<ul style="list-style-type: square;">
<li>Associació de veïns Rocafonda.</li>
<li>Càritas.</li>
<li>Banc dels aliments.</li>
<li>Ajuntament de&hellip;  <a href="https://agora.xtec.cat/ceip-angela-bransuela/lescola/documents-de-centre/relacio-de-convenis-amb-daltres-institucions/" title="Read Relació de convenis amb d&#8217;altres institucions">Llegeix més»</a><br />
