{"id":5706,"date":"2024-11-14T09:56:38","date_gmt":"2024-11-14T08:56:38","guid":{"rendered":"http:\/\/agora.xtec.cat\/ceip-angela-bransuela\/?page_id=5706"},"modified":"2025-03-05T14:44:21","modified_gmt":"2025-03-05T13:44:21","slug":"documents-de-centre","status":"publish","type":"page","link":"https:\/\/agora.xtec.cat\/ceip-angela-bransuela\/lescola\/documents-de-centre\/","title":{"rendered":"L\u00ednia del Centre"},"content":{"rendered":"<p><span style=\"font-weight: 400;\">A l\u2019institut escola \u00c0ngela Bransuela tenim com a finalitat empoderar a l\u2019alumnat amb eines i estrat\u00e8gies que els permetin aprendre a aprendre al seu ritme i desenvolupar habilitats i coneixements competencials, procedimentals i actitudinals per afrontar situacions socials diverses del seu dia a dia.<\/span><\/p>\n<h3><\/h3>\n<p><span style=\"font-weight: 400;\">A l\u2019\u00c0ngela Bransuela apostem per educar als alumnes per fer front a la realitat del segle XXI. Treballem per a que l\u2019alumnat sigui responsable del seu proc\u00e9s d\u2019aprenentatge per mitj\u00e0 de l\u2019esperit cr\u00edtic, la cultura de l\u2019esfor\u00e7 i la responsabilitat. Vetllem per aconseguir un alumnat participatiu i col\u00b7laborador per mitj\u00e0 de la cooperaci\u00f3, el di\u00e0leg i les oportunitats. Pretenem formar a persones reflexives i generadores de coneixement per mitj\u00e0 del benestar emocional i de la formaci\u00f3 de persones competents i protagonistes.<\/span><\/p>\n<h3><\/h3>\n<p><span style=\"font-weight: 400;\">Com a trets identitaris som institut escola amb l\u00ednia educativa que s\u2019inicia a i3 i finalitza a 4t d\u2019ESO, fet que permet enriquir l\u2019aprenentatge entre iguals i establir ponts i treball entre diferents nivells. Som escola emprenedora, treballem per a desenvolupar valors, h\u00e0bits i habilitats que capacitin als alumnes a impulsar projectes professionals i vitals per a la vida. Treballem i apostem pel treball cooperatiu, enfocant les situacions d&#8217;aprenentatge en les interaccions socials i establint vincles entre els companys per aconseguir l\u2019\u00e8xit tant a nivell grupal com individual. Tanmateix, donem molta import\u00e0ncia a la tecnologia de l&#8217;aprenentatge i el coneixement.\u00a0<\/span><\/p>\n<h3><\/h3>\n<p><span style=\"font-weight: 400;\">\u00a0A l\u2019Institut Escola \u00c0ngela Bransuela\u2026<\/span><\/p>\n<ol>\n<li style=\"list-style-type: none;\">\n<ol>\n<li style=\"list-style-type: none;\">\n<ol>\n<li style=\"font-weight: 400;\" aria-level=\"1\"><span style=\"font-weight: 400;\">Treballem per compet\u00e8ncies,\u00a0<\/span><\/li>\n<li style=\"font-weight: 400;\" aria-level=\"1\"><span style=\"font-weight: 400;\">Oferim espais per a desenvolupar l\u2019autonomia de l\u2019alumnat.\u00a0<\/span><\/li>\n<li style=\"font-weight: 400;\" aria-level=\"1\"><span style=\"font-weight: 400;\">Apostem per a l\u2019alt grau de participaci\u00f3.\u00a0<\/span><\/li>\n<li style=\"font-weight: 400;\" aria-level=\"1\"><span style=\"font-weight: 400;\">Treballem per tal que l\u2019alumnat es pugui acostar a situacions i desafiaments de la vida real.<\/span><\/li>\n<li style=\"font-weight: 400;\" aria-level=\"1\"><span style=\"font-weight: 400;\">Volem que els alumnes entenguin el m\u00f3n en el que viuen i hi participin.<\/span><\/li>\n<li style=\"font-weight: 400;\" aria-level=\"1\"><span style=\"font-weight: 400;\">Vetllem per tal que l\u2019alumnat reflexioni sobre el que s\u2019ha viscut.<\/span><\/li>\n<li style=\"font-weight: 400;\" aria-level=\"1\"><span style=\"font-weight: 400;\">Pretenem trencar els murs de l\u2019escola i acostar-nos a la realitat.<\/span><\/li>\n<li style=\"font-weight: 400;\" aria-level=\"1\"><span style=\"font-weight: 400;\">Ens bolquem pel treball amb la diversitat i l\u2019est\u00edmul per la descoberta de les pr\u00f2pies possibilitats.\u00a0<\/span><\/li>\n<li style=\"font-weight: 400;\" aria-level=\"1\"><span style=\"font-weight: 400;\">Treballem la creativitat i l\u2019esperit cr\u00edtic.<\/span><\/li>\n<\/ol>\n<\/li>\n<\/ol>\n<\/li>\n<\/ol>\n<p><span style=\"font-weight: 400;\">Curs 24-25. Aquest curs acad\u00e8mic s\u2019est\u00e0 actualitzant els seg\u00fcents documents preceptius:<\/span><span style=\"font-weight: 400;\"> les NOFC, el Projecte ling\u00fc\u00edstic i el d\u2019Estrat\u00e8gia digital de centre.\u00a0<\/span><\/p>\n<h3><span style=\"color: #ff6600;\"><strong><a style=\"color: #ff6600;\" href=\"http:\/\/agora.xtec.cat\/ceip-angela-bransuela\/lescola\/projecte-educatiu\/\">PROJECTE EDUCATIU de CENTRE (PEC)<\/a><\/strong><\/span><\/h3>\n<h3><span style=\"color: #ff6600;\"><a style=\"color: #ff6600;\" href=\"http:\/\/agora.xtec.cat\/ceip-angela-bransuela\/lescola\/projecte-linguistic\/\">PROJECTE LING\u00dc\u00cdSTIC de CENTRE (PLC)<\/a><\/span><\/h3>\n<h3><span style=\"color: #ff6600;\"><a style=\"color: #ff6600;\" href=\"http:\/\/agora.xtec.cat\/ceip-angela-bransuela\/lescola\/documents-de-centre\/normes-dorganitzacio-i-funcionament-de-centre-nofc\/\">NORMES d&#8217;ORGANITZACI\u00d3 i FUNCIONAMENT DE CENTRE (NOFC)<\/a><\/span><\/h3>\n<p>&nbsp;<\/p>\n<h3>ALTRES:<\/h3>\n<ul>\n<li>\n<h4><a href=\"http:\/\/agora.xtec.cat\/ceip-angela-bransuela\/lescola\/documents-de-centre\/relacio-de-convenis-amb-daltres-institucions\/\">Relaci\u00f3 de convenis amb d&#8217;altres institucions<\/a><\/h4>\n<\/li>\n<li>\n<h4><a href=\"http:\/\/agora.xtec.cat\/ceip-angela-bransuela\/lescola\/documents-de-centre\/aportacions-de-les-families\/\">Aportacions de les fam\u00edlies<\/a><\/h4>\n<\/li>\n<li>\n<h4><a href=\"http:\/\/agora.xtec.cat\/ceip-angela-bransuela\/lescola\/documents-de-centre\/carta-de-compromis\/\">Carta de Comprom\u00eds<\/a><\/h4>\n<\/li>\n<\/ul>\n<p>&nbsp;<\/p>\n","protected":false},"excerpt":{"rendered":"<p>A l\u2019institut escola \u00c0ngela Bransuela tenim com a finalitat empoderar a l\u2019alumnat amb eines i estrat\u00e8gies que els permetin aprendre a aprendre al seu ritme i desenvolupar habilitats i coneixements competencials, procedimentals i actitudinals per afrontar situacions socials diverses del seu dia a dia.<\/p>\n<p>A l\u2019\u00c0ngela&hellip;  <a href=\"https:\/\/agora.xtec.cat\/ceip-angela-bransuela\/lescola\/documents-de-centre\/\" title=\"Read L\u00ednia del Centre\">Llegeix m\u00e9s\u00bb<\/a><\/p>\n","protected":false},"author":1,"featured_media":0,"parent":22,"menu_order":2,"comment_status":"closed","ping_status":"closed","template":"page-templates\/side-menu.php","meta":{"_bbp_topic_count":0,"_bbp_reply_count":0,"_bbp_total_topic_count":0,"_bbp_total_reply_count":0,"_bbp_voice_count":0,"_bbp_anonymous_reply_count":0,"_bbp_topic_count_hidden":0,"_bbp_reply_count_hidden":0,"_bbp_forum_subforum_count":0,"footnotes":""},"class_list":["post-5706","page","type-page","status-publish","hentry"],"post_mailing_queue_ids":[],"_links":{"self":[{"href":"https:\/\/agora.xtec.cat\/ceip-angela-bransuela\/wp-json\/wp\/v2\/pages\/5706","targetHints":{"allow":["GET"]}}],"collection":[{"href":"https:\/\/agora.xtec.cat\/ceip-angela-bransuela\/wp-json\/wp\/v2\/pages"}],"about":[{"href":"https:\/\/agora.xtec.cat\/ceip-angela-bransuela\/wp-json\/wp\/v2\/types\/page"}],"author":[{"embeddable":true,"href":"https:\/\/agora.xtec.cat\/ceip-angela-bransuela\/wp-json\/wp\/v2\/users\/1"}],"replies":[{"embeddable":true,"href":"https:\/\/agora.xtec.cat\/ceip-angela-bransuela\/wp-json\/wp\/v2\/comments?post=5706"}],"version-history":[{"count":5,"href":"https:\/\/agora.xtec.cat\/ceip-angela-bransuela\/wp-json\/wp\/v2\/pages\/5706\/revisions"}],"predecessor-version":[{"id":5724,"href":"https:\/\/agora.xtec.cat\/ceip-angela-bransuela\/wp-json\/wp\/v2\/pages\/5706\/revisions\/5724"}],"up":[{"embeddable":true,"href":"https:\/\/agora.xtec.cat\/ceip-angela-bransuela\/wp-json\/wp\/v2\/pages\/22"}],"wp:attachment":[{"href":"https:\/\/agora.xtec.cat\/ceip-angela-bransuela\/wp-json\/wp\/v2\/media?parent=5706"}],"curies":[{"name":"wp","href":"https:\/\/api.w.org\/{rel}","templated":true}]}}

Línia del Centre

<p><span style="font-weight: 400;">A l’institut escola Àngela Bransuela tenim com a finalitat empoderar a l’alumnat amb eines i estratègies que els permetin aprendre a aprendre al seu ritme i desenvolupar habilitats i coneixements competencials, procedimentals i actitudinals per afrontar situacions socials diverses del seu dia a dia.</span></p>
<h3></h3>
<p><span style="font-weight: 400;">A l’Àngela Bransuela apostem per educar als alumnes per fer front a la realitat del segle XXI. Treballem per a que l’alumnat sigui responsable del seu procés d’aprenentatge per mitjà de l’esperit crític, la cultura de l’esforç i la responsabilitat. Vetllem per aconseguir un alumnat participatiu i col·laborador per mitjà de la cooperació, el diàleg i les oportunitats. Pretenem formar a persones reflexives i generadores de coneixement per mitjà del benestar emocional i de la formació de persones competents i protagonistes.</span></p>
<h3></h3>
<p><span style="font-weight: 400;">Com a trets identitaris som institut escola amb línia educativa que s’inicia a i3 i finalitza a 4t d’ESO, fet que permet enriquir l’aprenentatge entre iguals i establir ponts i treball entre diferents nivells. Som escola emprenedora, treballem per a desenvolupar valors, hàbits i habilitats que capacitin als alumnes a impulsar projectes professionals i vitals per a la vida. Treballem i apostem pel treball cooperatiu, enfocant les situacions d&#8217;aprenentatge en les interaccions socials i establint vincles entre els companys per aconseguir l’èxit tant a nivell grupal com individual. Tanmateix, donem molta importància a la tecnologia de l&#8217;aprenentatge i el coneixement. </span></p>
<h3></h3>
<p><span style="font-weight: 400;"> A l’Institut Escola Àngela Bransuela…</span></p>
<ol>
<li style="list-style-type: none;">
<ol>
<li style="list-style-type: none;">
<ol>
<li style="font-weight: 400;" aria-level="1"><span style="font-weight: 400;">Treballem per competències, </span></li>
<li style="font-weight: 400;" aria-level="1"><span style="font-weight: 400;">Oferim espais per a desenvolupar l’autonomia de l’alumnat. </span></li>
<li style="font-weight: 400;" aria-level="1"><span style="font-weight: 400;">Apostem per a l’alt grau de participació. </span></li>
<li style="font-weight: 400;" aria-level="1"><span style="font-weight: 400;">Treballem per tal que l’alumnat es pugui acostar a situacions i desafiaments de la vida real.</span></li>
<li style="font-weight: 400;" aria-level="1"><span style="font-weight: 400;">Volem que els alumnes entenguin el món en el que viuen i hi participin.</span></li>
<li style="font-weight: 400;" aria-level="1"><span style="font-weight: 400;">Vetllem per tal que l’alumnat reflexioni sobre el que s’ha viscut.</span></li>
<li style="font-weight: 400;" aria-level="1"><span style="font-weight: 400;">Pretenem trencar els murs de l’escola i acostar-nos a la realitat.</span></li>
<li style="font-weight: 400;" aria-level="1"><span style="font-weight: 400;">Ens bolquem pel treball amb la diversitat i l’estímul per la descoberta de les pròpies possibilitats. </span></li>
<li style="font-weight: 400;" aria-level="1"><span style="font-weight: 400;">Treballem la creativitat i l’esperit crític.</span></li>
</ol>
</li>
</ol>
</li>
</ol>
<p><span style="font-weight: 400;">Curs 24-25. Aquest curs acadèmic s’està actualitzant els següents documents preceptius:</span><span style="font-weight: 400;"> les NOFC, el Projecte lingüístic i el d’Estratègia digital de centre. </span></p>
<h3><span style="color: #ff6600;"><strong><a style="color: #ff6600;" href="http://agora.xtec.cat/ceip-angela-bransuela/lescola/projecte-educatiu/">PROJECTE EDUCATIU de CENTRE (PEC)</a></strong></span></h3>
<h3><span style="color: #ff6600;"><a style="color: #ff6600;" href="http://agora.xtec.cat/ceip-angela-bransuela/lescola/projecte-linguistic/">PROJECTE LINGÜÍSTIC de CENTRE (PLC)</a></span></h3>
<h3><span style="color: #ff6600;"><a style="color: #ff6600;" href="http://agora.xtec.cat/ceip-angela-bransuela/lescola/documents-de-centre/normes-dorganitzacio-i-funcionament-de-centre-nofc/">NORMES d&#8217;ORGANITZACIÓ i FUNCIONAMENT DE CENTRE (NOFC)</a></span></h3>
<p>&nbsp;</p>
<h3>ALTRES:</h3>
<ul>
<li>
<h4><a href="http://agora.xtec.cat/ceip-angela-bransuela/lescola/documents-de-centre/relacio-de-convenis-amb-daltres-institucions/">Relació de convenis amb d&#8217;altres institucions</a></h4>
</li>
<li>
<h4><a href="http://agora.xtec.cat/ceip-angela-bransuela/lescola/documents-de-centre/aportacions-de-les-families/">Aportacions de les famílies</a></h4>
</li>
<li>
<h4><a href="http://agora.xtec.cat/ceip-angela-bransuela/lescola/documents-de-centre/carta-de-compromis/">Carta de Compromís</a></h4>
</li>
</ul>
<p>&nbsp;</p>

<p>A l’institut escola Àngela Bransuela tenim com a finalitat empoderar a l’alumnat amb eines i estratègies que els permetin aprendre a aprendre al seu ritme i desenvolupar habilitats i coneixements competencials, procedimentals i actitudinals per afrontar situacions socials diverses del seu dia a dia.</p>
<p>A l’Àngela&hellip;  <a href="https://agora.xtec.cat/ceip-angela-bransuela/lescola/documents-de-centre/" title="Read Línia del Centre">Llegeix més»</a></p>
