{"id":2520,"date":"2019-03-27T06:13:08","date_gmt":"2019-03-27T05:13:08","guid":{"rendered":"http:\/\/agora.xtec.cat\/ceip-angel-guimera\/?page_id=2520"},"modified":"2025-11-12T19:08:24","modified_gmt":"2025-11-12T18:08:24","slug":"documentacio-per-les-families","status":"publish","type":"page","link":"https:\/\/agora.xtec.cat\/ceip-angel-guimera\/documentacio-per-les-families\/","title":{"rendered":"Documentaci\u00f3 General"},"content":{"rendered":"<h5><strong><span style=\"color: #000000;\">Documents generals fam\u00edlies:<\/span><\/strong><\/h5>\n<ul style=\"list-style-type: square;\">\n<li><a href=\"https:\/\/drive.google.com\/file\/d\/16fxK5o1CNd4XMaLvdsPGkinDubMVA-td\/view?usp=sharing\" target=\"_blank\" rel=\"noopener\">Programaci\u00f3 General Anual 2025-2026<\/a><\/li>\n<li><a href=\"https:\/\/drive.google.com\/file\/d\/1xf4z_ICrGDiIurp7zn8kbEfy8jiMN4Ha\/view?usp=sharing\" target=\"_blank\" rel=\"noopener\">Circular inici de curs Comunitat dels petits<\/a><\/li>\n<li><a href=\"https:\/\/drive.google.com\/file\/d\/1z7xODS_QP-a8tNs7f4xcY_KV-8iJ9CCO\/view?usp=sharing\" target=\"_blank\" rel=\"noopener\">Circular inici de curs Comunitat dels mitjans<\/a><\/li>\n<li><a href=\"https:\/\/drive.google.com\/file\/d\/1lcN5ZwFE1Hr-HwQfRb9tOdYUDTfrEHGJ\/view?usp=sharing\" target=\"_blank\" rel=\"noopener\">Circular Inici de curs Comunitat dels grans<\/a><\/li>\n<li><a href=\"https:\/\/drive.google.com\/file\/d\/1_fnN3T7Mo_OO2T8HVXVRFI3ofUMJr9My\/view?usp=sharing\" target=\"_blank\" rel=\"noopener noreferrer\">Carta de comprom\u00eds educatiu Educaci\u00f3 Infantil<\/a><\/li>\n<li><a href=\"https:\/\/drive.google.com\/file\/d\/1Cereiuh9VIJr8GHldWZaKm6Fuv9Url4X\/view?usp=sharing\" target=\"_blank\" rel=\"noopener noreferrer\">Carta de comprom\u00eds educatiu Educaci\u00f3 Prim\u00e0ria<\/a><\/li>\n<\/ul>\n<h5><strong><span style=\"color: #000000;\">Autoritzacions alumnat:<\/span><\/strong><\/h5>\n<ul>\n<li><a href=\"https:\/\/drive.google.com\/file\/d\/1SpjIO4D1FUUefdPUTNM23ra4HpdqFBaP\/view?usp=sharing\" target=\"_blank\" rel=\"noopener\">Autoritzaci\u00f3 sortides locals 2025-2026<\/a><\/li>\n<li><a href=\"https:\/\/drive.google.com\/file\/d\/1fOvHPmmaudGJ0ud1nCyvJXNWQMJ7RfcB\/view?usp=sharing\" target=\"_blank\" rel=\"noopener\">Autoritzaci\u00f3 drets d&#8217;imatge i difusi\u00f3 de treballs<\/a><\/li>\n<li><a href=\"https:\/\/drive.google.com\/file\/d\/1FCz_tadvWg0RCH2TYAj6bgDlxdjPKoVr\/view?usp=sharing\" target=\"_blank\" rel=\"noopener noreferrer\">Autoritzaci\u00f3 per administrar medicaments<\/a><\/li>\n<li><a href=\"https:\/\/drive.google.com\/file\/d\/1HgptelFEjLea-p_FQ9W29309kGGnTEqd\/view?usp=sharing\" target=\"_blank\" rel=\"noopener noreferrer\">Autoritzaci\u00f3 sortida escola<\/a><\/li>\n<li><a href=\"https:\/\/drive.google.com\/file\/d\/10eQynBKiBZGTrQ_eP2nlU4F--fUqXV_X\/view?usp=sharing\">Autoritzaci\u00f3 per anar a la piscina<\/a><\/li>\n<\/ul>\n<h5><strong><span style=\"color: #000000;\">Documents per al personal de centre:<\/span><\/strong><\/h5>\n<ul>\n<li><a href=\"https:\/\/drive.google.com\/file\/d\/1BTMW-EFj2yY6rqFKBbBxFp5GD8icBrbL\/view?usp=sharing\" target=\"_blank\" rel=\"noopener\">Model declaraci\u00f3 responsable<\/a><\/li>\n<li><a href=\"https:\/\/drive.google.com\/file\/d\/1P_suqv8EzVvXSarNmC8v_FHZnRJiuO2T\/view?usp=sharing\" target=\"_blank\" rel=\"noopener noreferrer\">Model declaraci\u00f3 responsable PAS<\/a><\/li>\n<li><a href=\"https:\/\/drive.google.com\/file\/d\/16n-LmWAx1qRrDHJe_YLct_lgQ_3uqt4g\/view?usp=sharing\" target=\"_blank\" rel=\"noopener\">Autoritzaci\u00f3 drets d&#8217;imatge<\/a><\/li>\n<\/ul>\n<p>&nbsp;<\/p>\n<p>&nbsp;<\/p>\n","protected":false},"excerpt":{"rendered":"<p>Documents generals fam\u00edlies:<\/p>\n<ul style=\"list-style-type: square;\">\n<li><a href=\"https:\/\/drive.google.com\/file\/d\/16fxK5o1CNd4XMaLvdsPGkinDubMVA-td\/view?usp=sharing\" target=\"_blank\" rel=\"noopener\">Programaci\u00f3 General Anual 2025-2026<\/a><\/li>\n<li><a href=\"https:\/\/drive.google.com\/file\/d\/1xf4z_ICrGDiIurp7zn8kbEfy8jiMN4Ha\/view?usp=sharing\" target=\"_blank\" rel=\"noopener\">Circular inici de curs Comunitat dels petits<\/a><\/li>\n<li><a href=\"https:\/\/drive.google.com\/file\/d\/1z7xODS_QP-a8tNs7f4xcY_KV-8iJ9CCO\/view?usp=sharing\" target=\"_blank\" rel=\"noopener\">Circular inici de curs Comunitat dels mitjans<\/a><\/li>\n<li><a href=\"https:\/\/drive.google.com\/file\/d\/1lcN5ZwFE1Hr-HwQfRb9tOdYUDTfrEHGJ\/view?usp=sharing\" target=\"_blank\" rel=\"noopener\">Circular Inici de curs Comunitat dels grans<\/a><\/li>\n<li><a href=\"https:\/\/drive.google.com\/file\/d\/1_fnN3T7Mo_OO2T8HVXVRFI3ofUMJr9My\/view?usp=sharing\" target=\"_blank\" rel=\"noopener noreferrer\">Carta de comprom\u00eds educatiu&hellip;  <a href=\"https:\/\/agora.xtec.cat\/ceip-angel-guimera\/documentacio-per-les-families\/\" title=\"Read Documentaci\u00f3 General\">Llegeix m\u00e9s\u00bb<\/a><br \/>\n","protected":false},"author":1,"featured_media":0,"parent":0,"menu_order":0,"comment_status":"closed","ping_status":"closed","template":"","meta":{"_bbp_topic_count":0,"_bbp_reply_count":0,"_bbp_total_topic_count":0,"_bbp_total_reply_count":0,"_bbp_voice_count":0,"_bbp_anonymous_reply_count":0,"_bbp_topic_count_hidden":0,"_bbp_reply_count_hidden":0,"_bbp_forum_subforum_count":0,"footnotes":""},"class_list":["post-2520","page","type-page","status-publish","hentry"],"post_mailing_queue_ids":[],"_links":{"self":[{"href":"https:\/\/agora.xtec.cat\/ceip-angel-guimera\/wp-json\/wp\/v2\/pages\/2520","targetHints":{"allow":["GET"]}}],"collection":[{"href":"https:\/\/agora.xtec.cat\/ceip-angel-guimera\/wp-json\/wp\/v2\/pages"}],"about":[{"href":"https:\/\/agora.xtec.cat\/ceip-angel-guimera\/wp-json\/wp\/v2\/types\/page"}],"author":[{"embeddable":true,"href":"https:\/\/agora.xtec.cat\/ceip-angel-guimera\/wp-json\/wp\/v2\/users\/1"}],"replies":[{"embeddable":true,"href":"https:\/\/agora.xtec.cat\/ceip-angel-guimera\/wp-json\/wp\/v2\/comments?post=2520"}],"version-history":[{"count":7,"href":"https:\/\/agora.xtec.cat\/ceip-angel-guimera\/wp-json\/wp\/v2\/pages\/2520\/revisions"}],"predecessor-version":[{"id":12766,"href":"https:\/\/agora.xtec.cat\/ceip-angel-guimera\/wp-json\/wp\/v2\/pages\/2520\/revisions\/12766"}],"wp:attachment":[{"href":"https:\/\/agora.xtec.cat\/ceip-angel-guimera\/wp-json\/wp\/v2\/media?parent=2520"}],"curies":[{"name":"wp","href":"https:\/\/api.w.org\/{rel}","templated":true}]}}