{"id":11750,"date":"2024-07-16T17:18:03","date_gmt":"2024-07-16T15:18:03","guid":{"rendered":"https:\/\/agora.xtec.cat\/ceip-angel-guimera\/?page_id=11750"},"modified":"2024-07-16T23:03:54","modified_gmt":"2024-07-16T21:03:54","slug":"visites-pedagogiques","status":"publish","type":"page","link":"https:\/\/agora.xtec.cat\/ceip-angel-guimera\/visites-pedagogiques\/","title":{"rendered":"Visites pedag\u00f2giques"},"content":{"rendered":"<p><span style=\"font-weight: 400; color: #000000;\">Durant el curs escolar cada cicle prepara una visita pedag\u00f2gica. Consisteix en fer una breu explicaci\u00f3 de la metodologia de treball on es presenten les <strong>propostes did\u00e0ctiques i els projectes<\/strong> que destaquen per poder ser presentats a la resta del claustre.<\/span><\/p>\n<p><span style=\"font-weight: 400; color: #000000;\">L\u2019objectiu de l\u2019activitat no \u00e9s altre que els docents de l\u2019escola siguem coneixedors d\u2019aquelles pr\u00e0ctiques educatives que destaquen per la seva qualitat educativa.<\/span><\/p>\n<p><span style=\"color: #000000;\">A continuaci\u00f3 adjuntem les presentacions del curs 2023-2024.<\/span><\/p>\n<ul>\n<li><span style=\"color: #800080;\"><a style=\"color: #800080;\" href=\"https:\/\/drive.google.com\/file\/d\/1WgmVUPnGpGy5dBtM_aQGlycPobFFOhvw\/view?usp=drive_link\">Educaci\u00f3 Infantil\u00a0<\/a><\/span><\/li>\n<li><a href=\"https:\/\/drive.google.com\/file\/d\/1Pg-hToQpP9rq4MvcuEOjlJZdAtsk6Qri\/view?usp=sharing\"><span style=\"color: #800080;\">Primer Cicle<\/span><\/a><\/li>\n<li><span style=\"color: #800080;\"><a style=\"color: #800080;\" href=\"https:\/\/view.genially.com\/63f8de56625ae70017b30753\/presentation-visita-pedagogica-cm\">Segon Cicle<\/a><\/span><\/li>\n<li><a href=\"https:\/\/drive.google.com\/file\/d\/14ydmXvrL2umvn6J53SW_r8RxxKdBD12R\/view?usp=sharing\"><span style=\"color: #800080;\">Tercer Cicle<\/span><\/a><\/li>\n<\/ul>\n","protected":false},"excerpt":{"rendered":"<p>Durant el curs escolar cada cicle prepara una visita pedag\u00f2gica. Consisteix en fer una breu explicaci\u00f3 de la metodologia de treball on es presenten les propostes did\u00e0ctiques i els projectes que destaquen per poder ser presentats a la resta del claustre.<br \/>\nL\u2019objectiu de l\u2019activitat no \u00e9s&hellip;  <a href=\"https:\/\/agora.xtec.cat\/ceip-angel-guimera\/visites-pedagogiques\/\" title=\"Read Visites pedag\u00f2giques\">Llegeix m\u00e9s\u00bb<\/a><\/p>\n","protected":false},"author":1,"featured_media":0,"parent":0,"menu_order":0,"comment_status":"closed","ping_status":"closed","template":"","meta":{"_bbp_topic_count":0,"_bbp_reply_count":0,"_bbp_total_topic_count":0,"_bbp_total_reply_count":0,"_bbp_voice_count":0,"_bbp_anonymous_reply_count":0,"_bbp_topic_count_hidden":0,"_bbp_reply_count_hidden":0,"_bbp_forum_subforum_count":0,"footnotes":""},"class_list":["post-11750","page","type-page","status-publish","hentry"],"post_mailing_queue_ids":[],"_links":{"self":[{"href":"https:\/\/agora.xtec.cat\/ceip-angel-guimera\/wp-json\/wp\/v2\/pages\/11750","targetHints":{"allow":["GET"]}}],"collection":[{"href":"https:\/\/agora.xtec.cat\/ceip-angel-guimera\/wp-json\/wp\/v2\/pages"}],"about":[{"href":"https:\/\/agora.xtec.cat\/ceip-angel-guimera\/wp-json\/wp\/v2\/types\/page"}],"author":[{"embeddable":true,"href":"https:\/\/agora.xtec.cat\/ceip-angel-guimera\/wp-json\/wp\/v2\/users\/1"}],"replies":[{"embeddable":true,"href":"https:\/\/agora.xtec.cat\/ceip-angel-guimera\/wp-json\/wp\/v2\/comments?post=11750"}],"version-history":[{"count":3,"href":"https:\/\/agora.xtec.cat\/ceip-angel-guimera\/wp-json\/wp\/v2\/pages\/11750\/revisions"}],"predecessor-version":[{"id":11756,"href":"https:\/\/agora.xtec.cat\/ceip-angel-guimera\/wp-json\/wp\/v2\/pages\/11750\/revisions\/11756"}],"wp:attachment":[{"href":"https:\/\/agora.xtec.cat\/ceip-angel-guimera\/wp-json\/wp\/v2\/media?parent=11750"}],"curies":[{"name":"wp","href":"https:\/\/api.w.org\/{rel}","templated":true}]}}