{"id":11671,"date":"2024-07-10T18:38:57","date_gmt":"2024-07-10T16:38:57","guid":{"rendered":"https:\/\/agora.xtec.cat\/ceip-angel-guimera\/?page_id=11671"},"modified":"2024-07-10T18:38:57","modified_gmt":"2024-07-10T16:38:57","slug":"infadimed","status":"publish","type":"page","link":"https:\/\/agora.xtec.cat\/ceip-angel-guimera\/infadimed\/","title":{"rendered":"INFADIMED"},"content":{"rendered":"<p><strong>INFADIMED<\/strong> (Inf\u00e0ncia i Dieta Mediterr\u00e0nia) \u00e9s un programa que fa promoci\u00f3 de la Dieta Mediterr\u00e0nia i que est\u00e0 portat a terme per professionals d\u2019infermeria d\u2019atenci\u00f3 prim\u00e0ria de l\u2019Institut Catal\u00e0 de la Salut.<\/p>\n<p>El programa est\u00e0 dirigit a alumnes d\u2019educaci\u00f3 infantil i prim\u00e0ria amb l\u2019objectiu de donar eines als infants per tal que puguin decidir qu\u00e8 \u00e9s m\u00e9s benefici\u00f3s per a la seva salut. A difer\u00e8ncia d\u2019altres programes d\u2019educaci\u00f3 nutricional, INFADIMED\u00ae ha fet servir un canal transmissor innovador en aquest tipus d\u2019intervenci\u00f3: ha creat una s\u00e8rie de dibuixos animats amb aquesta finalitat, amb un personatge central que \u00e9s l\u2019encarregat d\u2019explicar als infants els beneficis d\u2019un estil de vida saludable: el Capit\u00e0 Vitamines.<\/p>\n<p>A l&#8217;escola, el curs 2023-2024, es va comen\u00e7ar a implementar amb l&#8217;alumnat d&#8217;I3.<\/p>\n<p><img loading=\"lazy\" decoding=\"async\" class=\"aligncenter size-full wp-image-11495\" src=\"https:\/\/agora.xtec.cat\/ceip-angel-guimera\/wp-content\/uploads\/usu698\/2024\/03\/capita_vitamines-removebg-preview.png\" alt=\"\" width=\"456\" height=\"538\" srcset=\"https:\/\/agora.xtec.cat\/ceip-angel-guimera\/wp-content\/uploads\/usu698\/2024\/03\/capita_vitamines-removebg-preview.png 456w, https:\/\/agora.xtec.cat\/ceip-angel-guimera\/wp-content\/uploads\/usu698\/2024\/03\/capita_vitamines-removebg-preview-254x300.png 254w\" sizes=\"auto, (max-width: 456px) 100vw, 456px\" \/><\/p>\n","protected":false},"excerpt":{"rendered":"<p>INFADIMED (Inf\u00e0ncia i Dieta Mediterr\u00e0nia) \u00e9s un programa que fa promoci\u00f3 de la Dieta Mediterr\u00e0nia i que est\u00e0 portat a terme per professionals d\u2019infermeria d\u2019atenci\u00f3 prim\u00e0ria de l\u2019Institut Catal\u00e0 de la Salut.<br \/>\nEl programa est\u00e0 dirigit a alumnes d\u2019educaci\u00f3 infantil i prim\u00e0ria amb l\u2019objectiu de donar&hellip;  <a href=\"https:\/\/agora.xtec.cat\/ceip-angel-guimera\/infadimed\/\" title=\"Read INFADIMED\">Llegeix m\u00e9s\u00bb<\/a><\/p>\n","protected":false},"author":1,"featured_media":0,"parent":0,"menu_order":0,"comment_status":"closed","ping_status":"closed","template":"","meta":{"_bbp_topic_count":0,"_bbp_reply_count":0,"_bbp_total_topic_count":0,"_bbp_total_reply_count":0,"_bbp_voice_count":0,"_bbp_anonymous_reply_count":0,"_bbp_topic_count_hidden":0,"_bbp_reply_count_hidden":0,"_bbp_forum_subforum_count":0,"footnotes":""},"class_list":["post-11671","page","type-page","status-publish","hentry"],"post_mailing_queue_ids":[],"_links":{"self":[{"href":"https:\/\/agora.xtec.cat\/ceip-angel-guimera\/wp-json\/wp\/v2\/pages\/11671","targetHints":{"allow":["GET"]}}],"collection":[{"href":"https:\/\/agora.xtec.cat\/ceip-angel-guimera\/wp-json\/wp\/v2\/pages"}],"about":[{"href":"https:\/\/agora.xtec.cat\/ceip-angel-guimera\/wp-json\/wp\/v2\/types\/page"}],"author":[{"embeddable":true,"href":"https:\/\/agora.xtec.cat\/ceip-angel-guimera\/wp-json\/wp\/v2\/users\/1"}],"replies":[{"embeddable":true,"href":"https:\/\/agora.xtec.cat\/ceip-angel-guimera\/wp-json\/wp\/v2\/comments?post=11671"}],"version-history":[{"count":1,"href":"https:\/\/agora.xtec.cat\/ceip-angel-guimera\/wp-json\/wp\/v2\/pages\/11671\/revisions"}],"predecessor-version":[{"id":11673,"href":"https:\/\/agora.xtec.cat\/ceip-angel-guimera\/wp-json\/wp\/v2\/pages\/11671\/revisions\/11673"}],"wp:attachment":[{"href":"https:\/\/agora.xtec.cat\/ceip-angel-guimera\/wp-json\/wp\/v2\/media?parent=11671"}],"curies":[{"name":"wp","href":"https:\/\/api.w.org\/{rel}","templated":true}]}}