{"id":645,"date":"2020-04-16T11:59:09","date_gmt":"2020-04-16T09:59:09","guid":{"rendered":"https:\/\/agora.xtec.cat\/ceip-amadeuvives\/?page_id=645"},"modified":"2020-04-16T12:05:25","modified_gmt":"2020-04-16T10:05:25","slug":"sc-2011-12","status":"publish","type":"page","link":"https:\/\/agora.xtec.cat\/ceip-amadeuvives\/projectes\/setmana-cultural\/sc-2011-12\/","title":{"rendered":"SC 2011-12"},"content":{"rendered":"<h3 style=\"text-align: center;\"><strong>ELS CASTELLS<\/strong><\/h3>\n<section id=\"h.p_ID_3\" class=\"yaqOZd LB7kq tpmmCb gk8rDe\">\n<div class=\"mYVXT\">\n<div class=\"LS81yb VICjCf\" tabindex=\"-1\">\n<div class=\"hJDwNd-AhqUyc-uQSCkd purZT-AhqUyc-II5mzb pSzOP-AhqUyc-qWD73c JNdkSc\">\n<div class=\"JNdkSc-SmKAyb\">\n<div class=\"\">\n<div class=\"oKdM2c Kzv0Me\">\n<div class=\"hJDwNd-AhqUyc-II5mzb jXK9ad D2fZ2 OjCsFc wHaque L6cTce-purZT L6cTce-pSzOP\">\n<div class=\"jXK9ad-SmKAyb\">\n<div class=\"tyJCtd baZpAe\"><\/div>\n<\/div>\n<\/div>\n<\/div>\n<\/div>\n<\/div>\n<\/div>\n<\/div>\n<\/div>\n<\/section>\n<section id=\"h.p_ID_18\" class=\"yaqOZd\">\n<div class=\"yaqOZd IFuOkc\"><\/div>\n<div class=\"mYVXT\">\n<div class=\"LS81yb VICjCf\" tabindex=\"-1\">\n<div class=\"hJDwNd-AhqUyc-R6PoUb JNdkSc L6cTce-purZT L6cTce-pSzOP\">\n<div class=\"JNdkSc-SmKAyb\">\n<div class=\"\"><\/div>\n<\/div>\n<\/div>\n<div class=\"hJDwNd-AhqUyc-c5RTEf purZT-AhqUyc-c5RTEf pSzOP-AhqUyc-c5RTEf JNdkSc\">\n<div class=\"JNdkSc-SmKAyb\">\n<div class=\"\">\n<div class=\"oKdM2c Kzv0Me\">\n<div id=\"h.p_ID_24\" class=\"hJDwNd-AhqUyc-c5RTEf purZT-AhqUyc-c5RTEf pSzOP-AhqUyc-c5RTEf jXK9ad D2fZ2 OjCsFc wHaque\">\n<div class=\"jXK9ad-SmKAyb\">\n<div class=\"tyJCtd baZpAe\">\n<div class=\"t3iYD\"><img decoding=\"async\" class=\"CENy8b aligncenter\" role=\"img\" src=\"https:\/\/lh5.googleusercontent.com\/NssYiiGgfbYYiKO51q8mbB0aRHnqh9jTDJiBFIfVYZD-AGkpepiwf5wJya9aK8i4HYFT0_STU3bkgOgt7o9U5vQZ_cVvY_w_GBwHlDdxEGtUK4huWWh_=w1280\" \/><\/div>\n<\/div>\n<\/div>\n<\/div>\n<\/div>\n<\/div>\n<\/div>\n<\/div>\n<div class=\"hJDwNd-AhqUyc-R6PoUb JNdkSc L6cTce-purZT L6cTce-pSzOP\">\n<div class=\"JNdkSc-SmKAyb\">\n<div class=\"\"><\/div>\n<\/div>\n<\/div>\n<div class=\"hJDwNd-AhqUyc-qWD73c purZT-AhqUyc-II5mzb pSzOP-AhqUyc-qWD73c JNdkSc\">\n<div class=\"JNdkSc-SmKAyb\">\n<div class=\"\">\n<div class=\"oKdM2c Kzv0Me\">\n<div id=\"h.p_ID_30\" class=\"hJDwNd-AhqUyc-qWD73c jXK9ad D2fZ2 OjCsFc wHaque GNzUNc\">\n<div class=\"jXK9ad-SmKAyb\">\n<div class=\"tyJCtd mGzaTb baZpAe\">\n<p id=\"h.p_ID_38\" class=\"zfr3Q\" style=\"text-align: center;\"><strong>El cavaller enamorat<\/strong><\/p>\n<p id=\"h.p_ID_42\" class=\"zfr3Q\" style=\"text-align: center;\">S\u00f3c un cavaller de ferro,<\/p>\n<p id=\"h.p_ID_44\" class=\"zfr3Q\" style=\"text-align: center;\">de ferro,<\/p>\n<p id=\"h.p_ID_46\" class=\"zfr3Q\" style=\"text-align: center;\">coure i llaut\u00f3,<\/p>\n<p id=\"h.p_ID_48\" class=\"zfr3Q\" style=\"text-align: center;\">per\u00f2 tinc el cor de nata,<\/p>\n<p id=\"h.p_ID_50\" class=\"zfr3Q\" style=\"text-align: center;\">de nata, mel i cot\u00f3,<\/p>\n<p id=\"h.p_ID_52\" class=\"zfr3Q\" style=\"text-align: center;\">i avui et porto una rosa,<\/p>\n<p id=\"h.p_ID_54\" class=\"zfr3Q\" style=\"text-align: center;\">una rosa<\/p>\n<p id=\"h.p_ID_56\" class=\"zfr3Q\" style=\"text-align: center;\">i un pet\u00f3!<\/p>\n<p style=\"text-align: center;\">Muac!<\/p>\n<p style=\"text-align: center;\">Montse Ginesta<\/p>\n<\/div>\n<\/div>\n<\/div>\n<\/div>\n<\/div>\n<\/div>\n<\/div>\n<div class=\"hJDwNd-AhqUyc-R6PoUb JNdkSc L6cTce-purZT L6cTce-pSzOP\">\n<div class=\"JNdkSc-SmKAyb\">\n<div class=\"\"><\/div>\n<\/div>\n<\/div>\n<\/div>\n<\/div>\n<\/section>\n<section id=\"h.p_ID_62\" class=\"yaqOZd\">\n<div class=\"yaqOZd IFuOkc\"><\/div>\n<div class=\"mYVXT\">\n<div class=\"LS81yb VICjCf\" tabindex=\"-1\">\n<div class=\"hJDwNd-AhqUyc-ibL1re JNdkSc L6cTce-purZT L6cTce-pSzOP\">\n<div class=\"JNdkSc-SmKAyb\">\n<div class=\"\"><\/div>\n<\/div>\n<\/div>\n<div class=\"hJDwNd-AhqUyc-ibL1re purZT-AhqUyc-II5mzb pSzOP-AhqUyc-qWD73c JNdkSc\">\n<div class=\"JNdkSc-SmKAyb\">\n<div class=\"\">\n<div class=\"oKdM2c Kzv0Me\">\n<div id=\"h.p_ID_68\" class=\"hJDwNd-AhqUyc-ibL1re purZT-AhqUyc-II5mzb pSzOP-AhqUyc-qWD73c jXK9ad D2fZ2 OjCsFc wHaque GNzUNc\">\n<div class=\"jXK9ad-SmKAyb\">\n<div class=\"tyJCtd mGzaTb baZpAe\">\n<p id=\"h.p_ID_76\" class=\"zfr3Q\">La <strong>Torre Sena<\/strong> \u00e9s la mascota que entre tots els nens i nenes de l&#8217;escola hem escollit per a la nostra Setmana Cultural dedicada als Castells, ha estat dissenyada per l&#8217;alumna <strong>ESTHER CANO TORRES<\/strong>, de 6\u00e8 B.<\/p>\n<\/div>\n<\/div>\n<\/div>\n<\/div>\n<\/div>\n<\/div>\n<\/div>\n<div class=\"hJDwNd-AhqUyc-R6PoUb JNdkSc L6cTce-purZT L6cTce-pSzOP\">\n<div class=\"JNdkSc-SmKAyb\">\n<div class=\"\"><\/div>\n<\/div>\n<\/div>\n<div class=\"hJDwNd-AhqUyc-qWD73c purZT-AhqUyc-II5mzb pSzOP-AhqUyc-qWD73c JNdkSc\">\n<div class=\"JNdkSc-SmKAyb\">\n<div class=\"\">\n<div class=\"oKdM2c Kzv0Me\">\n<div id=\"h.p_ID_87\" class=\"hJDwNd-AhqUyc-qWD73c jXK9ad D2fZ2 OjCsFc wHaque GNzUNc\">\n<div class=\"jXK9ad-SmKAyb\">\n<div class=\"tyJCtd mGzaTb baZpAe\"><\/div>\n<\/div>\n<\/div>\n<\/div>\n<\/div>\n<\/div>\n<\/div>\n<\/div>\n<\/div>\n<\/section>\n<section id=\"h.p_ID_101\" class=\"yaqOZd\">\n<div class=\"yaqOZd IFuOkc\"><\/div>\n<div class=\"mYVXT\">\n<div class=\"LS81yb VICjCf\" tabindex=\"-1\">\n<div class=\"hJDwNd-AhqUyc-uQSCkd purZT-AhqUyc-II5mzb pSzOP-AhqUyc-qWD73c JNdkSc\">\n<div class=\"JNdkSc-SmKAyb\">\n<div class=\"\">\n<div class=\"oKdM2c Kzv0Me\">\n<div id=\"h.p_ID_107\" class=\"hJDwNd-AhqUyc-uQSCkd jXK9ad D2fZ2 OjCsFc wHaque GNzUNc\">\n<div class=\"jXK9ad-SmKAyb\">\n<div class=\"tyJCtd mGzaTb baZpAe\">\n<p id=\"h.p_ID_115\" class=\"zfr3Q\"><strong>ACTIVITATS<\/strong><\/p>\n<p id=\"h.p_ID_117\" class=\"zfr3Q\">\u00a7 Inauguraci\u00f3 de la Setmana Cultural a c\u00e0rrec dels alumnes de 6\u00e8.<\/p>\n<p id=\"h.p_ID_119\" class=\"zfr3Q\">\u00a7 Decoraci\u00f3 i ambientaci\u00f3 de l\u2019escola.<\/p>\n<p id=\"h.p_ID_121\" class=\"zfr3Q\">\u00a7 Exposici\u00f3 de fotografies i castells fets pels nens i nenes i les seves fam\u00edlies.<\/p>\n<p id=\"h.p_ID_123\" class=\"zfr3Q\">\u00a7 Petita mostra d\u2019oficis i artesans amb la desinteressada col\u00b7laboraci\u00f3 de: Elisabeth Alba, Montserrat Arimany, Juan Manuel Becerra, Eulalia G\u00f3mez, Isabel Jord\u00e1n i Cristina Toma.<\/p>\n<p id=\"h.p_ID_125\" class=\"zfr3Q\">\u00a7 Xerrada d\u2019Armand de Fluvi\u00e0 sobre her\u00e0ldica per als alumnes de cicle superior.<\/p>\n<p id=\"h.p_ID_127\" class=\"zfr3Q\">\u00a7 Conte de castells i cavallers a parvulari, a c\u00e0rrec de Maria Silvestre.<\/p>\n<p id=\"h.p_ID_129\" class=\"zfr3Q\">\u00a7 Parvulari visitar\u00e0 el castell \u2013 cartoixa de Vallparad\u00eds de Terrassa.<\/p>\n<p id=\"h.p_ID_131\" class=\"zfr3Q\">\u00a7 Cicle inicial visitar\u00e0 el castell d\u2019Hostalric.<\/p>\n<p id=\"h.p_ID_133\" class=\"zfr3Q\">\u00a7 Cicle mitj\u00e0 visitar\u00e0 el castell i les mines de sal de Cardona.<\/p>\n<p id=\"h.p_ID_135\" class=\"zfr3Q\">\u00a7 Cicle superior visitar\u00e0 el castell de La Pobla de Claramunt.<\/p>\n<p id=\"h.p_ID_137\" class=\"zfr3Q\">\u00a7 Tallers a c\u00e0rrec dels mestres de l\u2019escola: escuts, barrets, vestits, dansa i m\u00fasica medieval, escacs, xapes, retallables, vitrall, quadre, teatre, cuina medieval, castells, escriptura.<\/p>\n<p id=\"h.p_ID_139\" class=\"zfr3Q\">\u00a7 Passi de pel\u00b7l\u00edcules i documentals.<\/p>\n<p id=\"h.p_ID_141\" class=\"zfr3Q\">\u00a7 Monogr\u00e0fic els castells i l\u2019Edat Mitjana.<\/p>\n<p id=\"h.p_ID_143\" class=\"zfr3Q\">\u00a7 Edici\u00f3 d\u2019una revista.<\/p>\n<\/div>\n<\/div>\n<\/div>\n<\/div>\n<\/div>\n<\/div>\n<\/div>\n<\/div>\n<\/div>\n<\/section>\n<section id=\"h.p_ID_147\" class=\"yaqOZd\">\n<div class=\"yaqOZd IFuOkc\"><\/div>\n<div class=\"mYVXT\">\n<div class=\"LS81yb VICjCf\" tabindex=\"-1\">\n<div class=\"hJDwNd-AhqUyc-c5RTEf JNdkSc L6cTce-purZT L6cTce-pSzOP\">\n<div class=\"JNdkSc-SmKAyb\">\n<div class=\"\"><\/div>\n<\/div>\n<\/div>\n<div class=\"hJDwNd-AhqUyc-qWD73c purZT-AhqUyc-II5mzb pSzOP-AhqUyc-qWD73c JNdkSc\">\n<div class=\"JNdkSc-SmKAyb\">\n<div class=\"\">\n<div class=\"oKdM2c Kzv0Me\">\n<div id=\"h.p_ID_153\" class=\"hJDwNd-AhqUyc-qWD73c jXK9ad D2fZ2 OjCsFc wHaque\">\n<div class=\"jXK9ad-SmKAyb\">\n<div class=\"tyJCtd OWlOyc baZpAe\">\n<div>\n<div class=\"WIdY2d M1aSXe\">\n<div><\/div>\n<\/div>\n<\/div>\n<\/div>\n<\/div>\n<\/div>\n<\/div>\n<\/div>\n<\/div>\n<\/div>\n<\/div>\n<\/div>\n<\/section>\n","protected":false},"excerpt":{"rendered":"<p>ELS CASTELLS<\/p>\n<p>El cavaller enamorat<br \/>\nS\u00f3c un cavaller de ferro,<br \/>\nde ferro,<br \/>\ncoure i llaut\u00f3,<br \/>\nper\u00f2 tinc el cor de nata,<br \/>\nde nata, mel i cot\u00f3,<br \/>\ni avui et porto una rosa,<br \/>\nuna rosa<br \/>\ni un pet\u00f3!<br \/>\nMuac!<br \/>\nMontse Ginesta<\/p>\n<p>La Torre Sena \u00e9s la mascota que entre tots els nens i nenes de l&#8217;escola hem escollit&hellip;  <a href=\"https:\/\/agora.xtec.cat\/ceip-amadeuvives\/projectes\/setmana-cultural\/sc-2011-12\/\" title=\"Read SC 2011-12\">Llegeix m\u00e9s\u00bb<\/a><\/p>\n","protected":false},"author":1,"featured_media":0,"parent":596,"menu_order":0,"comment_status":"closed","ping_status":"closed","template":"page-templates\/side-menu.php","meta":{"_bbp_topic_count":0,"_bbp_reply_count":0,"_bbp_total_topic_count":0,"_bbp_total_reply_count":0,"_bbp_voice_count":0,"_bbp_anonymous_reply_count":0,"_bbp_topic_count_hidden":0,"_bbp_reply_count_hidden":0,"_bbp_forum_subforum_count":0,"footnotes":""},"class_list":["post-645","page","type-page","status-publish","hentry"],"post_mailing_queue_ids":[],"_links":{"self":[{"href":"https:\/\/agora.xtec.cat\/ceip-amadeuvives\/wp-json\/wp\/v2\/pages\/645","targetHints":{"allow":["GET"]}}],"collection":[{"href":"https:\/\/agora.xtec.cat\/ceip-amadeuvives\/wp-json\/wp\/v2\/pages"}],"about":[{"href":"https:\/\/agora.xtec.cat\/ceip-amadeuvives\/wp-json\/wp\/v2\/types\/page"}],"author":[{"embeddable":true,"href":"https:\/\/agora.xtec.cat\/ceip-amadeuvives\/wp-json\/wp\/v2\/users\/1"}],"replies":[{"embeddable":true,"href":"https:\/\/agora.xtec.cat\/ceip-amadeuvives\/wp-json\/wp\/v2\/comments?post=645"}],"version-history":[{"count":3,"href":"https:\/\/agora.xtec.cat\/ceip-amadeuvives\/wp-json\/wp\/v2\/pages\/645\/revisions"}],"predecessor-version":[{"id":652,"href":"https:\/\/agora.xtec.cat\/ceip-amadeuvives\/wp-json\/wp\/v2\/pages\/645\/revisions\/652"}],"up":[{"embeddable":true,"href":"https:\/\/agora.xtec.cat\/ceip-amadeuvives\/wp-json\/wp\/v2\/pages\/596"}],"wp:attachment":[{"href":"https:\/\/agora.xtec.cat\/ceip-amadeuvives\/wp-json\/wp\/v2\/media?parent=645"}],"curies":[{"name":"wp","href":"https:\/\/api.w.org\/{rel}","templated":true}]}}