{"id":618,"date":"2020-04-16T11:02:29","date_gmt":"2020-04-16T09:02:29","guid":{"rendered":"https:\/\/agora.xtec.cat\/ceip-amadeuvives\/?page_id=618"},"modified":"2020-04-16T11:24:38","modified_gmt":"2020-04-16T09:24:38","slug":"sc-2018-19","status":"publish","type":"page","link":"https:\/\/agora.xtec.cat\/ceip-amadeuvives\/projectes\/setmana-cultural\/sc-2018-19\/","title":{"rendered":"SC 2018-19"},"content":{"rendered":"<h3 style=\"text-align: center;\"><strong>VIDEOJOCS<\/strong><\/h3>\n<div class=\"oKdM2c\">\n<div id=\"h.p_Ta2r3T_uMYvZ\" class=\"hJDwNd-AhqUyc-qWD73c jXK9ad D2fZ2 wHaque GNzUNc\">\n<div class=\"jXK9ad-SmKAyb\">\n<div class=\"tyJCtd mGzaTb baZpAe\">\n<p id=\"h.p_NmES7cHdMYv6\" class=\"zfr3Q\" style=\"text-align: justify;\">Se\u2019n parla molt dels <strong>videojocs<\/strong>: agraden molt a infants i adolescents; pares, mares i mestres no ho acaben de veure clar. Per\u00f2 podem tenir, i tamb\u00e9 proposar, una visi\u00f3 diferent. Us convidem a donar una mirada cr\u00edtica del seu contingut i reflexionar sobre l\u2019\u00fas que tenen a casa, o poden tenir a l\u2019aula.<\/p>\n<p><a href=\"https:\/\/agora.xtec.cat\/ceip-amadeuvives\/wp-content\/uploads\/usu2142\/2020\/04\/videojocs.png\"><img loading=\"lazy\" decoding=\"async\" class=\"wp-image-619 aligncenter\" src=\"https:\/\/agora.xtec.cat\/ceip-amadeuvives\/wp-content\/uploads\/usu2142\/2020\/04\/videojocs.png\" alt=\"\" width=\"656\" height=\"460\" srcset=\"https:\/\/agora.xtec.cat\/ceip-amadeuvives\/wp-content\/uploads\/usu2142\/2020\/04\/videojocs.png 766w, https:\/\/agora.xtec.cat\/ceip-amadeuvives\/wp-content\/uploads\/usu2142\/2020\/04\/videojocs-300x210.png 300w\" sizes=\"auto, (max-width: 656px) 100vw, 656px\" \/><\/a><\/p>\n<\/div>\n<p>&nbsp;<\/p>\n<section id=\"h.p_VWZ2OpcUM_IO\" class=\"yaqOZd\">\n<div class=\"mYVXT\">\n<div class=\"LS81yb VICjCf\" tabindex=\"-1\">\n<div class=\"hJDwNd-AhqUyc-uQSCkd purZT-AhqUyc-II5mzb pSzOP-AhqUyc-qWD73c JNdkSc yYI8W \">\n<div class=\"JNdkSc-SmKAyb\">\n<div class=\"\">\n<div class=\"oKdM2c Kzv0Me\">\n<div id=\"h.p_4iwj9LPkM_Id\" class=\"hJDwNd-AhqUyc-uQSCkd jXK9ad D2fZ2 OjCsFc GNzUNc\">\n<div class=\"jXK9ad-SmKAyb\">\n<div class=\"tyJCtd mGzaTb baZpAe\">\n<p id=\"h.p_5VSt5nNFM_I1\" class=\"zfr3Q\" style=\"text-align: center;\"><em><strong>Aqu\u00ed tenim la Dampeach, la mascota que ha resultat guanyadora i <\/strong><\/em><\/p>\n<p id=\"h.p_xTeClmRsODPV\" class=\"zfr3Q\" style=\"text-align: center;\"><em><strong>representa la Setmana Cultural de l&#8217;Amadeu Vives 2019.<\/strong><\/em><\/p>\n<\/div>\n<p>&nbsp;<\/p>\n<\/div>\n<\/div>\n<\/div>\n<div class=\"oKdM2c\">\n<div id=\"h.p_K8dSzWaVM_JR\" class=\"hJDwNd-AhqUyc-uQSCkd jXK9ad D2fZ2 wHaque\">\n<div class=\"jXK9ad-SmKAyb\">\n<div class=\"tyJCtd baZpAe\">\n<div class=\"t3iYD\"><img loading=\"lazy\" decoding=\"async\" class=\"aligncenter\" src=\"https:\/\/lh5.googleusercontent.com\/PaBeodlNI0_YHDHqqlDLNXhefNM3bY_z3-7vvhaZjgSFQ6Va9PLykCYYYVmGcMAjLnxWnfIDxZyh_tlKB-dtEkw6ldhYEyQda6IgKVUA9W0qLrwcMo8=w1280\" width=\"309\" height=\"399\" \/><\/div>\n<div><\/div>\n<\/div>\n<div><\/div>\n<\/div>\n<div style=\"text-align: left;\"><strong>CONSIGNES CARNESTOLTES&#8230;<\/strong><\/div>\n<div class=\"jXK9ad-SmKAyb\">\n<div class=\"tyJCtd baZpAe\">\n<div><\/div>\n<div><img loading=\"lazy\" decoding=\"async\" class=\"alignleft\" src=\"https:\/\/lh6.googleusercontent.com\/lv_8HuxhZKDEmkbV5Y1vNH8nb3S_racdBb6zciaOiYTLRwOI_S5m1EQ53Kw1tYdnoS-SQpMGCRU8ud3nR0r1Dhxip7q7l1GEWMFCqCFNCTckECvOTDuA=w1280\" width=\"375\" height=\"352\" \/><\/div>\n<\/div>\n<div><\/div>\n<div class=\"tyJCtd baZpAe\">\n<div><\/div>\n<\/div>\n<\/div>\n<\/div>\n<div style=\"text-align: center;\"><\/div>\n<div><\/div>\n<div><\/div>\n<div style=\"text-align: center;\"><\/div>\n<div><\/div>\n<div><\/div>\n<div><\/div>\n<div style=\"text-align: right;\"><strong>IMATGES&#8230;<\/strong><\/div>\n<div style=\"text-align: right;\"><\/div>\n<div id=\"h.p_K8dSzWaVM_JR\" class=\"hJDwNd-AhqUyc-uQSCkd jXK9ad D2fZ2 wHaque\" style=\"text-align: right;\">\n<div class=\"jXK9ad-SmKAyb\">\n<div class=\"tyJCtd baZpAe\">\n<div><\/div>\n<\/div>\n<\/div>\n<\/div>\n<div style=\"text-align: right;\">\n<table class=\" alignright\" style=\"width: 366px;\">\n<tbody>\n<tr>\n<td style=\"width: 20px;\"><\/td>\n<td style=\"width: 326px;\">\n<section id=\"h.p_OM-JLZxaPDgn\" class=\"yaqOZd\">\n<div class=\"mYVXT\">\n<div class=\"LS81yb VICjCf\" tabindex=\"-1\">\n<div class=\"hJDwNd-AhqUyc-wNfPc purZT-AhqUyc-II5mzb pSzOP-AhqUyc-wNfPc JNdkSc yYI8W \">\n<div class=\"JNdkSc-SmKAyb\">\n<div class=\"\">\n<div class=\"oKdM2c\">\n<div style=\"text-align: center;\"><\/div>\n<\/div>\n<\/div>\n<\/div>\n<\/div>\n<\/div>\n<\/div>\n<\/section>\n<div class=\"tyJCtd mGzaTb baZpAe\">\n<section id=\"h.p_VWZ2OpcUM_IO\" class=\"yaqOZd\">\n<div class=\"mYVXT\">\n<div class=\"LS81yb VICjCf\" tabindex=\"-1\">\n<div class=\"hJDwNd-AhqUyc-uQSCkd purZT-AhqUyc-II5mzb pSzOP-AhqUyc-qWD73c JNdkSc yYI8W \">\n<div class=\"JNdkSc-SmKAyb\">\n<div class=\"\">\n<div class=\"oKdM2c\">\n<div><\/div>\n<\/div>\n<\/div>\n<\/div>\n<\/div>\n<\/div>\n<\/div>\n<\/section>\n<section id=\"h.p_OM-JLZxaPDgn\" class=\"yaqOZd\">\n<div class=\"yaqOZd IFuOkc\"><\/div>\n<div class=\"mYVXT\">\n<div class=\"LS81yb VICjCf\" tabindex=\"-1\">\n<div class=\"hJDwNd-AhqUyc-qWD73c purZT-AhqUyc-II5mzb pSzOP-AhqUyc-qWD73c JNdkSc\">\n<div class=\"JNdkSc-SmKAyb\">\n<div class=\"\">\n<div class=\"oKdM2c Kzv0Me\">\n<div id=\"h.p_wUuufMjwPDgt\" class=\"hJDwNd-AhqUyc-qWD73c jXK9ad D2fZ2 OjCsFc wHaque\">\n<div class=\"jXK9ad-SmKAyb\">\n<div class=\"tyJCtd OWlOyc baZpAe\">\n<div>\n<div class=\"WIdY2d M1aSXe\" style=\"text-align: center;\" data-embed-doc-id=\"1_tGJopf10hwsVmWQA8oY9-RYEp90u0QhjGPiAxBB6B4\" data-embed-open-url=\"https:\/\/docs.google.com\/presentation\/d\/1_tGJopf10hwsVmWQA8oY9-RYEp90u0QhjGPiAxBB6B4\/present\" data-embed-thumbnail-url=\"https:\/\/drive.google.com\/thumbnail?authuser=0&amp;id=1_tGJopf10hwsVmWQA8oY9-RYEp90u0QhjGPiAxBB6B4&amp;sz=w715-h380-p-k-nu\">\n<div class=\"t5qrWd\"><\/div>\n<p><iframe class=\"YMEQtf L6cTce-purZT L6cTce-pSzOP KfXz0b\" src=\"https:\/\/docs.google.com\/presentation\/d\/1_tGJopf10hwsVmWQA8oY9-RYEp90u0QhjGPiAxBB6B4\/embed?authuser=0&amp;start=true\" frameborder=\"0\" sandbox=\"allow-scripts allow-popups allow-forms allow-same-origin allow-popups-to-escape-sandbox\" allowfullscreen=\"allowfullscreen\" aria-label=\"Presentation, presentaci\u00f3 decoraci\u00f3.pptm\" data-mce-fragment=\"1\"><\/iframe><\/p>\n<\/div>\n<\/div>\n<\/div>\n<\/div>\n<\/div>\n<\/div>\n<\/div>\n<\/div>\n<\/div>\n<div class=\"hJDwNd-AhqUyc-R6PoUb JNdkSc L6cTce-purZT L6cTce-pSzOP\">\n<div class=\"JNdkSc-SmKAyb\">\n<div class=\"\" style=\"text-align: center;\"><\/div>\n<\/div>\n<\/div>\n<\/div>\n<\/div>\n<\/section>\n<\/div>\n<\/td>\n<td style=\"width: 20px;\">\n<div class=\"mYVXT\">\n<div class=\"LS81yb VICjCf\" tabindex=\"-1\">\n<div class=\"hJDwNd-AhqUyc-wNfPc purZT-AhqUyc-II5mzb pSzOP-AhqUyc-wNfPc JNdkSc yYI8W \">\n<div class=\"JNdkSc-SmKAyb\">\n<div class=\"\">\n<div class=\"oKdM2c\">\n<div style=\"text-align: center;\"><\/div>\n<\/div>\n<\/div>\n<\/div>\n<\/div>\n<\/div>\n<\/div>\n<\/td>\n<\/tr>\n<\/tbody>\n<\/table>\n<\/div>\n<\/div>\n<\/div>\n<\/div>\n<\/div>\n<\/div>\n<\/div>\n<\/section>\n<section id=\"h.p_OM-JLZxaPDgn\" class=\"yaqOZd\">\n<div class=\"yaqOZd IFuOkc\"><\/div>\n<div class=\"mYVXT\">\n<div class=\"LS81yb VICjCf\" tabindex=\"-1\">\n<div class=\"hJDwNd-AhqUyc-qWD73c purZT-AhqUyc-II5mzb pSzOP-AhqUyc-qWD73c JNdkSc\">\n<div class=\"JNdkSc-SmKAyb\">\n<div class=\"\">\n<div class=\"oKdM2c Kzv0Me\">\n<div id=\"h.p_wUuufMjwPDgt\" class=\"hJDwNd-AhqUyc-qWD73c jXK9ad D2fZ2 OjCsFc wHaque\">\n<div class=\"jXK9ad-SmKAyb\">\n<div class=\"tyJCtd OWlOyc baZpAe\">\n<div>\n<div class=\"WIdY2d M1aSXe\" style=\"text-align: center;\" data-embed-doc-id=\"1_tGJopf10hwsVmWQA8oY9-RYEp90u0QhjGPiAxBB6B4\" data-embed-open-url=\"https:\/\/docs.google.com\/presentation\/d\/1_tGJopf10hwsVmWQA8oY9-RYEp90u0QhjGPiAxBB6B4\/present\" data-embed-thumbnail-url=\"https:\/\/drive.google.com\/thumbnail?authuser=0&amp;id=1_tGJopf10hwsVmWQA8oY9-RYEp90u0QhjGPiAxBB6B4&amp;sz=w715-h380-p-k-nu\">\n<p>&nbsp;<\/p>\n<\/div>\n<\/div>\n<\/div>\n<\/div>\n<\/div>\n<\/div>\n<\/div>\n<\/div>\n<\/div>\n<div class=\"hJDwNd-AhqUyc-wNfPc purZT-AhqUyc-II5mzb pSzOP-AhqUyc-wNfPc JNdkSc yYI8W \">\n<div class=\"JNdkSc-SmKAyb\">\n<div class=\"\">\n<div class=\"oKdM2c Kzv0Me\">\n<div id=\"h.p_tSScmfc_PDg4\" class=\"hJDwNd-AhqUyc-wNfPc pSzOP-AhqUyc-wNfPc jXK9ad D2fZ2 OjCsFc GNzUNc\">\n<div class=\"jXK9ad-SmKAyb\">\n<div class=\"tyJCtd mGzaTb baZpAe\">\n<p id=\"h.p_Nny76IhqPDhH\" class=\"zfr3Q\" style=\"text-align: center;\">\n<\/div>\n<\/div>\n<\/div>\n<\/div>\n<div class=\"oKdM2c\">\n<div id=\"h.p_1-Iy0NYTPDhK\" class=\"hJDwNd-AhqUyc-wNfPc pSzOP-AhqUyc-wNfPc jXK9ad D2fZ2 wHaque\">\n<div class=\"jXK9ad-SmKAyb\">\n<div class=\"tyJCtd baZpAe\">\n<div class=\"t3iYD\"><\/div>\n<\/div>\n<div><\/div>\n<\/div>\n<\/div>\n<\/div>\n<\/div>\n<\/div>\n<\/div>\n<\/div>\n<\/div>\n<\/section>\n<div class=\"tyJCtd mGzaTb baZpAe\">\n<section id=\"h.p_OM-JLZxaPDgn\" class=\"yaqOZd\">\n<div class=\"mYVXT\">\n<div class=\"LS81yb VICjCf\" tabindex=\"-1\">\n<div class=\"hJDwNd-AhqUyc-R6PoUb JNdkSc L6cTce-purZT L6cTce-pSzOP\" style=\"text-align: right;\">\n<div class=\"JNdkSc-SmKAyb\">\n<div class=\"\"><\/div>\n<\/div>\n<\/div>\n<div class=\"hJDwNd-AhqUyc-wNfPc purZT-AhqUyc-II5mzb pSzOP-AhqUyc-wNfPc JNdkSc yYI8W \">\n<div class=\"JNdkSc-SmKAyb\">\n<div class=\"\">\n<div class=\"oKdM2c Kzv0Me\">\n<div id=\"h.p_tSScmfc_PDg4\" class=\"hJDwNd-AhqUyc-wNfPc pSzOP-AhqUyc-wNfPc jXK9ad D2fZ2 OjCsFc GNzUNc\">\n<div class=\"jXK9ad-SmKAyb\">\n<div class=\"tyJCtd mGzaTb baZpAe\">\n<p id=\"h.p_Nny76IhqPDhH\" class=\"zfr3Q\" style=\"text-align: right;\">\n<\/div>\n<\/div>\n<\/div>\n<\/div>\n<\/div>\n<\/div>\n<\/div>\n<\/div>\n<\/div>\n<\/section>\n<\/div>\n<\/div>\n<\/div>\n<\/div>\n","protected":false},"excerpt":{"rendered":"<p>VIDEOJOCS<\/p>\n<p>Se\u2019n parla molt dels videojocs: agraden molt a infants i adolescents; pares, mares i mestres no ho acaben de veure clar. Per\u00f2 podem tenir, i tamb\u00e9 proposar, una visi\u00f3 diferent. Us convidem a donar una mirada cr\u00edtica del seu contingut i reflexionar sobre l\u2019\u00fas que&hellip;  <a href=\"https:\/\/agora.xtec.cat\/ceip-amadeuvives\/projectes\/setmana-cultural\/sc-2018-19\/\" title=\"Read SC 2018-19\">Llegeix m\u00e9s\u00bb<\/a><\/p>\n","protected":false},"author":1,"featured_media":0,"parent":596,"menu_order":0,"comment_status":"closed","ping_status":"closed","template":"page-templates\/side-menu.php","meta":{"_bbp_topic_count":0,"_bbp_reply_count":0,"_bbp_total_topic_count":0,"_bbp_total_reply_count":0,"_bbp_voice_count":0,"_bbp_anonymous_reply_count":0,"_bbp_topic_count_hidden":0,"_bbp_reply_count_hidden":0,"_bbp_forum_subforum_count":0,"footnotes":""},"class_list":["post-618","page","type-page","status-publish","hentry"],"post_mailing_queue_ids":[],"_links":{"self":[{"href":"https:\/\/agora.xtec.cat\/ceip-amadeuvives\/wp-json\/wp\/v2\/pages\/618","targetHints":{"allow":["GET"]}}],"collection":[{"href":"https:\/\/agora.xtec.cat\/ceip-amadeuvives\/wp-json\/wp\/v2\/pages"}],"about":[{"href":"https:\/\/agora.xtec.cat\/ceip-amadeuvives\/wp-json\/wp\/v2\/types\/page"}],"author":[{"embeddable":true,"href":"https:\/\/agora.xtec.cat\/ceip-amadeuvives\/wp-json\/wp\/v2\/users\/1"}],"replies":[{"embeddable":true,"href":"https:\/\/agora.xtec.cat\/ceip-amadeuvives\/wp-json\/wp\/v2\/comments?post=618"}],"version-history":[{"count":3,"href":"https:\/\/agora.xtec.cat\/ceip-amadeuvives\/wp-json\/wp\/v2\/pages\/618\/revisions"}],"predecessor-version":[{"id":638,"href":"https:\/\/agora.xtec.cat\/ceip-amadeuvives\/wp-json\/wp\/v2\/pages\/618\/revisions\/638"}],"up":[{"embeddable":true,"href":"https:\/\/agora.xtec.cat\/ceip-amadeuvives\/wp-json\/wp\/v2\/pages\/596"}],"wp:attachment":[{"href":"https:\/\/agora.xtec.cat\/ceip-amadeuvives\/wp-json\/wp\/v2\/media?parent=618"}],"curies":[{"name":"wp","href":"https:\/\/api.w.org\/{rel}","templated":true}]}}