{"id":596,"date":"2020-04-15T20:11:09","date_gmt":"2020-04-15T18:11:09","guid":{"rendered":"https:\/\/agora.xtec.cat\/ceip-amadeuvives\/?page_id=596"},"modified":"2020-04-15T20:19:56","modified_gmt":"2020-04-15T18:19:56","slug":"setmana-cultural","status":"publish","type":"page","link":"https:\/\/agora.xtec.cat\/ceip-amadeuvives\/projectes\/setmana-cultural\/","title":{"rendered":"Setmana Cultural"},"content":{"rendered":"<p style=\"text-align: justify;\">Des del curs 2000-2001, el centre dedica una setmana a un <strong>tema monogr\u00e0fic<\/strong> a partir del qual s&#8217;organitzen activitats, exposicions, confer\u00e8ncies, etc. En definitiva, es pret\u00e9n un treball transversal i globalitzat a partir del tema escollit. Com tot \u00e9s q\u00fcesti\u00f3 de renovaci\u00f3, es veur\u00e0 que amb el pas dels anys i l&#8217;experi\u00e8ncia consolidada s&#8217;han anat millorant les t\u00e8cniques, activitats&#8230;<\/p>\n<p><img loading=\"lazy\" decoding=\"async\" class=\"aligncenter\" src=\"https:\/\/lh4.googleusercontent.com\/CXyYUArm2xA_kyV_9_-tKy69TOEhSEdiIvuGyRguqA3rQzlXG_Gs6yksX8MkJtmRwPzdhNg=w1280\" width=\"173\" height=\"173\" \/><\/p>\n<p>&nbsp;<\/p>\n<p>&nbsp;<\/p>\n","protected":false},"excerpt":{"rendered":"<p>Des del curs 2000-2001, el centre dedica una setmana a un tema monogr\u00e0fic a partir del qual s&#8217;organitzen activitats, exposicions, confer\u00e8ncies, etc. En definitiva, es pret\u00e9n un treball transversal i globalitzat a partir del tema escollit. Com tot \u00e9s q\u00fcesti\u00f3 de renovaci\u00f3, es veur\u00e0 que&hellip;  <a href=\"https:\/\/agora.xtec.cat\/ceip-amadeuvives\/projectes\/setmana-cultural\/\" title=\"Read Setmana Cultural\">Llegeix m\u00e9s\u00bb<\/a><\/p>\n","protected":false},"author":1,"featured_media":0,"parent":585,"menu_order":0,"comment_status":"closed","ping_status":"closed","template":"page-templates\/side-menu.php","meta":{"_bbp_topic_count":0,"_bbp_reply_count":0,"_bbp_total_topic_count":0,"_bbp_total_reply_count":0,"_bbp_voice_count":0,"_bbp_anonymous_reply_count":0,"_bbp_topic_count_hidden":0,"_bbp_reply_count_hidden":0,"_bbp_forum_subforum_count":0,"footnotes":""},"class_list":["post-596","page","type-page","status-publish","hentry"],"post_mailing_queue_ids":[],"_links":{"self":[{"href":"https:\/\/agora.xtec.cat\/ceip-amadeuvives\/wp-json\/wp\/v2\/pages\/596","targetHints":{"allow":["GET"]}}],"collection":[{"href":"https:\/\/agora.xtec.cat\/ceip-amadeuvives\/wp-json\/wp\/v2\/pages"}],"about":[{"href":"https:\/\/agora.xtec.cat\/ceip-amadeuvives\/wp-json\/wp\/v2\/types\/page"}],"author":[{"embeddable":true,"href":"https:\/\/agora.xtec.cat\/ceip-amadeuvives\/wp-json\/wp\/v2\/users\/1"}],"replies":[{"embeddable":true,"href":"https:\/\/agora.xtec.cat\/ceip-amadeuvives\/wp-json\/wp\/v2\/comments?post=596"}],"version-history":[{"count":2,"href":"https:\/\/agora.xtec.cat\/ceip-amadeuvives\/wp-json\/wp\/v2\/pages\/596\/revisions"}],"predecessor-version":[{"id":609,"href":"https:\/\/agora.xtec.cat\/ceip-amadeuvives\/wp-json\/wp\/v2\/pages\/596\/revisions\/609"}],"up":[{"embeddable":true,"href":"https:\/\/agora.xtec.cat\/ceip-amadeuvives\/wp-json\/wp\/v2\/pages\/585"}],"wp:attachment":[{"href":"https:\/\/agora.xtec.cat\/ceip-amadeuvives\/wp-json\/wp\/v2\/media?parent=596"}],"curies":[{"name":"wp","href":"https:\/\/api.w.org\/{rel}","templated":true}]}}