{"id":498,"date":"2020-04-07T13:35:14","date_gmt":"2020-04-07T11:35:14","guid":{"rendered":"https:\/\/agora.xtec.cat\/ceip-amadeuvives\/?page_id=498"},"modified":"2021-09-29T16:06:16","modified_gmt":"2021-09-29T14:06:16","slug":"serveis","status":"publish","type":"page","link":"https:\/\/agora.xtec.cat\/ceip-amadeuvives\/lescola\/serveis\/","title":{"rendered":"Serveis"},"content":{"rendered":"<section id=\"h.p_ID_18\" class=\"yaqOZd\">\n<div class=\"mYVXT\">\n<div class=\"LS81yb VICjCf\" tabindex=\"-1\">\n<div class=\"hJDwNd-AhqUyc-OiUrBf purZT-AhqUyc-II5mzb pSzOP-AhqUyc-qWD73c JNdkSc\">\n<div class=\"JNdkSc-SmKAyb\">\n<div class=\"\">\n<div class=\"oKdM2c Kzv0Me\">\n<div id=\"h.p_ID_30\" class=\"hJDwNd-AhqUyc-OiUrBf jXK9ad D2fZ2 OjCsFc wHaque GNzUNc\">\n<div class=\"jXK9ad-SmKAyb\">\n<div class=\"tyJCtd mGzaTb baZpAe\">\n<p id=\"h.p_ID_38\" class=\"zfr3Q\">L&#8217;escola ofereix el servei d&#8217;<em><strong>acollida matinal<\/strong><\/em> des de les 7.30h fins a les 9.00h i <em><strong>acollida de tarda<\/strong><\/em> entre les 16.10h i les 18.00h.<\/p>\n<p id=\"h.p_ID_40\" class=\"zfr3Q\">Tamb\u00e9 s&#8217;ofereix servei de <em><strong>menjador<\/strong><\/em> en la franja de 12.10h a 15.00h. Trobareu m\u00e9s informaci\u00f3 sobre el funcionament i els men\u00fas a la pestanya <a class=\"dhtgD aw5Odc\" href=\"https:\/\/sites.google.com\/a\/xtec.cat\/escola-amadeuvives\/menjador?authuser=0\"><em><strong>Menjador<\/strong><\/em><\/a>.<\/p>\n<\/div>\n<\/div>\n<\/div>\n<\/div>\n<\/div>\n<\/div>\n<\/div>\n<div class=\"hJDwNd-AhqUyc-ibL1re purZT-AhqUyc-ibL1re pSzOP-AhqUyc-ibL1re JNdkSc\">\n<div class=\"JNdkSc-SmKAyb\">\n<div class=\"\">\n<div class=\"oKdM2c Kzv0Me\">\n<div id=\"h.p_ID_72\" class=\"hJDwNd-AhqUyc-ibL1re purZT-AhqUyc-ibL1re pSzOP-AhqUyc-ibL1re jXK9ad D2fZ2 OjCsFc wHaque\">\n<div class=\"jXK9ad-SmKAyb\">\n<div class=\"tyJCtd baZpAe\">\n<div class=\"t3iYD\"><img decoding=\"async\" class=\"CENy8b aligncenter\" role=\"img\" src=\"https:\/\/lh4.googleusercontent.com\/Tn1eT3bU2bXArUocnk7tpKHvof7PZeyrudWv6Vb9i96qKEuVup2mUEaWu8XJZ0DmIZWIJhpHG67J4Sv1yqHDDABxj6mrPW6de4tCNKnQBFDV-_eS2hUd=w1280\" \/><\/div>\n<\/div>\n<\/div>\n<\/div>\n<\/div>\n<\/div>\n<\/div>\n<\/div>\n<\/div>\n<\/div>\n<\/section>\n<section id=\"h.p_ID_74\" class=\"yaqOZd\">\n<div class=\"yaqOZd IFuOkc\"><\/div>\n<div class=\"mYVXT\">\n<div class=\"LS81yb VICjCf\" tabindex=\"-1\">\n<div class=\"hJDwNd-AhqUyc-uQSCkd purZT-AhqUyc-II5mzb pSzOP-AhqUyc-qWD73c JNdkSc\">\n<div class=\"JNdkSc-SmKAyb\">\n<div class=\"\">\n<div class=\"oKdM2c Kzv0Me\">\n<div id=\"h.p_ID_80\" class=\"hJDwNd-AhqUyc-uQSCkd jXK9ad D2fZ2 OjCsFc wHaque GNzUNc\">\n<div class=\"jXK9ad-SmKAyb\">\n<div class=\"tyJCtd mGzaTb baZpAe\">\n<p id=\"h.p_ID_88\" class=\"zfr3Q\">A m\u00e9s, el centre ofereix servei de <em><strong>Psicopedagogia<\/strong><\/em>, des de l&#8217;EAP, i de Logopedia, a trav\u00e9s del CREDAV, en els horaris que s&#8217;indiquen:<\/p>\n<p id=\"h.p_ID_90\" class=\"zfr3Q rB8cye\"><em><strong>\u00a0 \u00a0 \u00a0 \u00a0Atenci\u00f3 Psicopedag\u00f2gica (Bea A.)<\/strong>: Dilluns, 9.00h a 14.00h <\/em><\/p>\n<p id=\"h.p_ID_92\" class=\"zfr3Q rB8cye\"><em><strong>\u00a0 \u00a0 \u00a0 \u00a0Logopedia (Anna B.)<\/strong>: Atenci\u00f3 a l&#8217;alumnat concret<\/em><\/p>\n<\/div>\n<\/div>\n<\/div>\n<\/div>\n<\/div>\n<\/div>\n<\/div>\n<\/div>\n<\/div>\n<\/section>\n","protected":false},"excerpt":{"rendered":"<p>L&#8217;escola ofereix el servei d&#8217;acollida matinal des de les 7.30h fins a les 9.00h i acollida de tarda entre les 16.10h i les 18.00h.<br \/>\nTamb\u00e9 s&#8217;ofereix servei de menjador en la franja de 12.10h a 15.00h. Trobareu m\u00e9s informaci\u00f3 sobre el funcionament i els men\u00fas a&hellip;  <a href=\"https:\/\/agora.xtec.cat\/ceip-amadeuvives\/lescola\/serveis\/\" title=\"Read Serveis\">Llegeix m\u00e9s\u00bb<\/a><\/p>\n","protected":false},"author":1,"featured_media":0,"parent":22,"menu_order":0,"comment_status":"closed","ping_status":"closed","template":"","meta":{"_bbp_topic_count":0,"_bbp_reply_count":0,"_bbp_total_topic_count":0,"_bbp_total_reply_count":0,"_bbp_voice_count":0,"_bbp_anonymous_reply_count":0,"_bbp_topic_count_hidden":0,"_bbp_reply_count_hidden":0,"_bbp_forum_subforum_count":0,"footnotes":""},"class_list":["post-498","page","type-page","status-publish","hentry"],"post_mailing_queue_ids":[],"_links":{"self":[{"href":"https:\/\/agora.xtec.cat\/ceip-amadeuvives\/wp-json\/wp\/v2\/pages\/498","targetHints":{"allow":["GET"]}}],"collection":[{"href":"https:\/\/agora.xtec.cat\/ceip-amadeuvives\/wp-json\/wp\/v2\/pages"}],"about":[{"href":"https:\/\/agora.xtec.cat\/ceip-amadeuvives\/wp-json\/wp\/v2\/types\/page"}],"author":[{"embeddable":true,"href":"https:\/\/agora.xtec.cat\/ceip-amadeuvives\/wp-json\/wp\/v2\/users\/1"}],"replies":[{"embeddable":true,"href":"https:\/\/agora.xtec.cat\/ceip-amadeuvives\/wp-json\/wp\/v2\/comments?post=498"}],"version-history":[{"count":2,"href":"https:\/\/agora.xtec.cat\/ceip-amadeuvives\/wp-json\/wp\/v2\/pages\/498\/revisions"}],"predecessor-version":[{"id":1989,"href":"https:\/\/agora.xtec.cat\/ceip-amadeuvives\/wp-json\/wp\/v2\/pages\/498\/revisions\/1989"}],"up":[{"embeddable":true,"href":"https:\/\/agora.xtec.cat\/ceip-amadeuvives\/wp-json\/wp\/v2\/pages\/22"}],"wp:attachment":[{"href":"https:\/\/agora.xtec.cat\/ceip-amadeuvives\/wp-json\/wp\/v2\/media?parent=498"}],"curies":[{"name":"wp","href":"https:\/\/api.w.org\/{rel}","templated":true}]}}