{"id":1903,"date":"2025-01-29T13:12:48","date_gmt":"2025-01-29T12:12:48","guid":{"rendered":"https:\/\/agora.xtec.cat\/ceip-alexandregali-cornella\/?page_id=1903"},"modified":"2025-05-19T12:04:55","modified_gmt":"2025-05-19T10:04:55","slug":"espais-educacio-infantil","status":"publish","type":"page","link":"https:\/\/agora.xtec.cat\/ceip-alexandregali-cornella\/lescola\/instal%c2%b7lacions\/espais-educacio-infantil\/","title":{"rendered":"Espais educaci\u00f3 Infantil"},"content":{"rendered":"<p style=\"text-align: left;\"><strong>Aules d&#8217;Infantil<\/strong><\/p>\n<p><a href=\"https:\/\/agora.xtec.cat\/ceip-alexandregali-cornella\/wp-content\/uploads\/usu2940\/2025\/01\/AULA-INFANTIL-2.jpg\"><img loading=\"lazy\" decoding=\"async\" class=\"alignnone size-large wp-image-1773\" src=\"https:\/\/agora.xtec.cat\/ceip-alexandregali-cornella\/wp-content\/uploads\/usu2940\/2025\/01\/AULA-INFANTIL-2-1024x683.jpg\" alt=\"\" width=\"1024\" height=\"683\" srcset=\"https:\/\/agora.xtec.cat\/ceip-alexandregali-cornella\/wp-content\/uploads\/usu2940\/2025\/01\/AULA-INFANTIL-2-1024x683.jpg 1024w, https:\/\/agora.xtec.cat\/ceip-alexandregali-cornella\/wp-content\/uploads\/usu2940\/2025\/01\/AULA-INFANTIL-2-300x200.jpg 300w, https:\/\/agora.xtec.cat\/ceip-alexandregali-cornella\/wp-content\/uploads\/usu2940\/2025\/01\/AULA-INFANTIL-2-768x512.jpg 768w, https:\/\/agora.xtec.cat\/ceip-alexandregali-cornella\/wp-content\/uploads\/usu2940\/2025\/01\/AULA-INFANTIL-2-1536x1024.jpg 1536w, https:\/\/agora.xtec.cat\/ceip-alexandregali-cornella\/wp-content\/uploads\/usu2940\/2025\/01\/AULA-INFANTIL-2-2048x1366.jpg 2048w\" sizes=\"auto, (max-width: 1024px) 100vw, 1024px\" \/><\/a><\/p>\n<p style=\"text-align: justify;\">La nostra aula \u00e9s un <strong>espai innovador i motivador<\/strong>, dissenyat per fomentar la <strong>cooperaci\u00f3, la creativitat i l\u2019aprenentatge actiu<\/strong>. Amb <strong>taules de treball en grups<\/strong>, colors vius i recursos visuals atractius, creem un entorn que inspira als alumnes. Disposem de <strong>materials manipulatius, pissarra digital i jocs educatius<\/strong> per fer que cada activitat sigui una experi\u00e8ncia vivencial. L\u2019organitzaci\u00f3 de l\u2019aula afavoreix <strong>l\u2019autonomia i la seguretat<\/strong>, amb un espai ampli i acollidor. Apostem per <strong>l\u2019experimentaci\u00f3 i la descoberta<\/strong>, convertint l\u2019aprenentatge en una aventura que creix amb cada alumne. Vine a con\u00e8ixer-la!<\/p>\n<p><a href=\"https:\/\/agora.xtec.cat\/ceip-alexandregali-cornella\/wp-content\/uploads\/usu2940\/2025\/01\/AULA-INFANTIL.jpg\"><img loading=\"lazy\" decoding=\"async\" class=\"alignnone size-large wp-image-1774\" src=\"https:\/\/agora.xtec.cat\/ceip-alexandregali-cornella\/wp-content\/uploads\/usu2940\/2025\/01\/AULA-INFANTIL-1024x683.jpg\" alt=\"\" width=\"1024\" height=\"683\" srcset=\"https:\/\/agora.xtec.cat\/ceip-alexandregali-cornella\/wp-content\/uploads\/usu2940\/2025\/01\/AULA-INFANTIL-1024x683.jpg 1024w, https:\/\/agora.xtec.cat\/ceip-alexandregali-cornella\/wp-content\/uploads\/usu2940\/2025\/01\/AULA-INFANTIL-300x200.jpg 300w, https:\/\/agora.xtec.cat\/ceip-alexandregali-cornella\/wp-content\/uploads\/usu2940\/2025\/01\/AULA-INFANTIL-768x512.jpg 768w, https:\/\/agora.xtec.cat\/ceip-alexandregali-cornella\/wp-content\/uploads\/usu2940\/2025\/01\/AULA-INFANTIL-1536x1024.jpg 1536w, https:\/\/agora.xtec.cat\/ceip-alexandregali-cornella\/wp-content\/uploads\/usu2940\/2025\/01\/AULA-INFANTIL-2048x1366.jpg 2048w\" sizes=\"auto, (max-width: 1024px) 100vw, 1024px\" \/><\/a><\/p>\n<p>&nbsp;<\/p>\n<p style=\"text-align: center;\"><span style=\"text-decoration: underline;\"><strong>Biblioteca d&#8217;infantil<\/strong><\/span><\/p>\n<p><a href=\"https:\/\/agora.xtec.cat\/ceip-alexandregali-cornella\/wp-content\/uploads\/usu2940\/2025\/01\/BIBLIOTECA-scaled.jpg\"><img loading=\"lazy\" decoding=\"async\" class=\"alignnone size-large wp-image-1777\" src=\"https:\/\/agora.xtec.cat\/ceip-alexandregali-cornella\/wp-content\/uploads\/usu2940\/2025\/01\/BIBLIOTECA-1024x683.jpg\" alt=\"\" width=\"1024\" height=\"683\" srcset=\"https:\/\/agora.xtec.cat\/ceip-alexandregali-cornella\/wp-content\/uploads\/usu2940\/2025\/01\/BIBLIOTECA-1024x683.jpg 1024w, https:\/\/agora.xtec.cat\/ceip-alexandregali-cornella\/wp-content\/uploads\/usu2940\/2025\/01\/BIBLIOTECA-300x200.jpg 300w, https:\/\/agora.xtec.cat\/ceip-alexandregali-cornella\/wp-content\/uploads\/usu2940\/2025\/01\/BIBLIOTECA-768x512.jpg 768w, https:\/\/agora.xtec.cat\/ceip-alexandregali-cornella\/wp-content\/uploads\/usu2940\/2025\/01\/BIBLIOTECA-1536x1024.jpg 1536w, https:\/\/agora.xtec.cat\/ceip-alexandregali-cornella\/wp-content\/uploads\/usu2940\/2025\/01\/BIBLIOTECA-2048x1365.jpg 2048w\" sizes=\"auto, (max-width: 1024px) 100vw, 1024px\" \/><\/a><\/p>\n<p style=\"text-align: justify;\">La nostra <strong>biblioteca infantil<\/strong> \u00e9s un <strong>espai m\u00e0gic i acollidor<\/strong> on els m\u00e9s petits descobreixen el plaer de la lectura. Amb una <strong>selecci\u00f3 de llibres adaptats a cada nivell lector<\/strong>, racons plens de <strong>colors, coixins i ambient relaxat<\/strong>, convertim cada estona de lectura en una aventura. La decoraci\u00f3 inspira la imaginaci\u00f3, i l\u2019organitzaci\u00f3 permet que els infants <strong>explorin, tri\u00efn i gaudeixin<\/strong> dels contes de manera aut\u00f2noma. Un lloc ideal per fomentar l\u2019amor pels llibres i deixar volar la fantasia.<\/p>\n<p>&nbsp;<\/p>\n<p style=\"text-align: center;\"><span style=\"text-decoration: underline;\"><strong>Aula de joc simb\u00f2lic<\/strong><\/span><\/p>\n<p style=\"text-align: justify;\"><a href=\"https:\/\/agora.xtec.cat\/ceip-alexandregali-cornella\/wp-content\/uploads\/usu2940\/2025\/01\/LUDOTECA-2-scaled.jpg\"><img loading=\"lazy\" decoding=\"async\" class=\"alignnone size-large wp-image-1781\" src=\"https:\/\/agora.xtec.cat\/ceip-alexandregali-cornella\/wp-content\/uploads\/usu2940\/2025\/01\/LUDOTECA-2-1024x683.jpg\" alt=\"\" width=\"1024\" height=\"683\" srcset=\"https:\/\/agora.xtec.cat\/ceip-alexandregali-cornella\/wp-content\/uploads\/usu2940\/2025\/01\/LUDOTECA-2-1024x683.jpg 1024w, https:\/\/agora.xtec.cat\/ceip-alexandregali-cornella\/wp-content\/uploads\/usu2940\/2025\/01\/LUDOTECA-2-300x200.jpg 300w, https:\/\/agora.xtec.cat\/ceip-alexandregali-cornella\/wp-content\/uploads\/usu2940\/2025\/01\/LUDOTECA-2-768x512.jpg 768w, https:\/\/agora.xtec.cat\/ceip-alexandregali-cornella\/wp-content\/uploads\/usu2940\/2025\/01\/LUDOTECA-2-1536x1024.jpg 1536w, https:\/\/agora.xtec.cat\/ceip-alexandregali-cornella\/wp-content\/uploads\/usu2940\/2025\/01\/LUDOTECA-2-2048x1365.jpg 2048w\" sizes=\"auto, (max-width: 1024px) 100vw, 1024px\" \/><\/a><\/p>\n<p style=\"text-align: justify;\">A la nostra escola, el <strong>joc simb\u00f2lic<\/strong> \u00e9s una eina fonamental per al desenvolupament de l&#8217;infant. A trav\u00e9s d&#8217;escenaris com l&#8217;<strong>hospital, la cafeteria o altres racons tem\u00e0tics<\/strong>, l&#8217;alumnat explora el m\u00f3n que l&#8217;envolta, assumeix diferents rols i desenvolupa habilitats socials, comunicatives i emocionals. Aquest aprenentatge vivencial afavoreix la <strong>cooperaci\u00f3, la resoluci\u00f3 de problemes i la creativitat<\/strong>, tot en un entorn segur i estimulant. Creiem en el poder del joc per potenciar la imaginaci\u00f3 i l\u2019autonomia, fent que cada experi\u00e8ncia sigui \u00fanica i significativa. Descobreix, experimenta i apr\u00e8n jugant!<\/p>\n<p><a href=\"https:\/\/agora.xtec.cat\/ceip-alexandregali-cornella\/wp-content\/uploads\/usu2940\/2025\/01\/LUDOTECA-1-scaled.jpg\"><img loading=\"lazy\" decoding=\"async\" class=\"alignnone size-large wp-image-1780\" src=\"https:\/\/agora.xtec.cat\/ceip-alexandregali-cornella\/wp-content\/uploads\/usu2940\/2025\/01\/LUDOTECA-1-1024x683.jpg\" alt=\"\" width=\"1024\" height=\"683\" srcset=\"https:\/\/agora.xtec.cat\/ceip-alexandregali-cornella\/wp-content\/uploads\/usu2940\/2025\/01\/LUDOTECA-1-1024x683.jpg 1024w, https:\/\/agora.xtec.cat\/ceip-alexandregali-cornella\/wp-content\/uploads\/usu2940\/2025\/01\/LUDOTECA-1-300x200.jpg 300w, https:\/\/agora.xtec.cat\/ceip-alexandregali-cornella\/wp-content\/uploads\/usu2940\/2025\/01\/LUDOTECA-1-768x512.jpg 768w, https:\/\/agora.xtec.cat\/ceip-alexandregali-cornella\/wp-content\/uploads\/usu2940\/2025\/01\/LUDOTECA-1-1536x1024.jpg 1536w, https:\/\/agora.xtec.cat\/ceip-alexandregali-cornella\/wp-content\/uploads\/usu2940\/2025\/01\/LUDOTECA-1-2048x1365.jpg 2048w\" sizes=\"auto, (max-width: 1024px) 100vw, 1024px\" \/><\/a><\/p>\n<p>&nbsp;<\/p>\n<p style=\"text-align: center;\"><span style=\"text-decoration: underline;\"><strong>Espai de psicomotricitat<\/strong><\/span><\/p>\n<p><img loading=\"lazy\" decoding=\"async\" class=\"alignnone size-large wp-image-1778\" src=\"https:\/\/agora.xtec.cat\/ceip-alexandregali-cornella\/wp-content\/uploads\/usu2940\/2025\/01\/GIMNAS-2-1024x683.jpg\" alt=\"\" width=\"1024\" height=\"683\" srcset=\"https:\/\/agora.xtec.cat\/ceip-alexandregali-cornella\/wp-content\/uploads\/usu2940\/2025\/01\/GIMNAS-2-1024x683.jpg 1024w, https:\/\/agora.xtec.cat\/ceip-alexandregali-cornella\/wp-content\/uploads\/usu2940\/2025\/01\/GIMNAS-2-300x200.jpg 300w, https:\/\/agora.xtec.cat\/ceip-alexandregali-cornella\/wp-content\/uploads\/usu2940\/2025\/01\/GIMNAS-2-768x512.jpg 768w, https:\/\/agora.xtec.cat\/ceip-alexandregali-cornella\/wp-content\/uploads\/usu2940\/2025\/01\/GIMNAS-2-1536x1024.jpg 1536w, https:\/\/agora.xtec.cat\/ceip-alexandregali-cornella\/wp-content\/uploads\/usu2940\/2025\/01\/GIMNAS-2-2048x1366.jpg 2048w\" sizes=\"auto, (max-width: 1024px) 100vw, 1024px\" \/><\/p>\n<p style=\"text-align: justify;\">A l\u2019espai de <strong>psicomotricitat<\/strong>, l\u2019alumnat explora el moviment, les emocions i la creativitat a trav\u00e9s del <strong>m\u00e8tode Aucouturier<\/strong>. Amb materials com <strong>peces de construcci\u00f3 de goma escuma<\/strong>, rampes i altres elements, cada infant experimenta lliurement, desenvolupant la <strong>coordinaci\u00f3, l\u2019equilibri i la confian\u00e7a en si mateix<\/strong>. Aquest entorn afavoreix l\u2019<strong>expressi\u00f3 corporal, el joc espontani i l\u2019aprenentatge vivencial<\/strong>, respectant el ritme de cada infant i potenciant el seu benestar emocional. Un espai per cr\u00e9ixer, sentir i descobrir a trav\u00e9s del cos!<\/p>\n<p>&nbsp;<\/p>\n<p style=\"text-align: center;\"><span style=\"text-decoration: underline;\"><strong>El pati<\/strong><\/span><\/p>\n<p style=\"text-align: justify;\"><a href=\"https:\/\/agora.xtec.cat\/ceip-alexandregali-cornella\/wp-content\/uploads\/usu2940\/2025\/01\/PATI-2.jpg\"><img loading=\"lazy\" decoding=\"async\" class=\"alignnone size-large wp-image-1769\" src=\"https:\/\/agora.xtec.cat\/ceip-alexandregali-cornella\/wp-content\/uploads\/usu2940\/2025\/01\/PATI-2-1024x683.jpg\" alt=\"\" width=\"1024\" height=\"683\" srcset=\"https:\/\/agora.xtec.cat\/ceip-alexandregali-cornella\/wp-content\/uploads\/usu2940\/2025\/01\/PATI-2-1024x683.jpg 1024w, https:\/\/agora.xtec.cat\/ceip-alexandregali-cornella\/wp-content\/uploads\/usu2940\/2025\/01\/PATI-2-300x200.jpg 300w, https:\/\/agora.xtec.cat\/ceip-alexandregali-cornella\/wp-content\/uploads\/usu2940\/2025\/01\/PATI-2-768x512.jpg 768w, https:\/\/agora.xtec.cat\/ceip-alexandregali-cornella\/wp-content\/uploads\/usu2940\/2025\/01\/PATI-2-1536x1024.jpg 1536w, https:\/\/agora.xtec.cat\/ceip-alexandregali-cornella\/wp-content\/uploads\/usu2940\/2025\/01\/PATI-2-2048x1366.jpg 2048w\" sizes=\"auto, (max-width: 1024px) 100vw, 1024px\" \/><\/a><\/p>\n<p style=\"text-align: justify;\">El nostre <strong>pati<\/strong> \u00e9s un espai de joc i descoberta on l\u2019alumnat pot desenvolupar la seva <strong>imaginaci\u00f3, motricitat i autonomia<\/strong>. Amb materials com <strong>pneum\u00e0tics de colors, cabanes, tobogans i un sorral<\/strong>, cada infant crea les seves pr\u00f2pies aventures, explora l\u2019entorn i apr\u00e8n a trav\u00e9s del moviment i la interacci\u00f3 amb els altres. Fomentem el <strong>joc lliure i creatiu<\/strong>, oferint un espai segur i estimulant on experimentar, construir i compartir. Un pati per cr\u00e9ixer jugant!<\/p>\n<p><a href=\"https:\/\/agora.xtec.cat\/ceip-alexandregali-cornella\/wp-content\/uploads\/usu2940\/2024\/11\/PATI-1-scaled.jpg\"><img loading=\"lazy\" decoding=\"async\" class=\"aligncenter size-large wp-image-1570\" src=\"https:\/\/agora.xtec.cat\/ceip-alexandregali-cornella\/wp-content\/uploads\/usu2940\/2024\/11\/PATI-1-1024x683.jpg\" alt=\"\" width=\"1024\" height=\"683\" srcset=\"https:\/\/agora.xtec.cat\/ceip-alexandregali-cornella\/wp-content\/uploads\/usu2940\/2024\/11\/PATI-1-1024x683.jpg 1024w, https:\/\/agora.xtec.cat\/ceip-alexandregali-cornella\/wp-content\/uploads\/usu2940\/2024\/11\/PATI-1-300x200.jpg 300w, https:\/\/agora.xtec.cat\/ceip-alexandregali-cornella\/wp-content\/uploads\/usu2940\/2024\/11\/PATI-1-768x512.jpg 768w, https:\/\/agora.xtec.cat\/ceip-alexandregali-cornella\/wp-content\/uploads\/usu2940\/2024\/11\/PATI-1-1536x1024.jpg 1536w, https:\/\/agora.xtec.cat\/ceip-alexandregali-cornella\/wp-content\/uploads\/usu2940\/2024\/11\/PATI-1-2048x1365.jpg 2048w\" sizes=\"auto, (max-width: 1024px) 100vw, 1024px\" \/><\/a><\/p>\n<p>&nbsp;<\/p>\n<p style=\"text-align: center;\"><span style=\"text-decoration: underline;\"><strong>Aula de llum i foscor<\/strong><\/span><\/p>\n<p style=\"text-align: justify;\"><a href=\"https:\/\/agora.xtec.cat\/ceip-alexandregali-cornella\/wp-content\/uploads\/usu2940\/2025\/01\/AULA-DE-LLUM-I-FOSCOR.jpg\"><img loading=\"lazy\" decoding=\"async\" class=\"alignnone size-large wp-image-1771\" src=\"https:\/\/agora.xtec.cat\/ceip-alexandregali-cornella\/wp-content\/uploads\/usu2940\/2025\/01\/AULA-DE-LLUM-I-FOSCOR-1024x683.jpg\" alt=\"\" width=\"1024\" height=\"683\" srcset=\"https:\/\/agora.xtec.cat\/ceip-alexandregali-cornella\/wp-content\/uploads\/usu2940\/2025\/01\/AULA-DE-LLUM-I-FOSCOR-1024x683.jpg 1024w, https:\/\/agora.xtec.cat\/ceip-alexandregali-cornella\/wp-content\/uploads\/usu2940\/2025\/01\/AULA-DE-LLUM-I-FOSCOR-300x200.jpg 300w, https:\/\/agora.xtec.cat\/ceip-alexandregali-cornella\/wp-content\/uploads\/usu2940\/2025\/01\/AULA-DE-LLUM-I-FOSCOR-768x512.jpg 768w, https:\/\/agora.xtec.cat\/ceip-alexandregali-cornella\/wp-content\/uploads\/usu2940\/2025\/01\/AULA-DE-LLUM-I-FOSCOR-1536x1024.jpg 1536w, https:\/\/agora.xtec.cat\/ceip-alexandregali-cornella\/wp-content\/uploads\/usu2940\/2025\/01\/AULA-DE-LLUM-I-FOSCOR-2048x1366.jpg 2048w\" sizes=\"auto, (max-width: 1024px) 100vw, 1024px\" \/><\/a><\/p>\n<p style=\"text-align: justify;\">La nostra <strong>sala de llum i foscor<\/strong> \u00e9s un espai m\u00e0gic on l\u2019alumnat experimenta amb la <strong>llum, les ombres i els colors<\/strong> a trav\u00e9s del joc i la descoberta. Amb <strong>taules de llum i foscor i materials transl\u00facids<\/strong>, es fomenta la <strong>curiositat, la creativitat i l\u2019exploraci\u00f3 sensorial<\/strong>. Aquest entorn immersiu permet observar, crear i manipular elements d\u2019una manera \u00fanica, potenciant l\u2019<strong>atenci\u00f3, la percepci\u00f3 i el pensament abstracte<\/strong>. Un espai per aprendre des de la m\u00e0gia de la llum!<\/p>\n","protected":false},"excerpt":{"rendered":"<p>Aules d&#8217;Infantil La nostra aula \u00e9s un espai innovador i motivador, dissenyat per fomentar la cooperaci\u00f3, la creativitat i l\u2019aprenentatge [&hellip;]<\/p>\n","protected":false},"author":1,"featured_media":0,"parent":30,"menu_order":0,"comment_status":"closed","ping_status":"closed","template":"","meta":{"_bbp_topic_count":0,"_bbp_reply_count":0,"_bbp_total_topic_count":0,"_bbp_total_reply_count":0,"_bbp_voice_count":0,"_bbp_anonymous_reply_count":0,"_bbp_topic_count_hidden":0,"_bbp_reply_count_hidden":0,"_bbp_forum_subforum_count":0,"site-sidebar-layout":"default","site-content-layout":"","ast-site-content-layout":"default","site-content-style":"default","site-sidebar-style":"default","ast-global-header-display":"","ast-banner-title-visibility":"","ast-main-header-display":"","ast-hfb-above-header-display":"","ast-hfb-below-header-display":"","ast-hfb-mobile-header-display":"","site-post-title":"","ast-breadcrumbs-content":"","ast-featured-img":"","footer-sml-layout":"","theme-transparent-header-meta":"default","adv-header-id-meta":"","stick-header-meta":"","header-above-stick-meta":"","header-main-stick-meta":"","header-below-stick-meta":"","astra-migrate-meta-layouts":"set","ast-page-background-enabled":"default","ast-page-background-meta":{"desktop":{"background-color":"var(--ast-global-color-4)","background-image":"","background-repeat":"repeat","background-position":"center center","background-size":"auto","background-attachment":"scroll","background-type":"","background-media":"","overlay-type":"","overlay-color":"","overlay-opacity":"","overlay-gradient":""},"tablet":{"background-color":"","background-image":"","background-repeat":"repeat","background-position":"center center","background-size":"auto","background-attachment":"scroll","background-type":"","background-media":"","overlay-type":"","overlay-color":"","overlay-opacity":"","overlay-gradient":""},"mobile":{"background-color":"","background-image":"","background-repeat":"repeat","background-position":"center center","background-size":"auto","background-attachment":"scroll","background-type":"","background-media":"","overlay-type":"","overlay-color":"","overlay-opacity":"","overlay-gradient":""}},"ast-content-background-meta":{"desktop":{"background-color":"var(--ast-global-color-5)","background-image":"","background-repeat":"repeat","background-position":"center center","background-size":"auto","background-attachment":"scroll","background-type":"","background-media":"","overlay-type":"","overlay-color":"","overlay-opacity":"","overlay-gradient":""},"tablet":{"background-color":"var(--ast-global-color-5)","background-image":"","background-repeat":"repeat","background-position":"center center","background-size":"auto","background-attachment":"scroll","background-type":"","background-media":"","overlay-type":"","overlay-color":"","overlay-opacity":"","overlay-gradient":""},"mobile":{"background-color":"var(--ast-global-color-5)","background-image":"","background-repeat":"repeat","background-position":"center center","background-size":"auto","background-attachment":"scroll","background-type":"","background-media":"","overlay-type":"","overlay-color":"","overlay-opacity":"","overlay-gradient":""}},"footnotes":""},"class_list":["post-1903","page","type-page","status-publish","hentry"],"post_mailing_queue_ids":[],"_links":{"self":[{"href":"https:\/\/agora.xtec.cat\/ceip-alexandregali-cornella\/wp-json\/wp\/v2\/pages\/1903","targetHints":{"allow":["GET"]}}],"collection":[{"href":"https:\/\/agora.xtec.cat\/ceip-alexandregali-cornella\/wp-json\/wp\/v2\/pages"}],"about":[{"href":"https:\/\/agora.xtec.cat\/ceip-alexandregali-cornella\/wp-json\/wp\/v2\/types\/page"}],"author":[{"embeddable":true,"href":"https:\/\/agora.xtec.cat\/ceip-alexandregali-cornella\/wp-json\/wp\/v2\/users\/1"}],"replies":[{"embeddable":true,"href":"https:\/\/agora.xtec.cat\/ceip-alexandregali-cornella\/wp-json\/wp\/v2\/comments?post=1903"}],"version-history":[{"count":6,"href":"https:\/\/agora.xtec.cat\/ceip-alexandregali-cornella\/wp-json\/wp\/v2\/pages\/1903\/revisions"}],"predecessor-version":[{"id":2280,"href":"https:\/\/agora.xtec.cat\/ceip-alexandregali-cornella\/wp-json\/wp\/v2\/pages\/1903\/revisions\/2280"}],"up":[{"embeddable":true,"href":"https:\/\/agora.xtec.cat\/ceip-alexandregali-cornella\/wp-json\/wp\/v2\/pages\/30"}],"wp:attachment":[{"href":"https:\/\/agora.xtec.cat\/ceip-alexandregali-cornella\/wp-json\/wp\/v2\/media?parent=1903"}],"curies":[{"name":"wp","href":"https:\/\/api.w.org\/{rel}","templated":true}]}}