{"id":22,"date":"2014-09-18T12:19:57","date_gmt":"2014-09-18T11:19:57","guid":{"rendered":"http:\/\/agora.xtec.cat\/ceip-albert-vives\/?page_id=22"},"modified":"2018-05-04T11:46:56","modified_gmt":"2018-05-04T09:46:56","slug":"lescola","status":"publish","type":"page","link":"https:\/\/agora.xtec.cat\/ceip-albert-vives\/lescola\/","title":{"rendered":"L&#8217;escola"},"content":{"rendered":"<p>Vaig n\u00e9ixer l&#8217;any 1970 i com sabeu les escoles solem viure molts anys. Els meus progenitors van \u00e9sser la &#8220;Escuela Graduada de Ni\u00f1as Santa Mar\u00eda de Urgel&#8221; i la &#8220;Escuela Graduada de Ni\u00f1os Sant Ermengol&#8221; les quals en van transmetre tota l&#8217;her\u00e8ncia de l&#8217;escola p\u00fablica de la Seu d&#8217;Urgell.\u00a0El meu naixement fou molt celebrat pels mestres (10) i els alumnes (460) d&#8217;aleshores, que van fer una desfilada per la ciutat.<br \/>\nDes dels primers dies he tingut un amor especial a la meva terra. Aix\u00ed des del primer curs 1970-71, ja vaig fer un curs experimental ensenyant llengua catalana I l&#8217;any 1982 ens van atorgar el premi &#8220;Baldiri Reixac&#8221; per la tasca de difusi\u00f3 de la llengua catalana a la nostra comarca.<br \/>\nAviat em vaig &#8220;enganxar&#8221; a les noves tecnologies. Des del primer any la imatge (fotografia, cinema i posteriorment v\u00eddeo) va ser un dels meus medis de comunicaci\u00f3 i expressi\u00f3, duent programes innovadors d&#8217;utilitzaci\u00f3 del v\u00eddeo a les aules. L&#8217;any 1983 vaig descobrir la inform\u00e0tica i fins ara no he deixat de millorar-me.<br \/>\nCom s\u00e9 que cal mantenir el cos en forma, tamb\u00e9 he practicat esport i encara ho faig. En aquest camp he aconseguit tenir un nom entre els millors, nom\u00e9s cal que mireu les vitrines on guardo els trofeus.<br \/>\nEn aquests moments la rob\u00f2tica, les tauletes digitals, el teatre, la m\u00fasica, l&#8217;educaci\u00f3 emocional, els idiomes, els projectes d&#8217;emprenedoria social,&#8230;. i un llarg etc\u00e8tera s\u00f3n els pilars de la meva estructura.<\/p>\n","protected":false},"excerpt":{"rendered":"<p>Vaig n\u00e9ixer l&#8217;any 1970 i com sabeu les escoles solem viure molts anys. Els meus progenitors van \u00e9sser la &#8220;Escuela Graduada de Ni\u00f1as Santa Mar\u00eda de Urgel&#8221; i la &#8220;Escuela Graduada de Ni\u00f1os Sant Ermengol&#8221; les quals en van transmetre tota l&#8217;her\u00e8ncia de l&#8217;escola p\u00fablica&hellip;  <a href=\"https:\/\/agora.xtec.cat\/ceip-albert-vives\/lescola\/\" title=\"Read L&#8217;escola\">Llegeix m\u00e9s\u00bb<\/a><\/p>\n","protected":false},"author":1,"featured_media":0,"parent":0,"menu_order":0,"comment_status":"closed","ping_status":"closed","template":"page-templates\/side-menu.php","meta":{"_bbp_topic_count":0,"_bbp_reply_count":0,"_bbp_total_topic_count":0,"_bbp_total_reply_count":0,"_bbp_voice_count":0,"_bbp_anonymous_reply_count":0,"_bbp_topic_count_hidden":0,"_bbp_reply_count_hidden":0,"_bbp_forum_subforum_count":0,"footnotes":""},"class_list":["post-22","page","type-page","status-publish","hentry"],"post_mailing_queue_ids":[],"_links":{"self":[{"href":"https:\/\/agora.xtec.cat\/ceip-albert-vives\/wp-json\/wp\/v2\/pages\/22","targetHints":{"allow":["GET"]}}],"collection":[{"href":"https:\/\/agora.xtec.cat\/ceip-albert-vives\/wp-json\/wp\/v2\/pages"}],"about":[{"href":"https:\/\/agora.xtec.cat\/ceip-albert-vives\/wp-json\/wp\/v2\/types\/page"}],"author":[{"embeddable":true,"href":"https:\/\/agora.xtec.cat\/ceip-albert-vives\/wp-json\/wp\/v2\/users\/1"}],"replies":[{"embeddable":true,"href":"https:\/\/agora.xtec.cat\/ceip-albert-vives\/wp-json\/wp\/v2\/comments?post=22"}],"version-history":[{"count":2,"href":"https:\/\/agora.xtec.cat\/ceip-albert-vives\/wp-json\/wp\/v2\/pages\/22\/revisions"}],"predecessor-version":[{"id":552,"href":"https:\/\/agora.xtec.cat\/ceip-albert-vives\/wp-json\/wp\/v2\/pages\/22\/revisions\/552"}],"wp:attachment":[{"href":"https:\/\/agora.xtec.cat\/ceip-albert-vives\/wp-json\/wp\/v2\/media?parent=22"}],"curies":[{"name":"wp","href":"https:\/\/api.w.org\/{rel}","templated":true}]}}