{"id":9998,"date":"2026-01-28T10:17:14","date_gmt":"2026-01-28T09:17:14","guid":{"rendered":"https:\/\/agora.xtec.cat\/ceip-alberich\/?page_id=9998"},"modified":"2026-01-29T13:55:10","modified_gmt":"2026-01-29T12:55:10","slug":"preinscripcio-2026","status":"publish","type":"page","link":"https:\/\/agora.xtec.cat\/ceip-alberich\/preinscripcio-2026\/","title":{"rendered":"Preinscripci\u00f3 2026"},"content":{"rendered":"<p><strong>PORTES OBERTES<\/strong><\/p>\n<p>VOLEU CON\u00c8IXER EL NOSTRE PROJECTE EDUCATIU?<\/p>\n<p><img loading=\"lazy\" decoding=\"async\" class=\"aligncenter size-large wp-image-10007\" src=\"https:\/\/agora.xtec.cat\/ceip-alberich\/wp-content\/uploads\/usu832\/2026\/01\/presentacion-parrilla-de-contenidos-organico-moderno-verde-1024x576.jpg\" alt=\"\" width=\"1024\" height=\"576\" srcset=\"https:\/\/agora.xtec.cat\/ceip-alberich\/wp-content\/uploads\/usu832\/2026\/01\/presentacion-parrilla-de-contenidos-organico-moderno-verde-1024x576.jpg 1024w, https:\/\/agora.xtec.cat\/ceip-alberich\/wp-content\/uploads\/usu832\/2026\/01\/presentacion-parrilla-de-contenidos-organico-moderno-verde-300x169.jpg 300w, https:\/\/agora.xtec.cat\/ceip-alberich\/wp-content\/uploads\/usu832\/2026\/01\/presentacion-parrilla-de-contenidos-organico-moderno-verde-768x432.jpg 768w, https:\/\/agora.xtec.cat\/ceip-alberich\/wp-content\/uploads\/usu832\/2026\/01\/presentacion-parrilla-de-contenidos-organico-moderno-verde-1536x864.jpg 1536w, https:\/\/agora.xtec.cat\/ceip-alberich\/wp-content\/uploads\/usu832\/2026\/01\/presentacion-parrilla-de-contenidos-organico-moderno-verde.jpg 1920w\" sizes=\"auto, (max-width: 1024px) 100vw, 1024px\" \/><\/p>\n<p>Divendres 6 de mar\u00e7 de 9.00 a 11.00 h i de 15.00 a 17.00 h i Dissabte 7 de mar\u00e7 de 10.00 a 12.00 h<\/p>\n<p>L&#8217;aforament a les jornades \u00e9s limitat, per tant, cal que realitzeu inscripci\u00f3 pr\u00e8via omplint el seg\u00fcent <a href=\"https:\/\/forms.gle\/Yo5pFoALSv2nwjzVA\">FORMULARI<\/a>.<\/p>\n<p>Qualsevol dubte podeu trucar-nos al 977332362 o escriure&#8217;ns a e3005753<span class=\"atwho-query\">@xtec.cat<\/span><\/p>\n","protected":false},"excerpt":{"rendered":"<p>PORTES OBERTES VOLEU CON\u00c8IXER EL NOSTRE PROJECTE EDUCATIU? Divendres 6 de mar\u00e7 de 9.00 a 11.00 h i de 15.00 a 17.00 h i Dissabte 7 de mar\u00e7 de 10.00 a 12.00 h L&#8217;aforament a les jornades \u00e9s limitat, per tant, cal que realitzeu inscripci\u00f3 pr\u00e8via omplint el seg\u00fcent FORMULARI. Qualsevol dubte podeu trucar-nos al [&hellip;]<\/p>\n","protected":false},"author":1,"featured_media":0,"parent":0,"menu_order":0,"comment_status":"closed","ping_status":"closed","template":"","meta":{"_bbp_topic_count":0,"_bbp_reply_count":0,"_bbp_total_topic_count":0,"_bbp_total_reply_count":0,"_bbp_voice_count":0,"_bbp_anonymous_reply_count":0,"_bbp_topic_count_hidden":0,"_bbp_reply_count_hidden":0,"_bbp_forum_subforum_count":0,"site-sidebar-layout":"default","site-content-layout":"","ast-site-content-layout":"default","site-content-style":"default","site-sidebar-style":"default","ast-global-header-display":"","ast-banner-title-visibility":"","ast-main-header-display":"","ast-hfb-above-header-display":"","ast-hfb-below-header-display":"","ast-hfb-mobile-header-display":"","site-post-title":"","ast-breadcrumbs-content":"","ast-featured-img":"","footer-sml-layout":"","theme-transparent-header-meta":"default","adv-header-id-meta":"","stick-header-meta":"","header-above-stick-meta":"","header-main-stick-meta":"","header-below-stick-meta":"","astra-migrate-meta-layouts":"set","ast-page-background-enabled":"default","ast-page-background-meta":{"desktop":{"background-color":"var(--ast-global-color-5)","background-image":"","background-repeat":"repeat","background-position":"center center","background-size":"auto","background-attachment":"scroll","background-type":"","background-media":"","overlay-type":"","overlay-color":"","overlay-opacity":"","overlay-gradient":""},"tablet":{"background-color":"","background-image":"","background-repeat":"repeat","background-position":"center center","background-size":"auto","background-attachment":"scroll","background-type":"","background-media":"","overlay-type":"","overlay-color":"","overlay-opacity":"","overlay-gradient":""},"mobile":{"background-color":"","background-image":"","background-repeat":"repeat","background-position":"center center","background-size":"auto","background-attachment":"scroll","background-type":"","background-media":"","overlay-type":"","overlay-color":"","overlay-opacity":"","overlay-gradient":""}},"ast-content-background-meta":{"desktop":{"background-color":"var(--ast-global-color-4)","background-image":"","background-repeat":"repeat","background-position":"center center","background-size":"auto","background-attachment":"scroll","background-type":"","background-media":"","overlay-type":"","overlay-color":"","overlay-opacity":"","overlay-gradient":""},"tablet":{"background-color":"var(--ast-global-color-4)","background-image":"","background-repeat":"repeat","background-position":"center center","background-size":"auto","background-attachment":"scroll","background-type":"","background-media":"","overlay-type":"","overlay-color":"","overlay-opacity":"","overlay-gradient":""},"mobile":{"background-color":"var(--ast-global-color-4)","background-image":"","background-repeat":"repeat","background-position":"center center","background-size":"auto","background-attachment":"scroll","background-type":"","background-media":"","overlay-type":"","overlay-color":"","overlay-opacity":"","overlay-gradient":""}},"footnotes":""},"class_list":["post-9998","page","type-page","status-publish","hentry"],"post_mailing_queue_ids":[],"_links":{"self":[{"href":"https:\/\/agora.xtec.cat\/ceip-alberich\/wp-json\/wp\/v2\/pages\/9998","targetHints":{"allow":["GET"]}}],"collection":[{"href":"https:\/\/agora.xtec.cat\/ceip-alberich\/wp-json\/wp\/v2\/pages"}],"about":[{"href":"https:\/\/agora.xtec.cat\/ceip-alberich\/wp-json\/wp\/v2\/types\/page"}],"author":[{"embeddable":true,"href":"https:\/\/agora.xtec.cat\/ceip-alberich\/wp-json\/wp\/v2\/users\/1"}],"replies":[{"embeddable":true,"href":"https:\/\/agora.xtec.cat\/ceip-alberich\/wp-json\/wp\/v2\/comments?post=9998"}],"version-history":[{"count":4,"href":"https:\/\/agora.xtec.cat\/ceip-alberich\/wp-json\/wp\/v2\/pages\/9998\/revisions"}],"predecessor-version":[{"id":10008,"href":"https:\/\/agora.xtec.cat\/ceip-alberich\/wp-json\/wp\/v2\/pages\/9998\/revisions\/10008"}],"wp:attachment":[{"href":"https:\/\/agora.xtec.cat\/ceip-alberich\/wp-json\/wp\/v2\/media?parent=9998"}],"curies":[{"name":"wp","href":"https:\/\/api.w.org\/{rel}","templated":true}]}}