{"id":5032,"date":"2018-04-03T09:38:01","date_gmt":"2018-04-03T07:38:01","guid":{"rendered":"http:\/\/agora.xtec.cat\/ceip-alberich\/?page_id=5032"},"modified":"2024-02-15T12:01:43","modified_gmt":"2024-02-15T11:01:43","slug":"programa-experimental-faig","status":"publish","type":"page","link":"https:\/\/agora.xtec.cat\/ceip-alberich\/projectes-2\/programa-experimental-faig\/","title":{"rendered":"FAIG"},"content":{"rendered":"<div>El\u00a0<b>Programa FAIG<\/b> \u00e9s una oportunitat per crear entorns d\u2019aprenentatge amb sentit, on posar l\u2019alumnat al centre, sentint la seva veu per a crear un m\u00f3n millor on viure i conviure. L\u2019aprenentatge amb sentit \u00e9s aquell que connecta amb la vida dels aprenents i amb la resoluci\u00f3 de problemes del m\u00f3n real vinculats amb les persones i el planeta, el qual esdev\u00e9 significatiu, perdurable i transferible a altres situacions i contextos.<\/p>\n<div><\/div>\n<\/div>\n<div>Eixos d&#8217;<b>Innovaci\u00f3 FAIG<\/b>.\u00a0Un programa intensiu per a la transformaci\u00f3 educativa:<\/div>\n<div>&#8211; Aprofundir i consolidar l\u2019Aprenentatge per Projectes com a l\u00ednia pedag\u00f2gica de centre.<\/div>\n<div><\/div>\n<div>&#8211;\u00a0Vincular els projectes de treball amb els desafiaments socials de les persones i el planeta, perqu\u00e8 esdevinguin Projectes d\u2019Aprenentatge amb Sentit per a l\u2019alumnat.<\/div>\n<div><\/div>\n<div>&#8211;\u00a0Integrar el \u201cmaker\u201d i les possibilitats creatives de la fabricaci\u00f3 digital en els Projectes d\u2019Aprenentatge amb Sentit, possibilitant que l\u2019alumnat doni respostes innovadores a les necessitats i reptes de l\u2019entorn.<\/div>\n","protected":false},"excerpt":{"rendered":"<p>El\u00a0Programa FAIG \u00e9s una oportunitat per crear entorns d\u2019aprenentatge amb sentit, on posar l\u2019alumnat al centre, sentint la seva veu per a crear un m\u00f3n millor on viure i conviure. L\u2019aprenentatge amb sentit \u00e9s aquell que connecta amb la vida dels aprenents i amb la resoluci\u00f3 de problemes del m\u00f3n real vinculats amb les persones [&hellip;]<\/p>\n","protected":false},"author":1,"featured_media":0,"parent":290,"menu_order":0,"comment_status":"closed","ping_status":"closed","template":"page-templates\/side-menu.php","meta":{"_bbp_topic_count":0,"_bbp_reply_count":0,"_bbp_total_topic_count":0,"_bbp_total_reply_count":0,"_bbp_voice_count":0,"_bbp_anonymous_reply_count":0,"_bbp_topic_count_hidden":0,"_bbp_reply_count_hidden":0,"_bbp_forum_subforum_count":0,"site-sidebar-layout":"default","site-content-layout":"","ast-site-content-layout":"","site-content-style":"default","site-sidebar-style":"default","ast-global-header-display":"","ast-banner-title-visibility":"","ast-main-header-display":"","ast-hfb-above-header-display":"","ast-hfb-below-header-display":"","ast-hfb-mobile-header-display":"","site-post-title":"","ast-breadcrumbs-content":"","ast-featured-img":"","footer-sml-layout":"","theme-transparent-header-meta":"","adv-header-id-meta":"","stick-header-meta":"","header-above-stick-meta":"","header-main-stick-meta":"","header-below-stick-meta":"","astra-migrate-meta-layouts":"default","ast-page-background-enabled":"default","ast-page-background-meta":{"desktop":{"background-color":"var(--ast-global-color-5)","background-image":"","background-repeat":"repeat","background-position":"center center","background-size":"auto","background-attachment":"scroll","background-type":"","background-media":"","overlay-type":"","overlay-color":"","overlay-opacity":"","overlay-gradient":""},"tablet":{"background-color":"","background-image":"","background-repeat":"repeat","background-position":"center center","background-size":"auto","background-attachment":"scroll","background-type":"","background-media":"","overlay-type":"","overlay-color":"","overlay-opacity":"","overlay-gradient":""},"mobile":{"background-color":"","background-image":"","background-repeat":"repeat","background-position":"center center","background-size":"auto","background-attachment":"scroll","background-type":"","background-media":"","overlay-type":"","overlay-color":"","overlay-opacity":"","overlay-gradient":""}},"ast-content-background-meta":{"desktop":{"background-color":"var(--ast-global-color-4)","background-image":"","background-repeat":"repeat","background-position":"center center","background-size":"auto","background-attachment":"scroll","background-type":"","background-media":"","overlay-type":"","overlay-color":"","overlay-opacity":"","overlay-gradient":""},"tablet":{"background-color":"var(--ast-global-color-4)","background-image":"","background-repeat":"repeat","background-position":"center center","background-size":"auto","background-attachment":"scroll","background-type":"","background-media":"","overlay-type":"","overlay-color":"","overlay-opacity":"","overlay-gradient":""},"mobile":{"background-color":"var(--ast-global-color-4)","background-image":"","background-repeat":"repeat","background-position":"center center","background-size":"auto","background-attachment":"scroll","background-type":"","background-media":"","overlay-type":"","overlay-color":"","overlay-opacity":"","overlay-gradient":""}},"footnotes":""},"class_list":["post-5032","page","type-page","status-publish","hentry"],"post_mailing_queue_ids":[],"_links":{"self":[{"href":"https:\/\/agora.xtec.cat\/ceip-alberich\/wp-json\/wp\/v2\/pages\/5032","targetHints":{"allow":["GET"]}}],"collection":[{"href":"https:\/\/agora.xtec.cat\/ceip-alberich\/wp-json\/wp\/v2\/pages"}],"about":[{"href":"https:\/\/agora.xtec.cat\/ceip-alberich\/wp-json\/wp\/v2\/types\/page"}],"author":[{"embeddable":true,"href":"https:\/\/agora.xtec.cat\/ceip-alberich\/wp-json\/wp\/v2\/users\/1"}],"replies":[{"embeddable":true,"href":"https:\/\/agora.xtec.cat\/ceip-alberich\/wp-json\/wp\/v2\/comments?post=5032"}],"version-history":[{"count":3,"href":"https:\/\/agora.xtec.cat\/ceip-alberich\/wp-json\/wp\/v2\/pages\/5032\/revisions"}],"predecessor-version":[{"id":9226,"href":"https:\/\/agora.xtec.cat\/ceip-alberich\/wp-json\/wp\/v2\/pages\/5032\/revisions\/9226"}],"up":[{"embeddable":true,"href":"https:\/\/agora.xtec.cat\/ceip-alberich\/wp-json\/wp\/v2\/pages\/290"}],"wp:attachment":[{"href":"https:\/\/agora.xtec.cat\/ceip-alberich\/wp-json\/wp\/v2\/media?parent=5032"}],"curies":[{"name":"wp","href":"https:\/\/api.w.org\/{rel}","templated":true}]}}