{"id":3996,"date":"2017-02-19T17:31:20","date_gmt":"2017-02-19T16:31:20","guid":{"rendered":"http:\/\/agora.xtec.cat\/ceip-alberich\/?page_id=3996"},"modified":"2026-04-08T15:52:39","modified_gmt":"2026-04-08T13:52:39","slug":"art","status":"publish","type":"page","link":"https:\/\/agora.xtec.cat\/ceip-alberich\/departaments\/art\/","title":{"rendered":"Educaci\u00f3 Art\u00edstica"},"content":{"rendered":"\n<p><span style=\"font-weight: 400;\">L\u2019expressi\u00f3 art\u00edstica ha estat sempre molt considerada a l\u2019Alberich, i \u00e9s per aix\u00f2 que amb els anys hem anat consolidant les activitats i els projectes desenvolupats en <\/span><span style=\"font-weight: 400;\">l\u2019\u00e0mbit art\u00edstic: m\u00fasica i dansa, visual i pl\u00e0stica.<\/span><\/p>\n\n\n\n<p>Tot i que degut a la situaci\u00f3 actual no s&#8217;ha pogut continuar amb els tallers d&#8217;art internivell, es continuen fent propostes de <strong>visual i pl\u00e0stica<\/strong>, on t\u00e9 un paper rellevant el <strong>treball de diverses t\u00e8cniques aix\u00ed com el desenvolupament de la creativitat<\/strong>. A partir d&#8217;un ventall ampli de propostes, <strong>es donen a con\u00e8ixer diferents artistes pl\u00e0stics i moviments art\u00edstics<\/strong> que permeten als infants apropar-se al m\u00f3n de l&#8217;art a trav\u00e9s dels sentits i gaudir d&#8217;ell creant.<\/p>\n\n\n\r\n\t<div class=\"slideshow_container slideshow_container_style-light\" style=\"height: 300px; \" data-slideshow-id=\"7714\" data-style-name=\"style-light\" data-style-version=\"2.3.1\" >\r\n\r\n\t\t\t\t\t<div class=\"slideshow_loading_icon\"><\/div>\r\n\t\t\r\n\t\t<div class=\"slideshow_content\" style=\"display: none;\">\r\n\r\n\t\t\t<div class=\"slideshow_view\">\r\n\t\t\t\t<div class=\"slideshow_slide slideshow_slide_image\">\r\n\t\t\t\t\t\t\t\t\t\t\t<img src=\"https:\/\/agora.xtec.cat\/ceip-alberich\/wp-content\/uploads\/usu832\/2021\/03\/5.jpg\" alt=\"5\" width=\"2000\" height=\"1500\" \/>\r\n\t\t\t\t\t\t\t\t\t\t<div class=\"slideshow_description_box slideshow_transparent\">\r\n\t\t\t\t\t\t<div class=\"slideshow_title\">5<\/div>\t\t\t\t\t\t\t\t\t\t\t<\/div>\r\n\t\t\t\t<\/div>\r\n\r\n\t\t\t\t\t\t<div style=\"clear: both;\"><\/div><\/div><div class=\"slideshow_view\">\r\n\t\t\t\t<div class=\"slideshow_slide slideshow_slide_image\">\r\n\t\t\t\t\t\t\t\t\t\t\t<img src=\"https:\/\/agora.xtec.cat\/ceip-alberich\/wp-content\/uploads\/usu832\/2021\/03\/1-1-e1615377570656.jpg\" alt=\"1\" width=\"450\" height=\"600\" \/>\r\n\t\t\t\t\t\t\t\t\t\t<div class=\"slideshow_description_box slideshow_transparent\">\r\n\t\t\t\t\t\t<div class=\"slideshow_title\">1<\/div>\t\t\t\t\t\t\t\t\t\t\t<\/div>\r\n\t\t\t\t<\/div>\r\n\r\n\t\t\t\t\t\t<div style=\"clear: both;\"><\/div><\/div><div class=\"slideshow_view\">\r\n\t\t\t\t<div class=\"slideshow_slide slideshow_slide_image\">\r\n\t\t\t\t\t\t\t\t\t\t\t<img src=\"https:\/\/agora.xtec.cat\/ceip-alberich\/wp-content\/uploads\/usu832\/2021\/03\/11.jpg\" alt=\"11\" width=\"1152\" height=\"864\" \/>\r\n\t\t\t\t\t\t\t\t\t\t<div class=\"slideshow_description_box slideshow_transparent\">\r\n\t\t\t\t\t\t<div class=\"slideshow_title\">11<\/div>\t\t\t\t\t\t\t\t\t\t\t<\/div>\r\n\t\t\t\t<\/div>\r\n\r\n\t\t\t\t\t\t<div style=\"clear: both;\"><\/div><\/div><div class=\"slideshow_view\">\r\n\t\t\t\t<div class=\"slideshow_slide slideshow_slide_image\">\r\n\t\t\t\t\t\t\t\t\t\t\t<img src=\"https:\/\/agora.xtec.cat\/ceip-alberich\/wp-content\/uploads\/usu832\/2021\/03\/10.jpg\" alt=\"10\" width=\"864\" height=\"1152\" \/>\r\n\t\t\t\t\t\t\t\t\t\t<div class=\"slideshow_description_box slideshow_transparent\">\r\n\t\t\t\t\t\t<div class=\"slideshow_title\">10<\/div>\t\t\t\t\t\t\t\t\t\t\t<\/div>\r\n\t\t\t\t<\/div>\r\n\r\n\t\t\t\t\t\t<div style=\"clear: both;\"><\/div><\/div><div class=\"slideshow_view\">\r\n\t\t\t\t<div class=\"slideshow_slide slideshow_slide_image\">\r\n\t\t\t\t\t\t\t\t\t\t\t<img src=\"https:\/\/agora.xtec.cat\/ceip-alberich\/wp-content\/uploads\/usu832\/2021\/03\/7.jpg\" alt=\"7\" width=\"2016\" height=\"1512\" \/>\r\n\t\t\t\t\t\t\t\t\t\t<div class=\"slideshow_description_box slideshow_transparent\">\r\n\t\t\t\t\t\t<div class=\"slideshow_title\">7<\/div>\t\t\t\t\t\t\t\t\t\t\t<\/div>\r\n\t\t\t\t<\/div>\r\n\r\n\t\t\t\t\t\t<div style=\"clear: both;\"><\/div><\/div><div class=\"slideshow_view\">\r\n\t\t\t\t<div class=\"slideshow_slide slideshow_slide_image\">\r\n\t\t\t\t\t\t\t\t\t\t\t<img src=\"https:\/\/agora.xtec.cat\/ceip-alberich\/wp-content\/uploads\/usu832\/2021\/03\/8.jpg\" alt=\"8\" width=\"2000\" height=\"1500\" \/>\r\n\t\t\t\t\t\t\t\t\t\t<div class=\"slideshow_description_box slideshow_transparent\">\r\n\t\t\t\t\t\t<div class=\"slideshow_title\">8<\/div>\t\t\t\t\t\t\t\t\t\t\t<\/div>\r\n\t\t\t\t<\/div>\r\n\r\n\t\t\t\t\t\t<div style=\"clear: both;\"><\/div><\/div><div class=\"slideshow_view\">\r\n\t\t\t\t<div class=\"slideshow_slide slideshow_slide_image\">\r\n\t\t\t\t\t\t\t\t\t\t\t<img src=\"https:\/\/agora.xtec.cat\/ceip-alberich\/wp-content\/uploads\/usu832\/2021\/03\/IMG_20210301_155217.jpg\" alt=\"IMG_20210301_155217\" width=\"1600\" height=\"1200\" \/>\r\n\t\t\t\t\t\t\t\t\t\t<div class=\"slideshow_description_box slideshow_transparent\">\r\n\t\t\t\t\t\t<div class=\"slideshow_title\">IMG_20210301_155217<\/div>\t\t\t\t\t\t\t\t\t\t\t<\/div>\r\n\t\t\t\t<\/div>\r\n\r\n\t\t\t\t\t\t<div style=\"clear: both;\"><\/div><\/div><div class=\"slideshow_view\">\r\n\t\t\t\t<div class=\"slideshow_slide slideshow_slide_image\">\r\n\t\t\t\t\t\t\t\t\t\t\t<img src=\"https:\/\/agora.xtec.cat\/ceip-alberich\/wp-content\/uploads\/usu832\/2021\/03\/3.jpg\" alt=\"3\" width=\"1728\" height=\"2304\" \/>\r\n\t\t\t\t\t\t\t\t\t\t<div class=\"slideshow_description_box slideshow_transparent\">\r\n\t\t\t\t\t\t<div class=\"slideshow_title\">3<\/div>\t\t\t\t\t\t\t\t\t\t\t<\/div>\r\n\t\t\t\t<\/div>\r\n\r\n\t\t\t\t\t\t<div style=\"clear: both;\"><\/div><\/div><div class=\"slideshow_view\">\r\n\t\t\t\t<div class=\"slideshow_slide slideshow_slide_image\">\r\n\t\t\t\t\t\t\t\t\t\t\t<img src=\"https:\/\/agora.xtec.cat\/ceip-alberich\/wp-content\/uploads\/usu832\/2021\/03\/2-1.jpg\" alt=\"2\" width=\"2000\" height=\"1500\" \/>\r\n\t\t\t\t\t\t\t\t\t\t<div class=\"slideshow_description_box slideshow_transparent\">\r\n\t\t\t\t\t\t\t\t\t\t\t\t\t\t\t\t\t<\/div>\r\n\t\t\t\t<\/div>\r\n\r\n\t\t\t\t\t\t<div style=\"clear: both;\"><\/div><\/div><div class=\"slideshow_view\">\r\n\t\t\t\t<div class=\"slideshow_slide slideshow_slide_image\">\r\n\t\t\t\t\t\t\t\t\t\t\t<img src=\"https:\/\/agora.xtec.cat\/ceip-alberich\/wp-content\/uploads\/usu832\/2021\/03\/4.jpg\" alt=\"4\" width=\"2304\" height=\"1728\" \/>\r\n\t\t\t\t\t\t\t\t\t\t<div class=\"slideshow_description_box slideshow_transparent\">\r\n\t\t\t\t\t\t\t\t\t\t\t\t\t\t\t\t\t<\/div>\r\n\t\t\t\t<\/div>\r\n\r\n\t\t\t\t\t\t<div style=\"clear: both;\"><\/div><\/div>\r\n\t\t<\/div>\r\n\r\n\t\t<div class=\"slideshow_controlPanel slideshow_transparent\" style=\"display: none;\"><ul><li class=\"slideshow_togglePlay\" data-play-text=\"Visualitza\" data-pause-text=\"Pausa\"><\/li><\/ul><\/div>\r\n\r\n\t\t<div class=\"slideshow_button slideshow_previous slideshow_transparent\" role=\"button\" data-previous-text=\"Anterior\" style=\"display: none;\"><\/div>\r\n\t\t<div class=\"slideshow_button slideshow_next slideshow_transparent\" role=\"button\" data-next-text=\"Seg\u00fcent\" style=\"display: none;\"><\/div>\r\n\r\n\t\t<div class=\"slideshow_pagination\" style=\"display: none;\" data-go-to-text=\"V\u00e9s a la diapositiva\"><div class=\"slideshow_pagination_center\"><\/div><\/div>\r\n\r\n\t\t<!-- WordPress Slideshow Version 2.3.1 -->\r\n\r\n\t\t\t<\/div>\r\n\r\n\n\n\n\n<p>&nbsp;<\/p>\n\n\n\n<p><span style=\"font-weight: 400;\">Pel que fa<\/span><span style=\"font-weight: 400;\"> a la <strong>m\u00fasica <\/strong><\/span><strong>i la dansa<\/strong><span style=\"font-weight: 400;\">, a educaci\u00f3 infantil es dona import\u00e0ncia a<strong> l&#8217;expressi\u00f3 i al moviment corporal a partir de jocs, danses i de l&#8217;experimentaci\u00f3 sensorial i sonora dels instruments. La can\u00e7\u00f3 i l&#8217;escolta atenta s\u00f3n elements claus<\/strong>, aix\u00ed com el treball de<\/span> <span style=\"font-weight: 400;\">les emocions.<\/span><\/p>\n\n\n\n<p><span style=\"font-weight: 400;\">A prim\u00e0ria treballem i gaudim dels diversos blocs musicals: <strong>can\u00e7\u00f3, educaci\u00f3 de l\u2019o\u00efda, dansa, audici\u00f3, instrumentaci\u00f3 i les TAC aplicades a la m\u00fasica<\/strong>.&nbsp;<\/span><\/p>\n\n\n\n<p><span style=\"font-weight: 400;\">A part de l\u2019experimentaci\u00f3 dels instruments de qu\u00e8 disposem a l\u2019escola, actualment <\/span><span style=\"font-weight: 400;\">l\u2019alumnat gaudeix<\/span><span style=\"font-weight: 400;\"> d\u2019una <strong>pr\u00e0ctica m\u00e9s sistematitzada de tres instruments<\/strong>: treballen l\u2019<strong>harm\u00f2nica a 2n<\/strong>, s\u2019introdueix la <strong>flauta a 4t<\/strong> i s\u2019inicien amb l\u2019<strong>ukelele a 5\u00e8<\/strong>. <\/span><span style=\"font-weight: 400;\">En aquest mateix nivell,<\/span><span style=\"font-weight: 400;\"> es treballen els instruments de la <strong>batucada<\/strong>, de cara a participar en els esdeveniments de l\u2019escola que ho requereixen: carnaval, Cross, fi de curs\u2026<\/span><\/p>\n\n\n\n<p><span style=\"font-weight: 400;\">Fins el curs 19-20 a l\u2019escola ten\u00edem dues <strong>corals: Alberichor i Picarols<\/strong>. Era una activitat que es realitzava en horari escolar, tot i que era de lliure elecci\u00f3, i en ella s\u2019hi trobaven alumnes de diferents classes a qui els agradava cantar i actuar. Al 2020 s\u2019havia de celebrar el <strong>15\u00e8 aniversari de les corals,<\/strong> per\u00f2 degut a la pand\u00e8mia no va ser possible. Actualment, la situaci\u00f3 no permet les activitats fora del grup bombolla.<\/span><\/p>\n\n\n\n<p><span style=\"font-weight: 400;\">Per l&#8217;equip docent de l\u2019Alberich \u00e9s molt important que<\/span><span style=\"font-weight: 400;\"> l\u2019alumnat conegui <\/span><span style=\"font-weight: 400;\">de prop la m\u00fasica, i \u00e9s per aquest motiu que <strong>es programen sortides, concerts, tallers i activitats que permeten gaudir de la m\u00fasica en directe<\/strong> com per exemple <strong>Cant\u00e0nia<\/strong>, <strong>taller d\u2019harm\u00f2nica, taller de batucada reciclada<\/strong>\u2026 A m\u00e9s, t<\/span><span style=\"font-weight: 400;\">amb\u00e9 participem en el <strong>Projecte Pont<\/strong>, vinculat a la URV.<\/span><\/p>\n\n\n\n<p><span style=\"font-weight: 400;\">En aquest context <\/span><span style=\"font-weight: 400;\">tamb\u00e9<strong> fem un treball constant de les tradicions<\/strong>: Castanyada, Santa Cec\u00edlia, Nadal, Carnaval, Sant Jordi\u2026, per tal de conservar i donar a con\u00e8ixer la nostra cultura.<\/span><\/p>\n\n\n\n<p>&nbsp;<\/p>\n\n\n\n<p><i><span style=\"font-weight: 400;\">La m\u00fasica \u00e9s un art ampli, sense l\u00edmits, sense fronteres, sense banderes.&nbsp;<\/span><\/i><\/p>\n\n\n\n<p><i><span style=\"font-weight: 400;\">&nbsp; &nbsp; &nbsp; &nbsp; &nbsp;Le\u00f3n Gieco, cantautor<\/span><\/i><\/p>\n\n\n\n<p>&nbsp;<\/p>\n\n\n\n<p>&nbsp;<\/p>\n","protected":false},"excerpt":{"rendered":"<p>L\u2019expressi\u00f3 art\u00edstica ha estat sempre molt considerada a l\u2019Alberich, i \u00e9s per aix\u00f2 que amb els anys hem anat consolidant les activitats i els projectes desenvolupats en l\u2019\u00e0mbit art\u00edstic: m\u00fasica i dansa, visual i pl\u00e0stica. Tot i que degut a la situaci\u00f3 actual no s&#8217;ha pogut continuar amb els tallers d&#8217;art internivell, es continuen fent [&hellip;]<\/p>\n","protected":false},"author":1,"featured_media":0,"parent":7507,"menu_order":1,"comment_status":"closed","ping_status":"closed","template":"","meta":{"_bbp_topic_count":0,"_bbp_reply_count":0,"_bbp_total_topic_count":0,"_bbp_total_reply_count":0,"_bbp_voice_count":0,"_bbp_anonymous_reply_count":0,"_bbp_topic_count_hidden":0,"_bbp_reply_count_hidden":0,"_bbp_forum_subforum_count":0,"site-sidebar-layout":"default","site-content-layout":"","ast-site-content-layout":"default","site-content-style":"default","site-sidebar-style":"default","ast-global-header-display":"","ast-banner-title-visibility":"","ast-main-header-display":"","ast-hfb-above-header-display":"","ast-hfb-below-header-display":"","ast-hfb-mobile-header-display":"","site-post-title":"","ast-breadcrumbs-content":"","ast-featured-img":"","footer-sml-layout":"","theme-transparent-header-meta":"default","adv-header-id-meta":"","stick-header-meta":"","header-above-stick-meta":"","header-main-stick-meta":"","header-below-stick-meta":"","astra-migrate-meta-layouts":"set","ast-page-background-enabled":"default","ast-page-background-meta":{"desktop":{"background-color":"var(--ast-global-color-5)","background-image":"","background-repeat":"repeat","background-position":"center center","background-size":"auto","background-attachment":"scroll","background-type":"","background-media":"","overlay-type":"","overlay-color":"","overlay-opacity":"","overlay-gradient":""},"tablet":{"background-color":"","background-image":"","background-repeat":"repeat","background-position":"center center","background-size":"auto","background-attachment":"scroll","background-type":"","background-media":"","overlay-type":"","overlay-color":"","overlay-opacity":"","overlay-gradient":""},"mobile":{"background-color":"","background-image":"","background-repeat":"repeat","background-position":"center center","background-size":"auto","background-attachment":"scroll","background-type":"","background-media":"","overlay-type":"","overlay-color":"","overlay-opacity":"","overlay-gradient":""}},"ast-content-background-meta":{"desktop":{"background-color":"var(--ast-global-color-4)","background-image":"","background-repeat":"repeat","background-position":"center center","background-size":"auto","background-attachment":"scroll","background-type":"","background-media":"","overlay-type":"","overlay-color":"","overlay-opacity":"","overlay-gradient":""},"tablet":{"background-color":"var(--ast-global-color-4)","background-image":"","background-repeat":"repeat","background-position":"center center","background-size":"auto","background-attachment":"scroll","background-type":"","background-media":"","overlay-type":"","overlay-color":"","overlay-opacity":"","overlay-gradient":""},"mobile":{"background-color":"var(--ast-global-color-4)","background-image":"","background-repeat":"repeat","background-position":"center center","background-size":"auto","background-attachment":"scroll","background-type":"","background-media":"","overlay-type":"","overlay-color":"","overlay-opacity":"","overlay-gradient":""}},"footnotes":""},"class_list":["post-3996","page","type-page","status-publish","hentry"],"post_mailing_queue_ids":[],"_links":{"self":[{"href":"https:\/\/agora.xtec.cat\/ceip-alberich\/wp-json\/wp\/v2\/pages\/3996","targetHints":{"allow":["GET"]}}],"collection":[{"href":"https:\/\/agora.xtec.cat\/ceip-alberich\/wp-json\/wp\/v2\/pages"}],"about":[{"href":"https:\/\/agora.xtec.cat\/ceip-alberich\/wp-json\/wp\/v2\/types\/page"}],"author":[{"embeddable":true,"href":"https:\/\/agora.xtec.cat\/ceip-alberich\/wp-json\/wp\/v2\/users\/1"}],"replies":[{"embeddable":true,"href":"https:\/\/agora.xtec.cat\/ceip-alberich\/wp-json\/wp\/v2\/comments?post=3996"}],"version-history":[{"count":4,"href":"https:\/\/agora.xtec.cat\/ceip-alberich\/wp-json\/wp\/v2\/pages\/3996\/revisions"}],"predecessor-version":[{"id":10087,"href":"https:\/\/agora.xtec.cat\/ceip-alberich\/wp-json\/wp\/v2\/pages\/3996\/revisions\/10087"}],"up":[{"embeddable":true,"href":"https:\/\/agora.xtec.cat\/ceip-alberich\/wp-json\/wp\/v2\/pages\/7507"}],"wp:attachment":[{"href":"https:\/\/agora.xtec.cat\/ceip-alberich\/wp-json\/wp\/v2\/media?parent=3996"}],"curies":[{"name":"wp","href":"https:\/\/api.w.org\/{rel}","templated":true}]}}