{"id":296,"date":"2017-02-15T12:16:16","date_gmt":"2017-02-15T11:16:16","guid":{"rendered":"http:\/\/agora.xtec.cat\/ceip-alberich\/?page_id=296"},"modified":"2024-09-17T13:20:59","modified_gmt":"2024-09-17T11:20:59","slug":"amipa","status":"publish","type":"page","link":"https:\/\/agora.xtec.cat\/ceip-alberich\/amipa\/","title":{"rendered":"AFA"},"content":{"rendered":"<p>Benvinguts aquest espai on hi podreu trobar informaci\u00f3 de l&#8217;Associaci\u00f3 de fam\u00edlies de l&#8217;escola.<\/p>\n<p>&nbsp;<\/p>\n<p><img loading=\"lazy\" decoding=\"async\" class=\"alignnone wp-image-9571 size-full\" src=\"https:\/\/agora.xtec.cat\/ceip-alberich\/wp-content\/uploads\/usu832\/2024\/08\/Logo-AFA-nohorari.png\" alt=\"\" width=\"1020\" height=\"583\" \/><\/p>\n<p><strong>HORARI D\u2019ATENCI\u00d3 A LES FAM\u00cdLIES<\/strong><\/p>\n<ul>\n<li style=\"list-style-type: none;\">\n<ul>\n<li>De dilluns, dimarts, dimecres i divendres de 8h a 12h<\/li>\n<li>Dimarts de 16h a 18h<\/li>\n<li>Dijous de 15h a 17h<\/li>\n<\/ul>\n<\/li>\n<\/ul>\n<p>Enviant un <strong>Dinantia<\/strong> a AFA (Associaci\u00f3 de fam\u00edlies) o correu electr\u00f2nic\u00a0<a href=\"mailto:afa@alberichicasas.com\">afa<span class=\"\">@<\/span>alberichicasas<span class=\"\">.com<\/span><\/a><\/p>\n<table style=\"width: 51.8688%; border-collapse: collapse; background-color: #ffecbf;\">\n<tbody>\n<tr>\n<td style=\"width: 100%;\"><strong>ATENCI\u00d3<\/strong>: El Whatsapp no es un canal de comunicaci\u00f3 v\u00e0lid<\/td>\n<\/tr>\n<\/tbody>\n<\/table>\n<p>&nbsp;<\/p>\n<p>&nbsp;<\/p>\n","protected":false},"excerpt":{"rendered":"<p>Benvinguts aquest espai on hi podreu trobar informaci\u00f3 de l&#8217;Associaci\u00f3 de fam\u00edlies de l&#8217;escola. &nbsp; HORARI D\u2019ATENCI\u00d3 A LES FAM\u00cdLIES De dilluns, dimarts, dimecres i divendres de 8h a 12h Dimarts de 16h a 18h Dijous de 15h a 17h Enviant un Dinantia a AFA (Associaci\u00f3 de fam\u00edlies) o correu electr\u00f2nic\u00a0afa@alberichicasas.com ATENCI\u00d3: El Whatsapp no [&hellip;]<\/p>\n","protected":false},"author":1,"featured_media":0,"parent":0,"menu_order":0,"comment_status":"closed","ping_status":"closed","template":"page-templates\/side-menu.php","meta":{"_bbp_topic_count":0,"_bbp_reply_count":0,"_bbp_total_topic_count":0,"_bbp_total_reply_count":0,"_bbp_voice_count":0,"_bbp_anonymous_reply_count":0,"_bbp_topic_count_hidden":0,"_bbp_reply_count_hidden":0,"_bbp_forum_subforum_count":0,"site-sidebar-layout":"default","site-content-layout":"","ast-site-content-layout":"","site-content-style":"default","site-sidebar-style":"default","ast-global-header-display":"","ast-banner-title-visibility":"","ast-main-header-display":"","ast-hfb-above-header-display":"","ast-hfb-below-header-display":"","ast-hfb-mobile-header-display":"","site-post-title":"","ast-breadcrumbs-content":"","ast-featured-img":"","footer-sml-layout":"","theme-transparent-header-meta":"","adv-header-id-meta":"","stick-header-meta":"","header-above-stick-meta":"","header-main-stick-meta":"","header-below-stick-meta":"","astra-migrate-meta-layouts":"default","ast-page-background-enabled":"default","ast-page-background-meta":{"desktop":{"background-color":"var(--ast-global-color-5)","background-image":"","background-repeat":"repeat","background-position":"center center","background-size":"auto","background-attachment":"scroll","background-type":"","background-media":"","overlay-type":"","overlay-color":"","overlay-opacity":"","overlay-gradient":""},"tablet":{"background-color":"","background-image":"","background-repeat":"repeat","background-position":"center center","background-size":"auto","background-attachment":"scroll","background-type":"","background-media":"","overlay-type":"","overlay-color":"","overlay-opacity":"","overlay-gradient":""},"mobile":{"background-color":"","background-image":"","background-repeat":"repeat","background-position":"center center","background-size":"auto","background-attachment":"scroll","background-type":"","background-media":"","overlay-type":"","overlay-color":"","overlay-opacity":"","overlay-gradient":""}},"ast-content-background-meta":{"desktop":{"background-color":"var(--ast-global-color-4)","background-image":"","background-repeat":"repeat","background-position":"center center","background-size":"auto","background-attachment":"scroll","background-type":"","background-media":"","overlay-type":"","overlay-color":"","overlay-opacity":"","overlay-gradient":""},"tablet":{"background-color":"var(--ast-global-color-4)","background-image":"","background-repeat":"repeat","background-position":"center center","background-size":"auto","background-attachment":"scroll","background-type":"","background-media":"","overlay-type":"","overlay-color":"","overlay-opacity":"","overlay-gradient":""},"mobile":{"background-color":"var(--ast-global-color-4)","background-image":"","background-repeat":"repeat","background-position":"center center","background-size":"auto","background-attachment":"scroll","background-type":"","background-media":"","overlay-type":"","overlay-color":"","overlay-opacity":"","overlay-gradient":""}},"footnotes":""},"class_list":["post-296","page","type-page","status-publish","hentry"],"post_mailing_queue_ids":[],"_links":{"self":[{"href":"https:\/\/agora.xtec.cat\/ceip-alberich\/wp-json\/wp\/v2\/pages\/296","targetHints":{"allow":["GET"]}}],"collection":[{"href":"https:\/\/agora.xtec.cat\/ceip-alberich\/wp-json\/wp\/v2\/pages"}],"about":[{"href":"https:\/\/agora.xtec.cat\/ceip-alberich\/wp-json\/wp\/v2\/types\/page"}],"author":[{"embeddable":true,"href":"https:\/\/agora.xtec.cat\/ceip-alberich\/wp-json\/wp\/v2\/users\/1"}],"replies":[{"embeddable":true,"href":"https:\/\/agora.xtec.cat\/ceip-alberich\/wp-json\/wp\/v2\/comments?post=296"}],"version-history":[{"count":6,"href":"https:\/\/agora.xtec.cat\/ceip-alberich\/wp-json\/wp\/v2\/pages\/296\/revisions"}],"predecessor-version":[{"id":9633,"href":"https:\/\/agora.xtec.cat\/ceip-alberich\/wp-json\/wp\/v2\/pages\/296\/revisions\/9633"}],"wp:attachment":[{"href":"https:\/\/agora.xtec.cat\/ceip-alberich\/wp-json\/wp\/v2\/media?parent=296"}],"curies":[{"name":"wp","href":"https:\/\/api.w.org\/{rel}","templated":true}]}}