{"id":4018,"date":"2021-04-10T14:59:45","date_gmt":"2021-04-10T12:59:45","guid":{"rendered":"https:\/\/agora.xtec.cat\/ceip-aguimera-vendrell\/?page_id=4018"},"modified":"2021-04-10T15:16:28","modified_gmt":"2021-04-10T13:16:28","slug":"escola-verda","status":"publish","type":"page","link":"https:\/\/agora.xtec.cat\/ceip-aguimera-vendrell\/escola-verda\/","title":{"rendered":"Escola Verda"},"content":{"rendered":"<h6 style=\"text-align: justify;\"><span style=\"color: #000000;\">La nostra escola est\u00e0 acreditada com a \u201cEscola Verda\u201d. Les <span style=\"color: #008000;\"><strong>Escoles Verdes<\/strong><\/span> \u00e9s un projecte del Departament de Medi Ambient i Sostenibilitat, les escoles que com nosaltres hi formem part treballem per <span style=\"color: #008000;\">afavorir una bona actitud davant el medi ambient, amb la finalitat d\u2019afrontar, des de l\u2019educaci\u00f3, els nous reptes i valors de la sostenibilitat. <\/span><\/span><\/h6>\n<h6><\/h6>\n<h6 style=\"text-align: justify;\"><span style=\"color: #000000;\">Voleu saber quins s\u00f3n els objectius d&#8217;aquest projecte? La <strong>Recicleta, la nostra mascota d&#8217;Escoles Verdes<\/strong>\u00a0us els explica:<\/span><\/h6>\n<h3><span style=\"color: #000000;\"><img loading=\"lazy\" decoding=\"async\" class=\" wp-image-4019 alignleft\" src=\"https:\/\/agora.xtec.cat\/ceip-aguimera-vendrell\/wp-content\/uploads\/usu102\/2021\/04\/fotorecicleta-150x150.jpg\" alt=\"\" width=\"163\" height=\"163\" \/><\/span><\/h3>\n<ul>\n<li><span style=\"color: #000000;\">Innovar, incloure, avan\u00e7ar, sistematitzar i organitzar accions educatives que tinguin la finalitat d&#8217;afrontar, des de l&#8217;educaci\u00f3, els nous reptes i valors de la sostenibilitat.<\/span><\/li>\n<li style=\"text-align: justify;\"><span style=\"color: #000000;\">Establir accions conjuntes de centre per dur a terme, vinculant-lo en la mesura possible amb la realitat del municipi, mitjan\u00e7ant activitats gen\u00e8riques i d\u2019ambientalitzaci\u00f3 curricular, per comprovar la viabilitat del projecte en els diferents cursos.<\/span><\/li>\n<li style=\"text-align: justify;\"><span style=\"color: #000000;\">Elaborar i redefinir el projecte, mitjan\u00e7ant el recull de dades, accions del curs i proposta d\u2019accions futures, i presentar-lo a tot l\u2019equip de centre i a la xarxa d\u2019escoles verdes.<\/span><\/li>\n<li style=\"text-align: justify;\"><span style=\"color: #000000;\">Donar continu\u00eftat al projecte i recollir-lo al PEC, mitjan\u00e7ant el comprom\u00eds, la vinculaci\u00f3 i participaci\u00f3 de tot el claustre, per consensuar-lo com a filosofia pedag\u00f2gica del centre.<\/span><\/li>\n<\/ul>\n<p>&nbsp;<\/p>\n<p><span style=\"color: #008000;\"><strong>Des de l&#8217;escola:<\/strong><\/span><\/p>\n<ul>\n<li><span style=\"color: #000000;\">Incorporem els valors de l\u2019educaci\u00f3 per a la sostenibilitat en tots els \u00e0mbits de la vida del centre.<\/span><br \/>\n<span style=\"color: #000000;\">Promovem la participaci\u00f3 i la implicaci\u00f3 activa de la comunitat educativa en la millora del seu entorn.<\/span><\/li>\n<li><span style=\"color: #000000;\">Ens replantegem el treball educatiu i l\u2019organitzaci\u00f3 del centre perqu\u00e8 creiem en l\u2019educaci\u00f3 per a la sostenibilitat i per tant: <\/span><span style=\"color: #000000;\">El claustre d\u00f3na suport al projecte.<\/span><\/li>\n<li><span style=\"color: #000000;\">Disposem d\u2019un Comit\u00e8 Ambiental format per mestres i alumnes, que \u00e9s l\u2019equip impulsor per a la dinamitzaci\u00f3 del proc\u00e9s de millora cont\u00ednua.<\/span><\/li>\n<li><span style=\"color: #000000;\">Dissenyem i realitzem de manera participada, i amb el suport de la direcci\u00f3 del centre i l\u2019aprovaci\u00f3 del Consell Escolar, un proc\u00e9s que inclou:<\/span><\/li>\n<\/ul>\n<p><span style=\"color: #000000;\">\u2013 Elaborar i revisar objectius de manera peri\u00f2dica en un Pla d\u2019educaci\u00f3 per a la sostenibilitat.<\/span><br \/>\n<span style=\"color: #000000;\">\u2013 Dur a terme plans d\u2019acci\u00f3 anuals per assolir objectius prioritaris.<\/span><\/p>\n<ul>\n<li><span style=\"color: #000000;\">Participem anualment en seminaris de dinamitzaci\u00f3 i suport a les escoles verdes.<\/span><\/li>\n<\/ul>\n<p>P\u00e0gina\u00a0<a href=\"http:\/\/mediambient.gencat.cat\/ca\/05_ambits_dactuacio\/educacio_i_sostenibilitat\/educacio_per_a_la_sostenibilitat\/escoles_verdes\" target=\"_blank\" rel=\"noopener noreferrer\">web del programa EscolesVerdes<\/a>.<\/p>\n","protected":false},"excerpt":{"rendered":"<p>La nostra escola est\u00e0 acreditada com a \u201cEscola Verda\u201d. Les Escoles Verdes \u00e9s un projecte del Departament de Medi Ambient i Sostenibilitat, les escoles que com nosaltres hi formem part treballem per afavorir una bona actitud davant el medi ambient, amb la finalitat d\u2019afrontar, des de l\u2019educaci\u00f3, els nous reptes i valors de la sostenibilitat. [&hellip;]<\/p>\n","protected":false},"author":1,"featured_media":0,"parent":0,"menu_order":0,"comment_status":"closed","ping_status":"closed","template":"","meta":{"_bbp_topic_count":0,"_bbp_reply_count":0,"_bbp_total_topic_count":0,"_bbp_total_reply_count":0,"_bbp_voice_count":0,"_bbp_anonymous_reply_count":0,"_bbp_topic_count_hidden":0,"_bbp_reply_count_hidden":0,"_bbp_forum_subforum_count":0,"site-sidebar-layout":"default","site-content-layout":"","ast-site-content-layout":"","site-content-style":"default","site-sidebar-style":"default","ast-global-header-display":"","ast-banner-title-visibility":"","ast-main-header-display":"","ast-hfb-above-header-display":"","ast-hfb-below-header-display":"","ast-hfb-mobile-header-display":"","site-post-title":"","ast-breadcrumbs-content":"","ast-featured-img":"","footer-sml-layout":"","theme-transparent-header-meta":"","adv-header-id-meta":"","stick-header-meta":"","header-above-stick-meta":"","header-main-stick-meta":"","header-below-stick-meta":"","astra-migrate-meta-layouts":"default","ast-page-background-enabled":"default","ast-page-background-meta":{"desktop":{"background-color":"var(--ast-global-color-4)","background-image":"","background-repeat":"repeat","background-position":"center center","background-size":"auto","background-attachment":"scroll","background-type":"","background-media":"","overlay-type":"","overlay-color":"","overlay-opacity":"","overlay-gradient":""},"tablet":{"background-color":"","background-image":"","background-repeat":"repeat","background-position":"center center","background-size":"auto","background-attachment":"scroll","background-type":"","background-media":"","overlay-type":"","overlay-color":"","overlay-opacity":"","overlay-gradient":""},"mobile":{"background-color":"","background-image":"","background-repeat":"repeat","background-position":"center center","background-size":"auto","background-attachment":"scroll","background-type":"","background-media":"","overlay-type":"","overlay-color":"","overlay-opacity":"","overlay-gradient":""}},"ast-content-background-meta":{"desktop":{"background-color":"var(--ast-global-color-5)","background-image":"","background-repeat":"repeat","background-position":"center center","background-size":"auto","background-attachment":"scroll","background-type":"","background-media":"","overlay-type":"","overlay-color":"","overlay-opacity":"","overlay-gradient":""},"tablet":{"background-color":"var(--ast-global-color-5)","background-image":"","background-repeat":"repeat","background-position":"center center","background-size":"auto","background-attachment":"scroll","background-type":"","background-media":"","overlay-type":"","overlay-color":"","overlay-opacity":"","overlay-gradient":""},"mobile":{"background-color":"var(--ast-global-color-5)","background-image":"","background-repeat":"repeat","background-position":"center center","background-size":"auto","background-attachment":"scroll","background-type":"","background-media":"","overlay-type":"","overlay-color":"","overlay-opacity":"","overlay-gradient":""}},"footnotes":""},"class_list":["post-4018","page","type-page","status-publish","hentry"],"post_mailing_queue_ids":[],"_links":{"self":[{"href":"https:\/\/agora.xtec.cat\/ceip-aguimera-vendrell\/wp-json\/wp\/v2\/pages\/4018","targetHints":{"allow":["GET"]}}],"collection":[{"href":"https:\/\/agora.xtec.cat\/ceip-aguimera-vendrell\/wp-json\/wp\/v2\/pages"}],"about":[{"href":"https:\/\/agora.xtec.cat\/ceip-aguimera-vendrell\/wp-json\/wp\/v2\/types\/page"}],"author":[{"embeddable":true,"href":"https:\/\/agora.xtec.cat\/ceip-aguimera-vendrell\/wp-json\/wp\/v2\/users\/1"}],"replies":[{"embeddable":true,"href":"https:\/\/agora.xtec.cat\/ceip-aguimera-vendrell\/wp-json\/wp\/v2\/comments?post=4018"}],"version-history":[{"count":3,"href":"https:\/\/agora.xtec.cat\/ceip-aguimera-vendrell\/wp-json\/wp\/v2\/pages\/4018\/revisions"}],"predecessor-version":[{"id":4028,"href":"https:\/\/agora.xtec.cat\/ceip-aguimera-vendrell\/wp-json\/wp\/v2\/pages\/4018\/revisions\/4028"}],"wp:attachment":[{"href":"https:\/\/agora.xtec.cat\/ceip-aguimera-vendrell\/wp-json\/wp\/v2\/media?parent=4018"}],"curies":[{"name":"wp","href":"https:\/\/api.w.org\/{rel}","templated":true}]}}