{"id":3005,"date":"2020-10-14T18:03:16","date_gmt":"2020-10-14T16:03:16","guid":{"rendered":"https:\/\/agora.xtec.cat\/ceip-aguimera-vendrell\/?page_id=3005"},"modified":"2024-09-30T16:27:57","modified_gmt":"2024-09-30T14:27:57","slug":"afa-associacio-de-families-dalumnes","status":"publish","type":"page","link":"https:\/\/agora.xtec.cat\/ceip-aguimera-vendrell\/afa-associacio-de-families-dalumnes\/","title":{"rendered":"AFA Associaci\u00f3 de fam\u00edlies d&#8217;alumnes"},"content":{"rendered":"<p style=\"text-align: left;\">Heu pensat mai qu\u00e8 podeu fer per a l&#8217;escola? Qu\u00e8 podeu aportar per seguir millorant-la? Quin pot ser el vostre granet de sorra? Formar part de l&#8217;AFA sens dubte!<\/p>\n<p style=\"text-align: left;\">Aquest sentiment de voler ser un m\u00e9s a l&#8217;escola, que all\u00f2 que tenim al cap pugui acabar sent una realitat, \u00e9s possibles gr\u00e0cies a l&#8217;AFA, l&#8217;Associaci\u00f3 de Fam\u00edlies d&#8217;alumnes (el qu\u00e8 abans tots coneix\u00edem com AMPA).<\/p>\n<p style=\"text-align: left;\">Fam\u00edlies! Tamb\u00e9 som part de la vostra representaci\u00f3 a l\u2019escola! Volem continuar tenint la mateixa for\u00e7a i il\u00b7lusi\u00f3 que el primer dia, per tal de continuar millorant i aportant en positiu a la nostra estimada escola.<\/p>\n<p><a href=\"https:\/\/agora.xtec.cat\/ceip-aguimera-vendrell\/wp-content\/uploads\/usu102\/2020\/10\/images-2.jpg\"><img loading=\"lazy\" decoding=\"async\" class=\"size-full wp-image-3060 aligncenter\" src=\"https:\/\/agora.xtec.cat\/ceip-aguimera-vendrell\/wp-content\/uploads\/usu102\/2020\/10\/images-2.jpg\" alt=\"\" width=\"407\" height=\"124\" srcset=\"https:\/\/agora.xtec.cat\/ceip-aguimera-vendrell\/wp-content\/uploads\/usu102\/2020\/10\/images-2.jpg 407w, https:\/\/agora.xtec.cat\/ceip-aguimera-vendrell\/wp-content\/uploads\/usu102\/2020\/10\/images-2-300x91.jpg 300w\" sizes=\"auto, (max-width: 407px) 100vw, 407px\" \/><\/a><\/p>\n<p style=\"text-align: left;\">La nostra associaci\u00f3 \u00e9s totalment volunt\u00e0ria, treballem de forma activa i en estreta col\u00b7laboraci\u00f3 amb l&#8217;escola, aportant el nostre granet de sorra amb l&#8217;equipament i material que l\u2019escola i l\u2019alumnat pugui necessitar. Tamb\u00e9 estem en constant contacte amb l&#8217;equip directiu participant activament en totes les activitats, com s\u00f3n les festes tradicionals que el centre celebra.<\/p>\n<p>En els darrers anys hem col\u00b7laborat tamb\u00e9 econ\u00f2micament en l&#8217;equipament inform\u00e0tic i amb el mobiliari de l&#8217;aula d&#8217;inform\u00e0tica, i hem participat en la insonoritzaci\u00f3 del nostre menjador escolar.<\/p>\n<p style=\"text-align: left;\"><a href=\"https:\/\/agora.xtec.cat\/ceip-aguimera-vendrell\/wp-content\/uploads\/usu102\/2020\/10\/qu\u00e8-fem.jpg\"><img loading=\"lazy\" decoding=\"async\" class=\"wp-image-3059 aligncenter\" src=\"https:\/\/agora.xtec.cat\/ceip-aguimera-vendrell\/wp-content\/uploads\/usu102\/2020\/10\/qu\u00e8-fem.jpg\" alt=\"\" width=\"301\" height=\"387\" srcset=\"https:\/\/agora.xtec.cat\/ceip-aguimera-vendrell\/wp-content\/uploads\/usu102\/2020\/10\/qu\u00e8-fem.jpg 660w, https:\/\/agora.xtec.cat\/ceip-aguimera-vendrell\/wp-content\/uploads\/usu102\/2020\/10\/qu\u00e8-fem-233x300.jpg 233w\" sizes=\"auto, (max-width: 301px) 100vw, 301px\" \/><\/a><\/p>\n<p style=\"text-align: left;\">No dubteu que seguirem col\u00b7laborant en tot el que ens sigui possible per a millorar el nostre centre!<\/p>\n<p style=\"text-align: left;\">Com ho podeu fer? Ben f\u00e0cil!<\/p>\n<p style=\"text-align: left;\"><strong>Fent-vos socis de l&#8217;AFA.<\/strong><\/p>\n<p style=\"text-align: left;\"><strong>La quota de socis \u00e9s de 25\u20ac per fam\u00edlia. <\/strong><\/p>\n<p style=\"text-align: left;\">Inclou: <strong>1 paquet de folis<\/strong> pels alumnes d\u2019Educaci\u00f3 Infantil i <strong>l\u2019agenda<\/strong> pels alumnes de Prim\u00e0ria.<\/p>\n<p style=\"text-align: left;\">Com a socis, podeu gaudir de preus especials dels articles que tenim a la venda, i importants descomptes a les extraescolars esportives del Pla Catal\u00e0 de l\u2019Esport.<\/p>\n<p style=\"text-align: left;\"><a href=\"https:\/\/agora.xtec.cat\/ceip-aguimera-vendrell\/wp-content\/uploads\/usu102\/2020\/10\/pla-catala-de-lesport.jpg\"><img loading=\"lazy\" decoding=\"async\" class=\" wp-image-3061 aligncenter\" src=\"https:\/\/agora.xtec.cat\/ceip-aguimera-vendrell\/wp-content\/uploads\/usu102\/2020\/10\/pla-catala-de-lesport.jpg\" alt=\"\" width=\"193\" height=\"132\" \/><\/a><br \/>\nParticipem activament amb la Ballaruga i podreu gaudir dels avantatges (descomptes) del Carnet \u00danic als comer\u00e7os del Vendrell i moltes coses m\u00e9s.<a href=\"https:\/\/agora.xtec.cat\/ceip-aguimera-vendrell\/wp-content\/uploads\/usu102\/2020\/10\/ballaruga-1.jpg\"><img loading=\"lazy\" decoding=\"async\" class=\"wp-image-3062 aligncenter\" src=\"https:\/\/agora.xtec.cat\/ceip-aguimera-vendrell\/wp-content\/uploads\/usu102\/2020\/10\/ballaruga-1.jpg\" alt=\"\" width=\"198\" height=\"134\" \/><\/a><\/p>\n<p style=\"text-align: left;\">Si voleu venir a comprar samarretes, bates, folis i agenda escolar, el nostre horari \u00e9s:<\/p>\n<p style=\"text-align: left;\">Primer DILLUNS de cada mes al mat\u00ed de 9:05 a 9:45h<br \/>\nTots els DIVENDRES a la tarda de 15:05 a 16:00h<\/p>\n<p style=\"text-align: left;\"><strong>NOVETAT:<\/strong> <strong>Heu de demanar hora a trav\u00e9s de la nostra web:<\/strong><\/p>\n<p style=\"text-align: left;\"><a href=\"https:\/\/afaangelguimera.dyndns.org\/hora\/\">https:\/\/afaangelguimera.dyndns.org\/hora\/<\/a><\/p>\n<p style=\"text-align: left;\">Tamb\u00e9 podeu contactar amb nosaltres a trav\u00e9s del correu:\u00a0 aampaguimera@gmail.com.<\/p>\n<p style=\"text-align: left;\">Us animem a que ens seguiu per Instagram a @afaguimera.<\/p>\n<p style=\"text-align: left;\">Us esperem amb els bra\u00e7os oberts per formar part de l\u2019associaci\u00f3, com tamb\u00e9 per seguir creixent amb m\u00e9s fam\u00edlies s\u00f2cies. Entre tots i totes fem una escola oberta i participativa!!!<\/p>\n","protected":false},"excerpt":{"rendered":"<p>Heu pensat mai qu\u00e8 podeu fer per a l&#8217;escola? Qu\u00e8 podeu aportar per seguir millorant-la? Quin pot ser el vostre granet de sorra? Formar part de l&#8217;AFA sens dubte! Aquest sentiment de voler ser un m\u00e9s a l&#8217;escola, que all\u00f2 que tenim al cap pugui acabar sent una realitat, \u00e9s possibles gr\u00e0cies a l&#8217;AFA, l&#8217;Associaci\u00f3 [&hellip;]<\/p>\n","protected":false},"author":1,"featured_media":0,"parent":0,"menu_order":0,"comment_status":"closed","ping_status":"closed","template":"","meta":{"_bbp_topic_count":0,"_bbp_reply_count":0,"_bbp_total_topic_count":0,"_bbp_total_reply_count":0,"_bbp_voice_count":0,"_bbp_anonymous_reply_count":0,"_bbp_topic_count_hidden":0,"_bbp_reply_count_hidden":0,"_bbp_forum_subforum_count":0,"site-sidebar-layout":"default","site-content-layout":"","ast-site-content-layout":"","site-content-style":"default","site-sidebar-style":"default","ast-global-header-display":"","ast-banner-title-visibility":"","ast-main-header-display":"","ast-hfb-above-header-display":"","ast-hfb-below-header-display":"","ast-hfb-mobile-header-display":"","site-post-title":"","ast-breadcrumbs-content":"","ast-featured-img":"","footer-sml-layout":"","theme-transparent-header-meta":"","adv-header-id-meta":"","stick-header-meta":"","header-above-stick-meta":"","header-main-stick-meta":"","header-below-stick-meta":"","astra-migrate-meta-layouts":"default","ast-page-background-enabled":"default","ast-page-background-meta":{"desktop":{"background-color":"var(--ast-global-color-4)","background-image":"","background-repeat":"repeat","background-position":"center center","background-size":"auto","background-attachment":"scroll","background-type":"","background-media":"","overlay-type":"","overlay-color":"","overlay-opacity":"","overlay-gradient":""},"tablet":{"background-color":"","background-image":"","background-repeat":"repeat","background-position":"center center","background-size":"auto","background-attachment":"scroll","background-type":"","background-media":"","overlay-type":"","overlay-color":"","overlay-opacity":"","overlay-gradient":""},"mobile":{"background-color":"","background-image":"","background-repeat":"repeat","background-position":"center center","background-size":"auto","background-attachment":"scroll","background-type":"","background-media":"","overlay-type":"","overlay-color":"","overlay-opacity":"","overlay-gradient":""}},"ast-content-background-meta":{"desktop":{"background-color":"var(--ast-global-color-5)","background-image":"","background-repeat":"repeat","background-position":"center center","background-size":"auto","background-attachment":"scroll","background-type":"","background-media":"","overlay-type":"","overlay-color":"","overlay-opacity":"","overlay-gradient":""},"tablet":{"background-color":"var(--ast-global-color-5)","background-image":"","background-repeat":"repeat","background-position":"center center","background-size":"auto","background-attachment":"scroll","background-type":"","background-media":"","overlay-type":"","overlay-color":"","overlay-opacity":"","overlay-gradient":""},"mobile":{"background-color":"var(--ast-global-color-5)","background-image":"","background-repeat":"repeat","background-position":"center center","background-size":"auto","background-attachment":"scroll","background-type":"","background-media":"","overlay-type":"","overlay-color":"","overlay-opacity":"","overlay-gradient":""}},"footnotes":""},"class_list":["post-3005","page","type-page","status-publish","hentry"],"post_mailing_queue_ids":[],"_links":{"self":[{"href":"https:\/\/agora.xtec.cat\/ceip-aguimera-vendrell\/wp-json\/wp\/v2\/pages\/3005","targetHints":{"allow":["GET"]}}],"collection":[{"href":"https:\/\/agora.xtec.cat\/ceip-aguimera-vendrell\/wp-json\/wp\/v2\/pages"}],"about":[{"href":"https:\/\/agora.xtec.cat\/ceip-aguimera-vendrell\/wp-json\/wp\/v2\/types\/page"}],"author":[{"embeddable":true,"href":"https:\/\/agora.xtec.cat\/ceip-aguimera-vendrell\/wp-json\/wp\/v2\/users\/1"}],"replies":[{"embeddable":true,"href":"https:\/\/agora.xtec.cat\/ceip-aguimera-vendrell\/wp-json\/wp\/v2\/comments?post=3005"}],"version-history":[{"count":6,"href":"https:\/\/agora.xtec.cat\/ceip-aguimera-vendrell\/wp-json\/wp\/v2\/pages\/3005\/revisions"}],"predecessor-version":[{"id":7437,"href":"https:\/\/agora.xtec.cat\/ceip-aguimera-vendrell\/wp-json\/wp\/v2\/pages\/3005\/revisions\/7437"}],"wp:attachment":[{"href":"https:\/\/agora.xtec.cat\/ceip-aguimera-vendrell\/wp-json\/wp\/v2\/media?parent=3005"}],"curies":[{"name":"wp","href":"https:\/\/api.w.org\/{rel}","templated":true}]}}