{"id":2697,"date":"2020-04-20T11:24:11","date_gmt":"2020-04-20T09:24:11","guid":{"rendered":"https:\/\/agora.xtec.cat\/ceip-aguimera-vendrell\/?page_id=2697"},"modified":"2021-03-28T14:40:41","modified_gmt":"2021-03-28T12:40:41","slug":"alumnat-nouvingut","status":"publish","type":"page","link":"https:\/\/agora.xtec.cat\/ceip-aguimera-vendrell\/orientacionsipropostes\/alumnat-nouvingut\/","title":{"rendered":"Comissions mixtes"},"content":{"rendered":"<h6 style=\"text-align: justify;\">La<span style=\"color: #008000;\"><strong> col\u00b7laboraci\u00f3 de les fam\u00edlies<\/strong><\/span> en la vida de l\u2019escola t\u00e9 un <strong><span style=\"color: #008000;\">paper indispensable<\/span><\/strong> en el nostre dia a dia educatiu, \u00e9s per aquest motiu que treballem per a potenciar la participaci\u00f3, a trav\u00e9s de la creaci\u00f3 i la dinamitzaci\u00f3 de diferents espais de trobada i de participaci\u00f3, aix\u00ed com de l\u2019establiment de diferents canals comunicatius entre els diferents membres de la comunitat educativa.<\/h6>\n<h6 style=\"text-align: justify;\"><\/h6>\n<p style=\"text-align: justify;\">De forma progressiva, hem anat creant nous espais de trobada i formes de col\u00b7laboraci\u00f3, que potenci\u00efn la participaci\u00f3 d\u2019aquelles fam\u00edlies que es van incorporant a l\u2019escola i que afavoreixen el fet que l\u2019escola esdevingui un espai per a sentir-se b\u00e9, relacionar-se i compartir criteris educatius.<\/p>\n<h6 style=\"text-align: justify;\"><\/h6>\n<p style=\"text-align: justify;\">Les diferents comissions mixtes (Familiars i Mestres) que hi ha a l\u2019escola s\u00f3n les seg\u00fcents:<\/p>\n<ul>\n<li><span style=\"color: #000000;\"><strong>Comissi\u00f3 de L\u00fadics i m\u00e0gics<\/strong><\/span><\/li>\n<li style=\"text-align: justify;\"><span style=\"color: #000000;\"><strong>Comissi\u00f3 d&#8217;Aprenentatges i valors<\/strong><\/span><\/li>\n<li style=\"text-align: justify;\"><span style=\"color: #000000;\"><strong>Comissi\u00f3 d&#8217;Infraestructures<\/strong><\/span><\/li>\n<li style=\"text-align: justify;\"><span style=\"color: #000000;\"><strong>Comissi\u00f3 de Voluntariat<\/strong><\/span><\/li>\n<\/ul>\n<p>El paper de les fam\u00edlies i la seva ajuda \u00e9s fonamental. Animeu-vos a formar part d&#8217;alguna comissi\u00f3. \ud83d\ude09<\/p>\n","protected":false},"excerpt":{"rendered":"<p>La col\u00b7laboraci\u00f3 de les fam\u00edlies en la vida de l\u2019escola t\u00e9 un paper indispensable en el nostre dia a dia educatiu, \u00e9s per aquest motiu que treballem per a potenciar la participaci\u00f3, a trav\u00e9s de la creaci\u00f3 i la dinamitzaci\u00f3 de diferents espais de trobada i de participaci\u00f3, aix\u00ed com de l\u2019establiment de diferents canals [&hellip;]<\/p>\n","protected":false},"author":1,"featured_media":0,"parent":1556,"menu_order":0,"comment_status":"closed","ping_status":"closed","template":"page-templates\/side-menu.php","meta":{"_bbp_topic_count":0,"_bbp_reply_count":0,"_bbp_total_topic_count":0,"_bbp_total_reply_count":0,"_bbp_voice_count":0,"_bbp_anonymous_reply_count":0,"_bbp_topic_count_hidden":0,"_bbp_reply_count_hidden":0,"_bbp_forum_subforum_count":0,"site-sidebar-layout":"default","site-content-layout":"","ast-site-content-layout":"","site-content-style":"default","site-sidebar-style":"default","ast-global-header-display":"","ast-banner-title-visibility":"","ast-main-header-display":"","ast-hfb-above-header-display":"","ast-hfb-below-header-display":"","ast-hfb-mobile-header-display":"","site-post-title":"","ast-breadcrumbs-content":"","ast-featured-img":"","footer-sml-layout":"","theme-transparent-header-meta":"","adv-header-id-meta":"","stick-header-meta":"","header-above-stick-meta":"","header-main-stick-meta":"","header-below-stick-meta":"","astra-migrate-meta-layouts":"default","ast-page-background-enabled":"default","ast-page-background-meta":{"desktop":{"background-color":"var(--ast-global-color-4)","background-image":"","background-repeat":"repeat","background-position":"center center","background-size":"auto","background-attachment":"scroll","background-type":"","background-media":"","overlay-type":"","overlay-color":"","overlay-opacity":"","overlay-gradient":""},"tablet":{"background-color":"","background-image":"","background-repeat":"repeat","background-position":"center center","background-size":"auto","background-attachment":"scroll","background-type":"","background-media":"","overlay-type":"","overlay-color":"","overlay-opacity":"","overlay-gradient":""},"mobile":{"background-color":"","background-image":"","background-repeat":"repeat","background-position":"center center","background-size":"auto","background-attachment":"scroll","background-type":"","background-media":"","overlay-type":"","overlay-color":"","overlay-opacity":"","overlay-gradient":""}},"ast-content-background-meta":{"desktop":{"background-color":"var(--ast-global-color-5)","background-image":"","background-repeat":"repeat","background-position":"center center","background-size":"auto","background-attachment":"scroll","background-type":"","background-media":"","overlay-type":"","overlay-color":"","overlay-opacity":"","overlay-gradient":""},"tablet":{"background-color":"var(--ast-global-color-5)","background-image":"","background-repeat":"repeat","background-position":"center center","background-size":"auto","background-attachment":"scroll","background-type":"","background-media":"","overlay-type":"","overlay-color":"","overlay-opacity":"","overlay-gradient":""},"mobile":{"background-color":"var(--ast-global-color-5)","background-image":"","background-repeat":"repeat","background-position":"center center","background-size":"auto","background-attachment":"scroll","background-type":"","background-media":"","overlay-type":"","overlay-color":"","overlay-opacity":"","overlay-gradient":""}},"footnotes":""},"class_list":["post-2697","page","type-page","status-publish","hentry"],"post_mailing_queue_ids":[],"_links":{"self":[{"href":"https:\/\/agora.xtec.cat\/ceip-aguimera-vendrell\/wp-json\/wp\/v2\/pages\/2697","targetHints":{"allow":["GET"]}}],"collection":[{"href":"https:\/\/agora.xtec.cat\/ceip-aguimera-vendrell\/wp-json\/wp\/v2\/pages"}],"about":[{"href":"https:\/\/agora.xtec.cat\/ceip-aguimera-vendrell\/wp-json\/wp\/v2\/types\/page"}],"author":[{"embeddable":true,"href":"https:\/\/agora.xtec.cat\/ceip-aguimera-vendrell\/wp-json\/wp\/v2\/users\/1"}],"replies":[{"embeddable":true,"href":"https:\/\/agora.xtec.cat\/ceip-aguimera-vendrell\/wp-json\/wp\/v2\/comments?post=2697"}],"version-history":[{"count":3,"href":"https:\/\/agora.xtec.cat\/ceip-aguimera-vendrell\/wp-json\/wp\/v2\/pages\/2697\/revisions"}],"predecessor-version":[{"id":3961,"href":"https:\/\/agora.xtec.cat\/ceip-aguimera-vendrell\/wp-json\/wp\/v2\/pages\/2697\/revisions\/3961"}],"up":[{"embeddable":true,"href":"https:\/\/agora.xtec.cat\/ceip-aguimera-vendrell\/wp-json\/wp\/v2\/pages\/1556"}],"wp:attachment":[{"href":"https:\/\/agora.xtec.cat\/ceip-aguimera-vendrell\/wp-json\/wp\/v2\/media?parent=2697"}],"curies":[{"name":"wp","href":"https:\/\/api.w.org\/{rel}","templated":true}]}}