{"id":64,"date":"2014-09-18T12:39:08","date_gmt":"2014-09-18T11:39:08","guid":{"rendered":"http:\/\/agora.xtec.cat\/ceip-agsantandreu\/?page_id=64"},"modified":"2023-09-19T16:20:58","modified_gmt":"2023-09-19T14:20:58","slug":"projecte-educatiu","status":"publish","type":"page","link":"https:\/\/agora.xtec.cat\/ceip-agsantandreu\/projecte-educatiu\/","title":{"rendered":"Projecte educatiu"},"content":{"rendered":"<p>D&#8217;acord amb la <a title=\"Article 91 LEC\" href=\"http:\/\/www20.gencat.cat\/portal\/site\/portaljuridic\/menuitem.d15a4e5dfb99396dc366ec10b0c0e1a0\/?vgnextoid=b85297b5a87d6210VgnVCM1000000b0c1e0aRCRD&amp;vgnextchannel=b85297b5a87d6210VgnVCM1000000b0c1e0aRCRD&amp;vgnextfmt=default&amp;action=fitxa&amp;portalId=1&amp;documentId=480169&amp;newLang=ca_ES#fragment-1182442\" target=\"_blank\" rel=\"noopener noreferrer\">Llei d&#8217;Educaci\u00f3 de Catalunya<\/a>, el projecte educatiu incorpora el car\u00e0cter propi del centre.<\/p>\n<p>El projecte educatiu de centre (PEC) \u00e9s un document que inclou els trets d&#8217;identitat del centre, els principis pedag\u00f2gics, els principis organitzatius i el projecte ling\u00fc\u00edstic.<\/p>\n<p>Els centres p\u00fablics i els centres privats concertats han de disposar de projecte educatiu, d&#8217;acord amb el que estableix la Llei 12\/2009, del 10 de juliol, d&#8217;educaci\u00f3.<\/p>\n<p>Podeu consultar el nostre PEC i altres\u00a0 documents del centre clicant l&#8217;enlla\u00e7 corresponent:<\/p>\n<ul>\n<li><span style=\"color: #33cccc;\"><strong><a style=\"color: #33cccc;\" href=\"http:\/\/agora.xtec.cat\/ceip-agsantandreu\/wp-content\/uploads\/usu37\/2014\/09\/PEC-Guimer\u00e0-preins-18-19.pdf\">PROJECTE EDUCATIU (PEC)<\/a><\/strong><\/span><\/li>\n<\/ul>\n<ul>\n<li><span style=\"color: #33cccc;\"><strong><a style=\"color: #33cccc;\" href=\"https:\/\/agora.xtec.cat\/ceip-agsantandreu\/wp-content\/uploads\/usu37\/2019\/02\/PROJECTE-LING\u00dc\u00cdSTIC-DE-CENTRE.pdf\">PROJECTE LING\u00dc\u00cdSTIC (PLC)<\/a><\/strong><\/span><\/li>\n<\/ul>\n<ul style=\"list-style-type: circle;\">\n<li><span style=\"color: #33cccc;\"><strong><a style=\"color: #33cccc;\" href=\"https:\/\/agora.xtec.cat\/ceip-agsantandreu\/wp-content\/uploads\/usu37\/2023\/09\/PROJECTE-DE-CONVIVENCIA-final-19-20-2.pdf\" target=\"_blank\" rel=\"noopener\">PROJECTE DE<\/a><a style=\"color: #33cccc;\" href=\"https:\/\/agora.xtec.cat\/ceip-agsantandreu\/wp-content\/uploads\/usu37\/2023\/09\/PROJECTE-DE-CONVIVENCIA-final-19-20-2.pdf\" target=\"_blank\" rel=\"noopener\"> CONVIV\u00c8NCIA (PdC)<\/a><\/strong><\/span><\/li>\n<\/ul>\n<ul>\n<li><span style=\"color: #33cccc;\"><strong><a style=\"color: #33cccc;\" href=\"https:\/\/agora.xtec.cat\/ceip-agsantandreu\/wp-content\/uploads\/usu37\/2023\/07\/NOFC-GUIMERA.pdf\" target=\"_blank\" rel=\"noopener\">NORMES D&#8217;ORGANITZACI\u00d3 I FUNCIONAMENT DE CENTRE (NOFC<\/a><a style=\"color: #33cccc;\" href=\"https:\/\/agora.xtec.cat\/ceip-agsantandreu\/wp-content\/uploads\/usu37\/2019\/11\/NOFC-GUIMERA.pdf\">)<\/a><\/strong><\/span><\/li>\n<\/ul>\n<ul>\n<li style=\"list-style-type: none;\">\n<ul style=\"list-style-type: circle;\">\n<li><span style=\"color: #33cccc;\"><strong><a style=\"color: #33cccc;\" href=\"https:\/\/agora.xtec.cat\/ceip-agsantandreu\/wp-content\/uploads\/usu37\/2019\/11\/ANNEXOS-NOFC.pdf\">ANNEXOS NOFC<\/a><\/strong><\/span><\/li>\n<\/ul>\n<\/li>\n<\/ul>\n<ul>\n<li><span style=\"color: #33cccc;\"><strong><a style=\"color: #33cccc;\" href=\"https:\/\/agora.xtec.cat\/ceip-agsantandreu\/wp-content\/uploads\/usu37\/2019\/01\/Carta-de-comprom\u00eds.pdf\">CARTA DE COMPROM\u00cdS EDUCATIU<\/a><\/strong><\/span><\/li>\n<\/ul>\n<p><a href=\"https:\/\/youtu.be\/J3g9aOYikL4\"><img loading=\"lazy\" decoding=\"async\" class=\"alignnone wp-image-3163\" src=\"https:\/\/agora.xtec.cat\/ceip-agsantandreu\/wp-content\/uploads\/usu37\/2020\/02\/Himne-escola-1024x651.jpg\" alt=\"\" width=\"429\" height=\"273\" srcset=\"https:\/\/agora.xtec.cat\/ceip-agsantandreu\/wp-content\/uploads\/usu37\/2020\/02\/Himne-escola-1024x651.jpg 1024w, https:\/\/agora.xtec.cat\/ceip-agsantandreu\/wp-content\/uploads\/usu37\/2020\/02\/Himne-escola-300x191.jpg 300w, https:\/\/agora.xtec.cat\/ceip-agsantandreu\/wp-content\/uploads\/usu37\/2020\/02\/Himne-escola-768x488.jpg 768w, https:\/\/agora.xtec.cat\/ceip-agsantandreu\/wp-content\/uploads\/usu37\/2020\/02\/Himne-escola.jpg 1541w\" sizes=\"auto, (max-width: 429px) 100vw, 429px\" \/><\/a><\/p>\n<p>Per escoltar l&#8217;himne de la nostra escola cliqueu a sobre de la foto.<\/p>\n<p>&nbsp;<\/p>\n","protected":false},"excerpt":{"rendered":"<p>D&#8217;acord amb la <a title=\"Article 91 LEC\" href=\"http:\/\/www20.gencat.cat\/portal\/site\/portaljuridic\/menuitem.d15a4e5dfb99396dc366ec10b0c0e1a0\/?vgnextoid=b85297b5a87d6210VgnVCM1000000b0c1e0aRCRD&amp;vgnextchannel=b85297b5a87d6210VgnVCM1000000b0c1e0aRCRD&amp;vgnextfmt=default&amp;action=fitxa&amp;portalId=1&amp;documentId=480169&amp;newLang=ca_ES#fragment-1182442\" target=\"_blank\" rel=\"noopener noreferrer\">Llei d&#8217;Educaci\u00f3 de Catalunya<\/a>, el projecte educatiu incorpora el car\u00e0cter propi del centre.<br \/>\nEl projecte educatiu de centre (PEC) \u00e9s un document que inclou els trets d&#8217;identitat del centre, els principis pedag\u00f2gics, els principis organitzatius i&hellip;  <a href=\"https:\/\/agora.xtec.cat\/ceip-agsantandreu\/projecte-educatiu\/\" title=\"Read Projecte educatiu\">Llegeix m\u00e9s\u00bb<\/a><\/p>\n","protected":false},"author":1,"featured_media":0,"parent":0,"menu_order":0,"comment_status":"closed","ping_status":"closed","template":"page-templates\/side-menu.php","meta":{"_bbp_topic_count":0,"_bbp_reply_count":0,"_bbp_total_topic_count":0,"_bbp_total_reply_count":0,"_bbp_voice_count":0,"_bbp_anonymous_reply_count":0,"_bbp_topic_count_hidden":0,"_bbp_reply_count_hidden":0,"_bbp_forum_subforum_count":0,"footnotes":""},"class_list":["post-64","page","type-page","status-publish","hentry"],"post_mailing_queue_ids":[],"_links":{"self":[{"href":"https:\/\/agora.xtec.cat\/ceip-agsantandreu\/wp-json\/wp\/v2\/pages\/64","targetHints":{"allow":["GET"]}}],"collection":[{"href":"https:\/\/agora.xtec.cat\/ceip-agsantandreu\/wp-json\/wp\/v2\/pages"}],"about":[{"href":"https:\/\/agora.xtec.cat\/ceip-agsantandreu\/wp-json\/wp\/v2\/types\/page"}],"author":[{"embeddable":true,"href":"https:\/\/agora.xtec.cat\/ceip-agsantandreu\/wp-json\/wp\/v2\/users\/1"}],"replies":[{"embeddable":true,"href":"https:\/\/agora.xtec.cat\/ceip-agsantandreu\/wp-json\/wp\/v2\/comments?post=64"}],"version-history":[{"count":3,"href":"https:\/\/agora.xtec.cat\/ceip-agsantandreu\/wp-json\/wp\/v2\/pages\/64\/revisions"}],"predecessor-version":[{"id":7595,"href":"https:\/\/agora.xtec.cat\/ceip-agsantandreu\/wp-json\/wp\/v2\/pages\/64\/revisions\/7595"}],"wp:attachment":[{"href":"https:\/\/agora.xtec.cat\/ceip-agsantandreu\/wp-json\/wp\/v2\/media?parent=64"}],"curies":[{"name":"wp","href":"https:\/\/api.w.org\/{rel}","templated":true}]}}

<p>D&#8217;acord amb la <a title="Article 91 LEC" href="http://www20.gencat.cat/portal/site/portaljuridic/menuitem.d15a4e5dfb99396dc366ec10b0c0e1a0/?vgnextoid=b85297b5a87d6210VgnVCM1000000b0c1e0aRCRD&amp;vgnextchannel=b85297b5a87d6210VgnVCM1000000b0c1e0aRCRD&amp;vgnextfmt=default&amp;action=fitxa&amp;portalId=1&amp;documentId=480169&amp;newLang=ca_ES#fragment-1182442" target="_blank" rel="noopener noreferrer">Llei d&#8217;Educació de Catalunya</a>, el projecte educatiu incorpora el caràcter propi del centre.</p>
<p>El projecte educatiu de centre (PEC) és un document que inclou els trets d&#8217;identitat del centre, els principis pedagògics, els principis organitzatius i el projecte lingüístic.</p>
<p>Els centres públics i els centres privats concertats han de disposar de projecte educatiu, d&#8217;acord amb el que estableix la Llei 12/2009, del 10 de juliol, d&#8217;educació.</p>
<p>Podeu consultar el nostre PEC i altres  documents del centre clicant l&#8217;enllaç corresponent:</p>
<ul>
<li><span style="color: #33cccc;"><strong><a style="color: #33cccc;" href="http://agora.xtec.cat/ceip-agsantandreu/wp-content/uploads/usu37/2014/09/PEC-Guimerà-preins-18-19.pdf">PROJECTE EDUCATIU (PEC)</a></strong></span></li>
</ul>
<ul>
<li><span style="color: #33cccc;"><strong><a style="color: #33cccc;" href="https://agora.xtec.cat/ceip-agsantandreu/wp-content/uploads/usu37/2019/02/PROJECTE-LINGÜÍSTIC-DE-CENTRE.pdf">PROJECTE LINGÜÍSTIC (PLC)</a></strong></span></li>
</ul>
<ul style="list-style-type: circle;">
<li><span style="color: #33cccc;"><strong><a style="color: #33cccc;" href="https://agora.xtec.cat/ceip-agsantandreu/wp-content/uploads/usu37/2023/09/PROJECTE-DE-CONVIVENCIA-final-19-20-2.pdf" target="_blank" rel="noopener">PROJECTE DE</a><a style="color: #33cccc;" href="https://agora.xtec.cat/ceip-agsantandreu/wp-content/uploads/usu37/2023/09/PROJECTE-DE-CONVIVENCIA-final-19-20-2.pdf" target="_blank" rel="noopener"> CONVIVÈNCIA (PdC)</a></strong></span></li>
</ul>
<ul>
<li><span style="color: #33cccc;"><strong><a style="color: #33cccc;" href="https://agora.xtec.cat/ceip-agsantandreu/wp-content/uploads/usu37/2023/07/NOFC-GUIMERA.pdf" target="_blank" rel="noopener">NORMES D&#8217;ORGANITZACIÓ I FUNCIONAMENT DE CENTRE (NOFC</a><a style="color: #33cccc;" href="https://agora.xtec.cat/ceip-agsantandreu/wp-content/uploads/usu37/2019/11/NOFC-GUIMERA.pdf">)</a></strong></span></li>
</ul>
<ul>
<li style="list-style-type: none;">
<ul style="list-style-type: circle;">
<li><span style="color: #33cccc;"><strong><a style="color: #33cccc;" href="https://agora.xtec.cat/ceip-agsantandreu/wp-content/uploads/usu37/2019/11/ANNEXOS-NOFC.pdf">ANNEXOS NOFC</a></strong></span></li>
</ul>
</li>
</ul>
<ul>
<li><span style="color: #33cccc;"><strong><a style="color: #33cccc;" href="https://agora.xtec.cat/ceip-agsantandreu/wp-content/uploads/usu37/2019/01/Carta-de-compromís.pdf">CARTA DE COMPROMÍS EDUCATIU</a></strong></span></li>
</ul>
<p><a href="https://youtu.be/J3g9aOYikL4"><img loading="lazy" decoding="async" class="alignnone wp-image-3163" src="https://agora.xtec.cat/ceip-agsantandreu/wp-content/uploads/usu37/2020/02/Himne-escola-1024x651.jpg" alt="" width="429" height="273" srcset="https://agora.xtec.cat/ceip-agsantandreu/wp-content/uploads/usu37/2020/02/Himne-escola-1024x651.jpg 1024w, https://agora.xtec.cat/ceip-agsantandreu/wp-content/uploads/usu37/2020/02/Himne-escola-300x191.jpg 300w, https://agora.xtec.cat/ceip-agsantandreu/wp-content/uploads/usu37/2020/02/Himne-escola-768x488.jpg 768w, https://agora.xtec.cat/ceip-agsantandreu/wp-content/uploads/usu37/2020/02/Himne-escola.jpg 1541w" sizes="auto, (max-width: 429px) 100vw, 429px" /></a></p>
<p>Per escoltar l&#8217;himne de la nostra escola cliqueu a sobre de la foto.</p>
<p>&nbsp;</p>

<p>D&#8217;acord amb la <a title="Article 91 LEC" href="http://www20.gencat.cat/portal/site/portaljuridic/menuitem.d15a4e5dfb99396dc366ec10b0c0e1a0/?vgnextoid=b85297b5a87d6210VgnVCM1000000b0c1e0aRCRD&amp;vgnextchannel=b85297b5a87d6210VgnVCM1000000b0c1e0aRCRD&amp;vgnextfmt=default&amp;action=fitxa&amp;portalId=1&amp;documentId=480169&amp;newLang=ca_ES#fragment-1182442" target="_blank" rel="noopener noreferrer">Llei d&#8217;Educació de Catalunya</a>, el projecte educatiu incorpora el caràcter propi del centre.<br />
El projecte educatiu de centre (PEC) és un document que inclou els trets d&#8217;identitat del centre, els principis pedagògics, els principis organitzatius i&hellip;  <a href="https://agora.xtec.cat/ceip-agsantandreu/projecte-educatiu/" title="Read Projecte educatiu">Llegeix més»</a></p>
