{"id":619,"date":"2017-02-22T12:17:33","date_gmt":"2017-02-22T11:17:33","guid":{"rendered":"http:\/\/agora.xtec.cat\/ceip-agsantandreu\/?page_id=619"},"modified":"2023-07-21T13:21:25","modified_gmt":"2023-07-21T11:21:25","slug":"serveis","status":"publish","type":"page","link":"https:\/\/agora.xtec.cat\/ceip-agsantandreu\/serveis\/","title":{"rendered":"Serveis"},"content":{"rendered":"<h4><strong><span style=\"text-decoration: underline;\">MENJADOR ESCOLAR<\/span><\/strong><\/h4>\n<p>Cuina pr\u00f2pia i men\u00fas especials per a malalties cr\u00f2niques del sistema digestiu, endocr\u00ed o metab\u00f2lic.<\/p>\n<p>Preu menjador curs 23\/24:<\/p>\n<ul style=\"list-style-type: disc;\">\n<li>Fixes: 6,40 \u20ac \/ dia<\/li>\n<li>Eventuals: 7,05 \u20ac \/ dia<\/li>\n<\/ul>\n<p>&nbsp;<\/p>\n<h4><span style=\"text-decoration: underline;\"><strong>SERVEI D&#8217;ACOLLIDA<\/strong><\/span><\/h4>\n<p><em>HORARI:<\/em><\/p>\n<ul style=\"list-style-type: disc;\">\n<li>Mat\u00ed: de 7.30 a 9.00 hores<\/li>\n<li>Tarda: de 16.30 a 18.00 hores<\/li>\n<\/ul>\n<p><em>PREUS CURS 23\/24 SOCIS AMPA:<\/em><\/p>\n<p>De dilluns a divendres.<br \/>\n\u2022 1,30h (7.30 a 9h MATINAL) (16.30 a 18h TARDES) &#8230;&#8230;&#8230;&#8230;&#8230;&#8230;&#8230;&#8230;&#8230;&#8230;&#8230;&#8230;&#8230;&#8230;.50 \u20ac mensuals \/ alumne<br \/>\n\u2022 1h (8 a 9h MATINAL) (16.30 a 17.30h TARDES)&#8230;&#8230;&#8230;&#8230;&#8230;&#8230;&#8230;&#8230;&#8230;&#8230;&#8230;&#8230;&#8230;&#8230;&#8230;&#8230;.34 \u20ac mensuals \/ alumne<br \/>\n\u2022 1\/2h (8.30 a 9 MATINAL) (16.30 a 17h TARDES)&#8230;&#8230;&#8230;&#8230;&#8230;&#8230;&#8230;&#8230;&#8230;&#8230;&#8230;&#8230;&#8230;&#8230;&#8230;&#8230;19 \u20ac mensuals \/ alumne<\/p>\n<p>A partir del 2n germ\u00e0: descompte de 3\u20ac<\/p>\n<ul style=\"list-style-type: disc;\">\n<li>No socis: increment de 3\u20ac<\/li>\n<\/ul>\n<p>Dies espor\u00e0dics:<br \/>\n\u2022 1,30h&#8230;&#8230;&#8230;&#8230;&#8230;&#8230;&#8230;.4\u20ac<br \/>\n\u2022 1h&#8230;&#8230;&#8230;&#8230;&#8230;&#8230;&#8230;&#8230;&#8230;3\u20ac<br \/>\n\u2022 1\/2h&#8230;&#8230;&#8230;&#8230;&#8230;&#8230;&#8230;&#8230;2\u20ac<\/p>\n<p>Tel\u00e8fon: 613339652<\/p>\n<p>&nbsp;<\/p>\n<h4><b><u>ACTIVITATS EXTRAESCOLARS:<\/u><\/b><\/h4>\n<p>L\u2019AMPA a comen\u00e7ament de curs proposa diferents activitats extraescolars per a l\u2019alumnat.<br \/>\nEl preu varia en funci\u00f3 de l\u2019activitat.<\/p>\n<p>HORARI:<\/p>\n<ul style=\"list-style-type: disc;\">\n<li>Tarda: de 16.30 a 18.00 hores<\/li>\n<\/ul>\n<p><a href=\"https:\/\/agora.xtec.cat\/ceip-agsantandreu\/wp-content\/uploads\/usu37\/2023\/07\/INFO-ANGEL-GUIMERA.pdf\" target=\"_blank\" rel=\"noopener\">INFORMACI\u00d3 EXTRAESCOLARS I ACOLLIDA CURS 23\/24<\/a><\/p>\n","protected":false},"excerpt":{"rendered":"<p>MENJADOR ESCOLAR<br \/>\nCuina pr\u00f2pia i men\u00fas especials per a malalties cr\u00f2niques del sistema digestiu, endocr\u00ed o metab\u00f2lic.<br \/>\nPreu menjador curs 23\/24:<\/p>\n<ul style=\"list-style-type: disc;\">\n<li>Fixes: 6,40 \u20ac \/ dia<\/li>\n<li>Eventuals: 7,05 \u20ac \/ dia<\/li>\n<\/ul>\n<p>&nbsp;<br \/>\nSERVEI D&#8217;ACOLLIDA<br \/>\nHORARI:<\/p>\n<ul style=\"list-style-type: disc;\">\n<li>Mat\u00ed: de 7.30 a 9.00 hores<\/li>\n<li>Tarda: de 16.30 a 18.00 hores<\/li>\n<\/ul>\n<p>PREUS CURS 23\/24 SOCIS&hellip;  <a href=\"https:\/\/agora.xtec.cat\/ceip-agsantandreu\/serveis\/\" title=\"Read Serveis\">Llegeix m\u00e9s\u00bb<\/a><\/p>\n","protected":false},"author":1,"featured_media":0,"parent":0,"menu_order":0,"comment_status":"closed","ping_status":"closed","template":"page-templates\/side-menu.php","meta":{"_bbp_topic_count":0,"_bbp_reply_count":0,"_bbp_total_topic_count":0,"_bbp_total_reply_count":0,"_bbp_voice_count":0,"_bbp_anonymous_reply_count":0,"_bbp_topic_count_hidden":0,"_bbp_reply_count_hidden":0,"_bbp_forum_subforum_count":0,"footnotes":""},"class_list":["post-619","page","type-page","status-publish","hentry"],"post_mailing_queue_ids":[],"_links":{"self":[{"href":"https:\/\/agora.xtec.cat\/ceip-agsantandreu\/wp-json\/wp\/v2\/pages\/619","targetHints":{"allow":["GET"]}}],"collection":[{"href":"https:\/\/agora.xtec.cat\/ceip-agsantandreu\/wp-json\/wp\/v2\/pages"}],"about":[{"href":"https:\/\/agora.xtec.cat\/ceip-agsantandreu\/wp-json\/wp\/v2\/types\/page"}],"author":[{"embeddable":true,"href":"https:\/\/agora.xtec.cat\/ceip-agsantandreu\/wp-json\/wp\/v2\/users\/1"}],"replies":[{"embeddable":true,"href":"https:\/\/agora.xtec.cat\/ceip-agsantandreu\/wp-json\/wp\/v2\/comments?post=619"}],"version-history":[{"count":3,"href":"https:\/\/agora.xtec.cat\/ceip-agsantandreu\/wp-json\/wp\/v2\/pages\/619\/revisions"}],"predecessor-version":[{"id":7555,"href":"https:\/\/agora.xtec.cat\/ceip-agsantandreu\/wp-json\/wp\/v2\/pages\/619\/revisions\/7555"}],"wp:attachment":[{"href":"https:\/\/agora.xtec.cat\/ceip-agsantandreu\/wp-json\/wp\/v2\/media?parent=619"}],"curies":[{"name":"wp","href":"https:\/\/api.w.org\/{rel}","templated":true}]}}

<h4><strong><span style="text-decoration: underline;">MENJADOR ESCOLAR</span></strong></h4>
<p>Cuina pròpia i menús especials per a malalties cròniques del sistema digestiu, endocrí o metabòlic.</p>
<p>Preu menjador curs 23/24:</p>
<ul style="list-style-type: disc;">
<li>Fixes: 6,40 € / dia</li>
<li>Eventuals: 7,05 € / dia</li>
</ul>
<p>&nbsp;</p>
<h4><span style="text-decoration: underline;"><strong>SERVEI D&#8217;ACOLLIDA</strong></span></h4>
<p><em>HORARI:</em></p>
<ul style="list-style-type: disc;">
<li>Matí: de 7.30 a 9.00 hores</li>
<li>Tarda: de 16.30 a 18.00 hores</li>
</ul>
<p><em>PREUS CURS 23/24 SOCIS AMPA:</em></p>
<p>De dilluns a divendres.<br />
• 1,30h (7.30 a 9h MATINAL) (16.30 a 18h TARDES) &#8230;&#8230;&#8230;&#8230;&#8230;&#8230;&#8230;&#8230;&#8230;&#8230;&#8230;&#8230;&#8230;&#8230;.50 € mensuals / alumne<br />
• 1h (8 a 9h MATINAL) (16.30 a 17.30h TARDES)&#8230;&#8230;&#8230;&#8230;&#8230;&#8230;&#8230;&#8230;&#8230;&#8230;&#8230;&#8230;&#8230;&#8230;&#8230;&#8230;.34 € mensuals / alumne<br />
• 1/2h (8.30 a 9 MATINAL) (16.30 a 17h TARDES)&#8230;&#8230;&#8230;&#8230;&#8230;&#8230;&#8230;&#8230;&#8230;&#8230;&#8230;&#8230;&#8230;&#8230;&#8230;&#8230;19 € mensuals / alumne</p>
<p>A partir del 2n germà: descompte de 3€</p>
<ul style="list-style-type: disc;">
<li>No socis: increment de 3€</li>
</ul>
<p>Dies esporàdics:<br />
• 1,30h&#8230;&#8230;&#8230;&#8230;&#8230;&#8230;&#8230;.4€<br />
• 1h&#8230;&#8230;&#8230;&#8230;&#8230;&#8230;&#8230;&#8230;&#8230;3€<br />
• 1/2h&#8230;&#8230;&#8230;&#8230;&#8230;&#8230;&#8230;&#8230;2€</p>
<p>Telèfon: 613339652</p>
<p>&nbsp;</p>
<h4><b><u>ACTIVITATS EXTRAESCOLARS:</u></b></h4>
<p>L’AMPA a començament de curs proposa diferents activitats extraescolars per a l’alumnat.<br />
El preu varia en funció de l’activitat.</p>
<p>HORARI:</p>
<ul style="list-style-type: disc;">
<li>Tarda: de 16.30 a 18.00 hores</li>
</ul>
<p><a href="https://agora.xtec.cat/ceip-agsantandreu/wp-content/uploads/usu37/2023/07/INFO-ANGEL-GUIMERA.pdf" target="_blank" rel="noopener">INFORMACIÓ EXTRAESCOLARS I ACOLLIDA CURS 23/24</a></p>

<p>MENJADOR ESCOLAR<br />
Cuina pròpia i menús especials per a malalties cròniques del sistema digestiu, endocrí o metabòlic.<br />
Preu menjador curs 23/24:</p>
<ul style="list-style-type: disc;">
<li>Fixes: 6,40 € / dia</li>
<li>Eventuals: 7,05 € / dia</li>
</ul>
<p>&nbsp;<br />
SERVEI D&#8217;ACOLLIDA<br />
HORARI:</p>
<ul style="list-style-type: disc;">
<li>Matí: de 7.30 a 9.00 hores</li>
<li>Tarda: de 16.30 a 18.00 hores</li>
</ul>
<p>PREUS CURS 23/24 SOCIS&hellip;  <a href="https://agora.xtec.cat/ceip-agsantandreu/serveis/" title="Read Serveis">Llegeix més»</a></p>
