{"id":32,"date":"2014-09-18T12:31:33","date_gmt":"2014-09-18T11:31:33","guid":{"rendered":"http:\/\/agora.xtec.cat\/ceip-agsantandreu\/?page_id=32"},"modified":"2025-09-03T11:08:12","modified_gmt":"2025-09-03T09:08:12","slug":"calendari-del-curs","status":"publish","type":"page","link":"https:\/\/agora.xtec.cat\/ceip-agsantandreu\/lescola\/calendari-del-curs\/","title":{"rendered":"Calendari del curs 2025-2026"},"content":{"rendered":"<p><strong>Inici de curs:<\/strong><\/p>\n<ul>\n<li>Dimarts 9 de setembre de 2025<\/li>\n<\/ul>\n<p><strong>Final de curs:<\/strong><\/p>\n<ul>\n<li>Divendres 19 de juny de 2026<\/li>\n<\/ul>\n<p><strong>Vacances:<\/strong><\/p>\n<ul>\n<li>Nadal: Del 20 de desembre de 2025 al 7 de gener de 2026 (inclosos)<\/li>\n<li>Setmana Santa: Del 28 de mar\u00e7 al 6 d&#8217;abril de 2026 (inclosos)<\/li>\n<li>Estiu: A partir del 20 de juny de 2026<\/li>\n<\/ul>\n<p><strong>Dies festius:<\/strong><\/p>\n<ul>\n<li>Dilluns 8\/09\/25 festa local<\/li>\n<li>Dijous 11\/09\/25 festa comunitat<\/li>\n<li>Dilluns 8\/12\/25 festa nacional<\/li>\n<li>Divendres 1\/05\/26 festa nacional<\/li>\n<\/ul>\n<p><strong>Lliure disposici\u00f3:<\/strong><\/p>\n<ul>\n<li>Dilluns 3\/11\/25<\/li>\n<li>Dimarts 9\/12\/25<\/li>\n<li>Dilluns 16\/02\/26<\/li>\n<li>Dilluns 4\/05\/26<\/li>\n<li>Dilluns 25\/05\/26<\/li>\n<\/ul>\n<p><strong>Jornada intensiva (De 9.00 a 13.00 h.):<\/strong><\/p>\n<ul>\n<li>19 de desembre de 2025<\/li>\n<\/ul>\n<p><strong>Jornada intensiva (De 9.00 a 13.00 h.):<\/strong><\/p>\n<ul>\n<li>Del 8 al 19 de juny 2026 (ambd\u00f3s inclosos)<\/li>\n<\/ul>\n<p><strong>Horari Lectiu:<\/strong><\/p>\n<p>L\u2019<strong>horari lectiu<\/strong> del centre \u00e9s de 9.00 a 12.30 h i de 15.00 a 16.30h per a tots els alumnes del centre.<\/p>\n<p>Per als alumnes que inicien l\u2019escolaritzaci\u00f3 a I.3 s\u2019organitza un breu per\u00edode d\u2019adaptaci\u00f3 que suposa una certa modificaci\u00f3 dels horaris dels tres primers dies de classe, i que es fa saber a les fam\u00edlies en les reunions pr\u00e8vies corresponents.<\/p>\n<p><strong>Adaptaci\u00f3 I.3:<\/strong><\/p>\n<table style=\"width: 47.4431%; height: 195px;\" width=\"643\">\n<tbody>\n<tr style=\"height: 18px;\">\n<td style=\"text-align: center; height: 18px;\" width=\"102\"><strong>SETEMBRE<\/strong><\/p>\n<p><strong>2025<\/strong><\/td>\n<td style=\"text-align: center; height: 18px;\" width=\"134\"><strong>DIMARTS 9<\/strong><\/td>\n<td style=\"text-align: center; height: 18px;\" width=\"129\"><strong>DIMECRES 10<\/strong><\/td>\n<td style=\"text-align: center; height: 18px;\" width=\"98\"><strong>DIJOUS 11<\/strong><\/td>\n<td style=\"text-align: center; height: 18px;\" width=\"180\"><strong>DIVENDRES 12<\/strong><\/td>\n<\/tr>\n<tr style=\"height: 177px;\">\n<td style=\"text-align: center; height: 177px;\" width=\"102\"><strong>I.3<\/strong><\/td>\n<td style=\"text-align: center; height: 177px;\" colspan=\"2\" width=\"263\">De 9:00 hores fins les 10.30 hores<\/p>\n<p>la meitat del grup-classe.<\/p>\n<p>De 11:00 hores fins les 12.30 hores<\/p>\n<p>l\u2019altra meitat del grup-classe.<\/td>\n<td style=\"text-align: center; height: 177px;\" width=\"98\">FESTIU<\/td>\n<td style=\"text-align: center; height: 177px;\" width=\"180\">De 9:00 hores fins les<\/p>\n<p>12.30 hores tot el grup.<\/td>\n<\/tr>\n<\/tbody>\n<\/table>\n<p>Per accedir al calendari podeu clicar a sobre de l&#8217;enlla\u00e7 que teniu a sota:<\/p>\n<h4><a href=\"https:\/\/agora.xtec.cat\/ceip-agsantandreu\/wp-content\/uploads\/usu37\/2025\/07\/Calendari-25-26.pdf\" target=\"_blank\" rel=\"noopener\">Calendari \u00c0ngel Guimer\u00e0 Curs 25-26<\/a><\/h4>\n<p><a href=\"https:\/\/agora.xtec.cat\/ceip-agsantandreu\/wp-content\/uploads\/usu37\/2025\/09\/Calendari-25-26.png\"><img loading=\"lazy\" decoding=\"async\" class=\"aligncenter size-large wp-image-9094\" src=\"https:\/\/agora.xtec.cat\/ceip-agsantandreu\/wp-content\/uploads\/usu37\/2025\/09\/Calendari-25-26-1024x661.png\" alt=\"\" width=\"1024\" height=\"661\" srcset=\"https:\/\/agora.xtec.cat\/ceip-agsantandreu\/wp-content\/uploads\/usu37\/2025\/09\/Calendari-25-26-1024x661.png 1024w, https:\/\/agora.xtec.cat\/ceip-agsantandreu\/wp-content\/uploads\/usu37\/2025\/09\/Calendari-25-26-300x194.png 300w, https:\/\/agora.xtec.cat\/ceip-agsantandreu\/wp-content\/uploads\/usu37\/2025\/09\/Calendari-25-26-768x496.png 768w, https:\/\/agora.xtec.cat\/ceip-agsantandreu\/wp-content\/uploads\/usu37\/2025\/09\/Calendari-25-26.png 1111w\" sizes=\"auto, (max-width: 1024px) 100vw, 1024px\" \/><\/a><\/p>\n","protected":false},"excerpt":{"rendered":"<p>Inici de curs:<\/p>\n<ul>\n<li>Dimarts 9 de setembre de 2025<\/li>\n<\/ul>\n<p>Final de curs:<\/p>\n<ul>\n<li>Divendres 19 de juny de 2026<\/li>\n<\/ul>\n<p>Vacances:<\/p>\n<ul>\n<li>Nadal: Del 20 de desembre de 2025 al 7 de gener de 2026 (inclosos)<\/li>\n<li>Setmana Santa: Del 28 de mar\u00e7 al 6 d&#8217;abril de 2026 (inclosos)<\/li>\n<li>Estiu: A partir del 20 de juny&hellip;  <a href=\"https:\/\/agora.xtec.cat\/ceip-agsantandreu\/lescola\/calendari-del-curs\/\" title=\"Read Calendari del curs 2025-2026\">Llegeix m\u00e9s\u00bb<\/a><br \/>\n","protected":false},"author":1,"featured_media":0,"parent":22,"menu_order":50,"comment_status":"closed","ping_status":"closed","template":"page-templates\/side-menu.php","meta":{"_bbp_topic_count":0,"_bbp_reply_count":0,"_bbp_total_topic_count":0,"_bbp_total_reply_count":0,"_bbp_voice_count":0,"_bbp_anonymous_reply_count":0,"_bbp_topic_count_hidden":0,"_bbp_reply_count_hidden":0,"_bbp_forum_subforum_count":0,"footnotes":""},"class_list":["post-32","page","type-page","status-publish","hentry"],"post_mailing_queue_ids":[],"_links":{"self":[{"href":"https:\/\/agora.xtec.cat\/ceip-agsantandreu\/wp-json\/wp\/v2\/pages\/32","targetHints":{"allow":["GET"]}}],"collection":[{"href":"https:\/\/agora.xtec.cat\/ceip-agsantandreu\/wp-json\/wp\/v2\/pages"}],"about":[{"href":"https:\/\/agora.xtec.cat\/ceip-agsantandreu\/wp-json\/wp\/v2\/types\/page"}],"author":[{"embeddable":true,"href":"https:\/\/agora.xtec.cat\/ceip-agsantandreu\/wp-json\/wp\/v2\/users\/1"}],"replies":[{"embeddable":true,"href":"https:\/\/agora.xtec.cat\/ceip-agsantandreu\/wp-json\/wp\/v2\/comments?post=32"}],"version-history":[{"count":6,"href":"https:\/\/agora.xtec.cat\/ceip-agsantandreu\/wp-json\/wp\/v2\/pages\/32\/revisions"}],"predecessor-version":[{"id":9095,"href":"https:\/\/agora.xtec.cat\/ceip-agsantandreu\/wp-json\/wp\/v2\/pages\/32\/revisions\/9095"}],"up":[{"embeddable":true,"href":"https:\/\/agora.xtec.cat\/ceip-agsantandreu\/wp-json\/wp\/v2\/pages\/22"}],"wp:attachment":[{"href":"https:\/\/agora.xtec.cat\/ceip-agsantandreu\/wp-json\/wp\/v2\/media?parent=32"}],"curies":[{"name":"wp","href":"https:\/\/api.w.org\/{rel}","templated":true}]}}

<p><strong>Inici de curs:</strong></p>
<ul>
<li>Dimarts 9 de setembre de 2025</li>
</ul>
<p><strong>Final de curs:</strong></p>
<ul>
<li>Divendres 19 de juny de 2026</li>
</ul>
<p><strong>Vacances:</strong></p>
<ul>
<li>Nadal: Del 20 de desembre de 2025 al 7 de gener de 2026 (inclosos)</li>
<li>Setmana Santa: Del 28 de març al 6 d&#8217;abril de 2026 (inclosos)</li>
<li>Estiu: A partir del 20 de juny de 2026</li>
</ul>
<p><strong>Dies festius:</strong></p>
<ul>
<li>Dilluns 8/09/25 festa local</li>
<li>Dijous 11/09/25 festa comunitat</li>
<li>Dilluns 8/12/25 festa nacional</li>
<li>Divendres 1/05/26 festa nacional</li>
</ul>
<p><strong>Lliure disposició:</strong></p>
<ul>
<li>Dilluns 3/11/25</li>
<li>Dimarts 9/12/25</li>
<li>Dilluns 16/02/26</li>
<li>Dilluns 4/05/26</li>
<li>Dilluns 25/05/26</li>
</ul>
<p><strong>Jornada intensiva (De 9.00 a 13.00 h.):</strong></p>
<ul>
<li>19 de desembre de 2025</li>
</ul>
<p><strong>Jornada intensiva (De 9.00 a 13.00 h.):</strong></p>
<ul>
<li>Del 8 al 19 de juny 2026 (ambdós inclosos)</li>
</ul>
<p><strong>Horari Lectiu:</strong></p>
<p>L’<strong>horari lectiu</strong> del centre és de 9.00 a 12.30 h i de 15.00 a 16.30h per a tots els alumnes del centre.</p>
<p>Per als alumnes que inicien l’escolarització a I.3 s’organitza un breu període d’adaptació que suposa una certa modificació dels horaris dels tres primers dies de classe, i que es fa saber a les famílies en les reunions prèvies corresponents.</p>
<p><strong>Adaptació I.3:</strong></p>
<table style="width: 47.4431%; height: 195px;" width="643">
<tbody>
<tr style="height: 18px;">
<td style="text-align: center; height: 18px;" width="102"><strong>SETEMBRE</strong></p>
<p><strong>2025</strong></td>
<td style="text-align: center; height: 18px;" width="134"><strong>DIMARTS 9</strong></td>
<td style="text-align: center; height: 18px;" width="129"><strong>DIMECRES 10</strong></td>
<td style="text-align: center; height: 18px;" width="98"><strong>DIJOUS 11</strong></td>
<td style="text-align: center; height: 18px;" width="180"><strong>DIVENDRES 12</strong></td>
</tr>
<tr style="height: 177px;">
<td style="text-align: center; height: 177px;" width="102"><strong>I.3</strong></td>
<td style="text-align: center; height: 177px;" colspan="2" width="263">De 9:00 hores fins les 10.30 hores</p>
<p>la meitat del grup-classe.</p>
<p>De 11:00 hores fins les 12.30 hores</p>
<p>l’altra meitat del grup-classe.</td>
<td style="text-align: center; height: 177px;" width="98">FESTIU</td>
<td style="text-align: center; height: 177px;" width="180">De 9:00 hores fins les</p>
<p>12.30 hores tot el grup.</td>
</tr>
</tbody>
</table>
<p>Per accedir al calendari podeu clicar a sobre de l&#8217;enllaç que teniu a sota:</p>
<h4><a href="https://agora.xtec.cat/ceip-agsantandreu/wp-content/uploads/usu37/2025/07/Calendari-25-26.pdf" target="_blank" rel="noopener">Calendari Àngel Guimerà Curs 25-26</a></h4>
<p><a href="https://agora.xtec.cat/ceip-agsantandreu/wp-content/uploads/usu37/2025/09/Calendari-25-26.png"><img loading="lazy" decoding="async" class="aligncenter size-large wp-image-9094" src="https://agora.xtec.cat/ceip-agsantandreu/wp-content/uploads/usu37/2025/09/Calendari-25-26-1024x661.png" alt="" width="1024" height="661" srcset="https://agora.xtec.cat/ceip-agsantandreu/wp-content/uploads/usu37/2025/09/Calendari-25-26-1024x661.png 1024w, https://agora.xtec.cat/ceip-agsantandreu/wp-content/uploads/usu37/2025/09/Calendari-25-26-300x194.png 300w, https://agora.xtec.cat/ceip-agsantandreu/wp-content/uploads/usu37/2025/09/Calendari-25-26-768x496.png 768w, https://agora.xtec.cat/ceip-agsantandreu/wp-content/uploads/usu37/2025/09/Calendari-25-26.png 1111w" sizes="auto, (max-width: 1024px) 100vw, 1024px" /></a></p>

<p>Inici de curs:</p>
<ul>
<li>Dimarts 9 de setembre de 2025</li>
</ul>
<p>Final de curs:</p>
<ul>
<li>Divendres 19 de juny de 2026</li>
</ul>
<p>Vacances:</p>
<ul>
<li>Nadal: Del 20 de desembre de 2025 al 7 de gener de 2026 (inclosos)</li>
<li>Setmana Santa: Del 28 de març al 6 d&#8217;abril de 2026 (inclosos)</li>
<li>Estiu: A partir del 20 de juny&hellip;  <a href="https://agora.xtec.cat/ceip-agsantandreu/lescola/calendari-del-curs/" title="Read Calendari del curs 2025-2026">Llegeix més»</a><br />
