{"id":28,"date":"2014-09-18T12:29:35","date_gmt":"2014-09-18T12:29:35","guid":{"rendered":"http:\/\/agora.xtec.cat\/ceip-agnesdesitges\/?page_id=28"},"modified":"2026-03-09T10:30:42","modified_gmt":"2026-03-09T09:30:42","slug":"consell-escolar","status":"publish","type":"page","link":"https:\/\/agora.xtec.cat\/ceip-agnesdesitges\/lescola\/consell-escolar\/","title":{"rendered":"Consell Escolar"},"content":{"rendered":"<p style=\"color: #444444;\">El Consell Escolar \u00e9s l&#8217;\u00f2rgan de participaci\u00f3 de la comunitat escolar en el govern de l&#8217;escola, i l&#8217;\u00f2rgan de programaci\u00f3, seguiment i avaluaci\u00f3 de les activitats que s&#8217;hi porten a terme.<\/p>\n<p style=\"color: #444444;\">S&#8217;ent\u00e9n com el marc on es debaten temes que afecten a l&#8217;organitzaci\u00f3, funcionament i l\u00ednia d&#8217;escola.<\/p>\n<h4><strong>ACORDS CONSELL ESCOLAR 2025-2026<\/strong><\/h4>\n<h4><span style=\"color: #0000ff;\"><strong><a style=\"color: #0000ff;\" href=\"https:\/\/drive.google.com\/drive\/folders\/17fx9J5MRID2TnB7AddU6I2lO0ArsLFaK?usp=drive_link\">Cliqueu a sobre per poder accedir als acords<\/a><\/strong><\/span><\/h4>\n<p style=\"color: #444444;\">El Consell Escolar del centre est\u00e0 format per:<\/p>\n<h3 style=\"color: #444444;\">CURS 2025-2026<\/h3>\n<table style=\"height: 533px;\" width=\"564\">\n<tbody>\n<tr>\n<td><strong>\u00d2rgans Unipersonals<\/strong><\/td>\n<td><em>Directora:<\/em> Vinyet Llamas<\/p>\n<p><em>Cap d&#8217;Estudis:<\/em>\u00a0 Meritxell Punzano<\/p>\n<p><em>Secret\u00e0ria:<\/em>\u00a0Vanesa Garcia<\/td>\n<\/tr>\n<tr>\n<td><strong>Representats dels mestres<\/strong><\/td>\n<td>Miriam Junyent<\/p>\n<p>Maria Jes\u00fas Roig<\/p>\n<p>Rosa Vilanova<\/p>\n<p>Dolors Prieto<\/p>\n<p>Olga L\u00f3pez<\/p>\n<p>Marta Rodr\u00edguez<\/p>\n<p>&nbsp;<\/td>\n<\/tr>\n<tr>\n<td><strong>Representats de pares i mares<\/strong><\/td>\n<td>Judit Vidal (AFA)<\/p>\n<p>Jessica Fern\u00e1ndez<\/p>\n<p>Gemma Serra<\/p>\n<p>Natalia Gonz\u00e1lez<\/p>\n<p>Roberto Mart\u00ednez<\/td>\n<\/tr>\n<tr>\n<td><strong>Representant personal d&#8217;administraci\u00f3 i serveis<\/strong><\/td>\n<td>Susana Verbo<\/p>\n<p>Ester Pujadas<\/td>\n<\/tr>\n<tr>\n<td><strong>Representant de l&#8217;Ajuntament<\/strong><\/td>\n<td>&nbsp;<\/p>\n<p>Carme Gasulla<\/td>\n<\/tr>\n<\/tbody>\n<\/table>\n","protected":false},"excerpt":{"rendered":"<p>El Consell Escolar \u00e9s l&#8217;\u00f2rgan de participaci\u00f3 de la comunitat escolar en el govern de l&#8217;escola, i l&#8217;\u00f2rgan de programaci\u00f3, seguiment i avaluaci\u00f3 de les activitats que s&#8217;hi porten a terme.<br \/>\nS&#8217;ent\u00e9n com el marc on es debaten temes que afecten a l&#8217;organitzaci\u00f3, funcionament i l\u00ednia&hellip;  <a href=\"https:\/\/agora.xtec.cat\/ceip-agnesdesitges\/lescola\/consell-escolar\/\" title=\"Read Consell Escolar\">Llegeix m\u00e9s\u00bb<\/a><\/p>\n","protected":false},"author":2,"featured_media":0,"parent":22,"menu_order":30,"comment_status":"closed","ping_status":"closed","template":"page-templates\/side-menu.php","meta":{"_bbp_topic_count":0,"_bbp_reply_count":0,"_bbp_total_topic_count":0,"_bbp_total_reply_count":0,"_bbp_voice_count":0,"_bbp_anonymous_reply_count":0,"_bbp_topic_count_hidden":0,"_bbp_reply_count_hidden":0,"_bbp_forum_subforum_count":0,"footnotes":""},"class_list":["post-28","page","type-page","status-publish","hentry"],"post_mailing_queue_ids":[],"_links":{"self":[{"href":"https:\/\/agora.xtec.cat\/ceip-agnesdesitges\/wp-json\/wp\/v2\/pages\/28","targetHints":{"allow":["GET"]}}],"collection":[{"href":"https:\/\/agora.xtec.cat\/ceip-agnesdesitges\/wp-json\/wp\/v2\/pages"}],"about":[{"href":"https:\/\/agora.xtec.cat\/ceip-agnesdesitges\/wp-json\/wp\/v2\/types\/page"}],"author":[{"embeddable":true,"href":"https:\/\/agora.xtec.cat\/ceip-agnesdesitges\/wp-json\/wp\/v2\/users\/2"}],"replies":[{"embeddable":true,"href":"https:\/\/agora.xtec.cat\/ceip-agnesdesitges\/wp-json\/wp\/v2\/comments?post=28"}],"version-history":[{"count":7,"href":"https:\/\/agora.xtec.cat\/ceip-agnesdesitges\/wp-json\/wp\/v2\/pages\/28\/revisions"}],"predecessor-version":[{"id":7314,"href":"https:\/\/agora.xtec.cat\/ceip-agnesdesitges\/wp-json\/wp\/v2\/pages\/28\/revisions\/7314"}],"up":[{"embeddable":true,"href":"https:\/\/agora.xtec.cat\/ceip-agnesdesitges\/wp-json\/wp\/v2\/pages\/22"}],"wp:attachment":[{"href":"https:\/\/agora.xtec.cat\/ceip-agnesdesitges\/wp-json\/wp\/v2\/media?parent=28"}],"curies":[{"name":"wp","href":"https:\/\/api.w.org\/{rel}","templated":true}]}}