{"id":1677,"date":"2017-09-15T16:24:17","date_gmt":"2017-09-15T14:24:17","guid":{"rendered":"http:\/\/agora.xtec.cat\/ceip-agnesdesitges\/?page_id=1677"},"modified":"2025-02-24T15:43:02","modified_gmt":"2025-02-24T14:43:02","slug":"cda","status":"publish","type":"page","link":"https:\/\/agora.xtec.cat\/ceip-agnesdesitges\/cda\/","title":{"rendered":"Agn\u00e8s de Sitges. Comunitat d&#8217;Aprenentatge."},"content":{"rendered":"<p>En aquest espai trobareu tota la informaci\u00f3 sobre les Comunitat d&#8217;Aprenentatge, la nostra transformaci\u00f3 i evoluci\u00f3, aix\u00ed com altres not\u00edcies del vostre inter\u00e8s.<\/p>\n<p>&nbsp;<\/p>\n<h3>Com molts de vosaltres ja sabeu, el nostre centre ha apostat per aquest projecte de transformaci\u00f3 social i cultural basat en l&#8217;aplicaci\u00f3 d&#8217;actuacions d&#8217;\u00e8xit educatiu les quals s&#8217;ha demostrat cient\u00edficament que milloren el rendiment educatiu i la conviv\u00e8ncia.<\/h3>\n<h3>\u00c9s per aix\u00f2 que volem compartir amb tothom que visiti la nostra p\u00e0gina web l&#8217;enlla\u00e7 on trobareu un document que ofereix una visi\u00f3 global del Projecte de Comunitats d&#8217;Aprenentatge publicat pel\u00a0 Departament d&#8217;Educaci\u00f3 ha publicat.<\/h3>\n<p>&nbsp;<\/p>\n<h3 style=\"text-align: center;\"><a href=\"https:\/\/xtec.gencat.cat\/ca\/innovacio\/programes_innovacio\/educacio-infantil-i-primaria\/comunitats-aprenentatge\/\" target=\"_blank\" rel=\"noopener noreferrer\">XARXA DE COMUNITATS D&#8217;APRENENTATGE<\/a><\/h3>\n<h3 style=\"text-align: center;\"><a href=\"http:\/\/xtec.gencat.cat\/ca\/projectes\/comunitats\/xarxa-comunitats-daprenentatge-de-catalunya\" target=\"_blank\" rel=\"noopener noreferrer\">CAP A LES COMUNITATS D&#8217;APRENENTATGE<\/a><\/h3>\n","protected":false},"excerpt":{"rendered":"<p>En aquest espai trobareu tota la informaci\u00f3 sobre les Comunitat d&#8217;Aprenentatge, la nostra transformaci\u00f3 i evoluci\u00f3, aix\u00ed com altres not\u00edcies del vostre inter\u00e8s.<br \/>\n&nbsp;<br \/>\nCom molts de vosaltres ja sabeu, el nostre centre ha apostat per aquest projecte de transformaci\u00f3 social i cultural basat en l&#8217;aplicaci\u00f3 d&#8217;actuacions&hellip;  <a href=\"https:\/\/agora.xtec.cat\/ceip-agnesdesitges\/cda\/\" title=\"Read Agn\u00e8s de Sitges. Comunitat d&#8217;Aprenentatge.\">Llegeix m\u00e9s\u00bb<\/a><\/p>\n","protected":false},"author":1,"featured_media":0,"parent":0,"menu_order":0,"comment_status":"closed","ping_status":"closed","template":"","meta":{"_bbp_topic_count":0,"_bbp_reply_count":0,"_bbp_total_topic_count":0,"_bbp_total_reply_count":0,"_bbp_voice_count":0,"_bbp_anonymous_reply_count":0,"_bbp_topic_count_hidden":0,"_bbp_reply_count_hidden":0,"_bbp_forum_subforum_count":0,"footnotes":""},"class_list":["post-1677","page","type-page","status-publish","hentry"],"post_mailing_queue_ids":[],"_links":{"self":[{"href":"https:\/\/agora.xtec.cat\/ceip-agnesdesitges\/wp-json\/wp\/v2\/pages\/1677","targetHints":{"allow":["GET"]}}],"collection":[{"href":"https:\/\/agora.xtec.cat\/ceip-agnesdesitges\/wp-json\/wp\/v2\/pages"}],"about":[{"href":"https:\/\/agora.xtec.cat\/ceip-agnesdesitges\/wp-json\/wp\/v2\/types\/page"}],"author":[{"embeddable":true,"href":"https:\/\/agora.xtec.cat\/ceip-agnesdesitges\/wp-json\/wp\/v2\/users\/1"}],"replies":[{"embeddable":true,"href":"https:\/\/agora.xtec.cat\/ceip-agnesdesitges\/wp-json\/wp\/v2\/comments?post=1677"}],"version-history":[{"count":5,"href":"https:\/\/agora.xtec.cat\/ceip-agnesdesitges\/wp-json\/wp\/v2\/pages\/1677\/revisions"}],"predecessor-version":[{"id":2042,"href":"https:\/\/agora.xtec.cat\/ceip-agnesdesitges\/wp-json\/wp\/v2\/pages\/1677\/revisions\/2042"}],"wp:attachment":[{"href":"https:\/\/agora.xtec.cat\/ceip-agnesdesitges\/wp-json\/wp\/v2\/media?parent=1677"}],"curies":[{"name":"wp","href":"https:\/\/api.w.org\/{rel}","templated":true}]}}

Agnès de Sitges. Comunitat d&#8217;Aprenentatge.

<p>En aquest espai trobareu tota la informació sobre les Comunitat d&#8217;Aprenentatge, la nostra transformació i evolució, així com altres notícies del vostre interès.</p>
<p>&nbsp;</p>
<h3>Com molts de vosaltres ja sabeu, el nostre centre ha apostat per aquest projecte de transformació social i cultural basat en l&#8217;aplicació d&#8217;actuacions d&#8217;èxit educatiu les quals s&#8217;ha demostrat científicament que milloren el rendiment educatiu i la convivència.</h3>
<h3>És per això que volem compartir amb tothom que visiti la nostra pàgina web l&#8217;enllaç on trobareu un document que ofereix una visió global del Projecte de Comunitats d&#8217;Aprenentatge publicat pel  Departament d&#8217;Educació ha publicat.</h3>
<p>&nbsp;</p>
<h3 style="text-align: center;"><a href="https://xtec.gencat.cat/ca/innovacio/programes_innovacio/educacio-infantil-i-primaria/comunitats-aprenentatge/" target="_blank" rel="noopener noreferrer">XARXA DE COMUNITATS D&#8217;APRENENTATGE</a></h3>
<h3 style="text-align: center;"><a href="http://xtec.gencat.cat/ca/projectes/comunitats/xarxa-comunitats-daprenentatge-de-catalunya" target="_blank" rel="noopener noreferrer">CAP A LES COMUNITATS D&#8217;APRENENTATGE</a></h3>

<p>En aquest espai trobareu tota la informació sobre les Comunitat d&#8217;Aprenentatge, la nostra transformació i evolució, així com altres notícies del vostre interès.<br />
&nbsp;<br />
Com molts de vosaltres ja sabeu, el nostre centre ha apostat per aquest projecte de transformació social i cultural basat en l&#8217;aplicació d&#8217;actuacions&hellip;  <a href="https://agora.xtec.cat/ceip-agnesdesitges/cda/" title="Read Agnès de Sitges. Comunitat d&#8217;Aprenentatge.">Llegeix més»</a></p>
