{"id":1009,"date":"2023-01-24T13:26:56","date_gmt":"2023-01-24T12:26:56","guid":{"rendered":"https:\/\/agora.xtec.cat\/ceip-abatoliba-cornella\/?page_id=1009"},"modified":"2023-02-09T16:37:21","modified_gmt":"2023-02-09T15:37:21","slug":"historia","status":"publish","type":"page","link":"https:\/\/agora.xtec.cat\/ceip-abatoliba-cornella\/historia\/","title":{"rendered":"Hist\u00f2ria"},"content":{"rendered":"<p><span style=\"font-weight: 400;\">L\u2019Escola ABAT OLIBA \u00e9s un centre p\u00fablic d\u2019educaci\u00f3 infantil i prim\u00e0ria amb 50 anys d\u2019hist\u00f2ria al municipi.<\/span><\/p>\n<p><span style=\"font-weight: 400;\">Des de la seva creaci\u00f3, l\u2019escola ha patit un seguit de canvis. Va comen\u00e7ar en els anys setanta amb quatre l\u00ednies, per\u00f2 amb els canvis socials, demogr\u00e0fics i coincidint amb el notable descens de la natalitat en els 90, va anant baixant la matriculaci\u00f3 fins a convertir-se en un centre d\u2019una sola l\u00ednia.\u00a0<\/span><\/p>\n<p><span style=\"font-weight: 400;\">El nostre barri concretament, t\u00e9 una gran quantitat de serveis i equipaments municipals. Estem situats en el centre de la zona esportiva del municipi, entre poliesportius, camps de futbol i rugbi, pista d\u2019atletisme i la federaci\u00f3 catalana de tennis. Tamb\u00e9 estem al costat del riu Llobregat, la qual cosa ens ofereix poder dur a terme moltes activitats relacionades amb l\u2019entorn i la natura. Tamb\u00e9 tenim a prop una piscina municipal, on es realitza nataci\u00f3 a les sessions d\u2019educaci\u00f3 f\u00edsica dels diferents nivells (I5 a 6\u00e8), una biblioteca municipal, un patronat cultural que ens ofereix veure actuacions teatrals durant el curs escolar, el museu AGBAR, el parc de Can Mercader i amb el MMACA (museu de les matem\u00e0tiques).<\/span><\/p>\n<p><span style=\"font-weight: 400;\">Pel que fa a la poblaci\u00f3, \u00e9s ben diversa. El barri en el qual es troba l\u2019escola t\u00e9 un gran \u00edndex de fam\u00edlies procedents d\u2019altres pa\u00efsos, per\u00f2 la majoria d\u2019infants s\u00f3n nascuts a Catalunya, tot procedir de fam\u00edlies immigrants. L\u2019escola \u00e9s un bon lloc per cohesionar a la comunitat educativa que forma l\u2019escola i arrelar-se al barri i municipi.<\/span><\/p>\n<p><strong>L&#8217;escola \u00e9s un reflex de la<\/strong> <strong>ciutat de Cornell\u00e0\u00a0<\/strong><\/p>\n","protected":false},"excerpt":{"rendered":"<p>L\u2019Escola ABAT OLIBA \u00e9s un centre p\u00fablic d\u2019educaci\u00f3 infantil i prim\u00e0ria amb 50 anys d\u2019hist\u00f2ria al municipi. Des de la seva creaci\u00f3, l\u2019escola ha patit un seguit de canvis. Va comen\u00e7ar en els anys setanta amb quatre l\u00ednies, per\u00f2 amb els canvis socials, demogr\u00e0fics i coincidint amb el notable descens de la natalitat en els [&hellip;]<\/p>\n","protected":false},"author":1,"featured_media":0,"parent":0,"menu_order":0,"comment_status":"closed","ping_status":"closed","template":"","meta":{"_bbp_topic_count":0,"_bbp_reply_count":0,"_bbp_total_topic_count":0,"_bbp_total_reply_count":0,"_bbp_voice_count":0,"_bbp_anonymous_reply_count":0,"_bbp_topic_count_hidden":0,"_bbp_reply_count_hidden":0,"_bbp_forum_subforum_count":0,"site-sidebar-layout":"default","site-content-layout":"","ast-site-content-layout":"","site-content-style":"default","site-sidebar-style":"default","ast-global-header-display":"","ast-banner-title-visibility":"","ast-main-header-display":"","ast-hfb-above-header-display":"","ast-hfb-below-header-display":"","ast-hfb-mobile-header-display":"","site-post-title":"","ast-breadcrumbs-content":"","ast-featured-img":"","footer-sml-layout":"","theme-transparent-header-meta":"","adv-header-id-meta":"","stick-header-meta":"","header-above-stick-meta":"","header-main-stick-meta":"","header-below-stick-meta":"","astra-migrate-meta-layouts":"default","ast-page-background-enabled":"default","ast-page-background-meta":{"desktop":{"background-color":"var(--ast-global-color-4)","background-image":"","background-repeat":"repeat","background-position":"center center","background-size":"auto","background-attachment":"scroll","background-type":"","background-media":"","overlay-type":"","overlay-color":"","overlay-opacity":"","overlay-gradient":""},"tablet":{"background-color":"","background-image":"","background-repeat":"repeat","background-position":"center center","background-size":"auto","background-attachment":"scroll","background-type":"","background-media":"","overlay-type":"","overlay-color":"","overlay-opacity":"","overlay-gradient":""},"mobile":{"background-color":"","background-image":"","background-repeat":"repeat","background-position":"center center","background-size":"auto","background-attachment":"scroll","background-type":"","background-media":"","overlay-type":"","overlay-color":"","overlay-opacity":"","overlay-gradient":""}},"ast-content-background-meta":{"desktop":{"background-color":"var(--ast-global-color-5)","background-image":"","background-repeat":"repeat","background-position":"center center","background-size":"auto","background-attachment":"scroll","background-type":"","background-media":"","overlay-type":"","overlay-color":"","overlay-opacity":"","overlay-gradient":""},"tablet":{"background-color":"var(--ast-global-color-5)","background-image":"","background-repeat":"repeat","background-position":"center center","background-size":"auto","background-attachment":"scroll","background-type":"","background-media":"","overlay-type":"","overlay-color":"","overlay-opacity":"","overlay-gradient":""},"mobile":{"background-color":"var(--ast-global-color-5)","background-image":"","background-repeat":"repeat","background-position":"center center","background-size":"auto","background-attachment":"scroll","background-type":"","background-media":"","overlay-type":"","overlay-color":"","overlay-opacity":"","overlay-gradient":""}},"footnotes":""},"class_list":["post-1009","page","type-page","status-publish","hentry"],"post_mailing_queue_ids":[],"_links":{"self":[{"href":"https:\/\/agora.xtec.cat\/ceip-abatoliba-cornella\/wp-json\/wp\/v2\/pages\/1009","targetHints":{"allow":["GET"]}}],"collection":[{"href":"https:\/\/agora.xtec.cat\/ceip-abatoliba-cornella\/wp-json\/wp\/v2\/pages"}],"about":[{"href":"https:\/\/agora.xtec.cat\/ceip-abatoliba-cornella\/wp-json\/wp\/v2\/types\/page"}],"author":[{"embeddable":true,"href":"https:\/\/agora.xtec.cat\/ceip-abatoliba-cornella\/wp-json\/wp\/v2\/users\/1"}],"replies":[{"embeddable":true,"href":"https:\/\/agora.xtec.cat\/ceip-abatoliba-cornella\/wp-json\/wp\/v2\/comments?post=1009"}],"version-history":[{"count":3,"href":"https:\/\/agora.xtec.cat\/ceip-abatoliba-cornella\/wp-json\/wp\/v2\/pages\/1009\/revisions"}],"predecessor-version":[{"id":1106,"href":"https:\/\/agora.xtec.cat\/ceip-abatoliba-cornella\/wp-json\/wp\/v2\/pages\/1009\/revisions\/1106"}],"wp:attachment":[{"href":"https:\/\/agora.xtec.cat\/ceip-abatoliba-cornella\/wp-json\/wp\/v2\/media?parent=1009"}],"curies":[{"name":"wp","href":"https:\/\/api.w.org\/{rel}","templated":true}]}}

Història

<p><span style="font-weight: 400;">L’Escola ABAT OLIBA és un centre públic d’educació infantil i primària amb 50 anys d’història al municipi.</span></p>
<p><span style="font-weight: 400;">Des de la seva creació, l’escola ha patit un seguit de canvis. Va començar en els anys setanta amb quatre línies, però amb els canvis socials, demogràfics i coincidint amb el notable descens de la natalitat en els 90, va anant baixant la matriculació fins a convertir-se en un centre d’una sola línia. </span></p>
<p><span style="font-weight: 400;">El nostre barri concretament, té una gran quantitat de serveis i equipaments municipals. Estem situats en el centre de la zona esportiva del municipi, entre poliesportius, camps de futbol i rugbi, pista d’atletisme i la federació catalana de tennis. També estem al costat del riu Llobregat, la qual cosa ens ofereix poder dur a terme moltes activitats relacionades amb l’entorn i la natura. També tenim a prop una piscina municipal, on es realitza natació a les sessions d’educació física dels diferents nivells (I5 a 6è), una biblioteca municipal, un patronat cultural que ens ofereix veure actuacions teatrals durant el curs escolar, el museu AGBAR, el parc de Can Mercader i amb el MMACA (museu de les matemàtiques).</span></p>
<p><span style="font-weight: 400;">Pel que fa a la població, és ben diversa. El barri en el qual es troba l’escola té un gran índex de famílies procedents d’altres països, però la majoria d’infants són nascuts a Catalunya, tot procedir de famílies immigrants. L’escola és un bon lloc per cohesionar a la comunitat educativa que forma l’escola i arrelar-se al barri i municipi.</span></p>
<p><strong>L&#8217;escola és un reflex de la</strong> <strong>ciutat de Cornellà </strong></p>

<p>L’Escola ABAT OLIBA és un centre públic d’educació infantil i primària amb 50 anys d’història al municipi. Des de la seva creació, l’escola ha patit un seguit de canvis. Va començar en els anys setanta amb quatre línies, però amb els canvis socials, demogràfics i coincidint amb el notable descens de la natalitat en els [&hellip;]</p>
