{"id":1671,"date":"2017-02-14T19:58:05","date_gmt":"2017-02-14T18:58:05","guid":{"rendered":"http:\/\/agora.xtec.cat\/ceip-25desetembre-rubi\/?page_id=1671"},"modified":"2023-09-12T11:22:48","modified_gmt":"2023-09-12T09:22:48","slug":"extraescolars","status":"publish","type":"page","link":"https:\/\/agora.xtec.cat\/ceip-25desetembre-rubi\/extraescolars\/","title":{"rendered":"Extraescolars"},"content":{"rendered":"<blockquote><p><a href=\"mailto:extraescolars25desetembre@gmail.com\">extraescolars25desetembre@gmail.com<\/a><\/p><\/blockquote>\n<div><\/div>\n<div><\/div>\n<p><span style=\"font-weight: 400;\"><img loading=\"lazy\" decoding=\"async\" class=\"size-medium wp-image-1909 alignnone\" src=\"http:\/\/agora.xtec.cat\/ceip-25desetembre-rubi\/wp-content\/uploads\/usu639\/2017\/02\/ampaextraescolars-300x89.jpg\" alt=\"\" width=\"300\" height=\"89\" srcset=\"https:\/\/agora.xtec.cat\/ceip-25desetembre-rubi\/wp-content\/uploads\/usu639\/2017\/02\/ampaextraescolars-300x89.jpg 300w, https:\/\/agora.xtec.cat\/ceip-25desetembre-rubi\/wp-content\/uploads\/usu639\/2017\/02\/ampaextraescolars-768x228.jpg 768w, https:\/\/agora.xtec.cat\/ceip-25desetembre-rubi\/wp-content\/uploads\/usu639\/2017\/02\/ampaextraescolars.jpg 1011w\" sizes=\"auto, (max-width: 300px) 100vw, 300px\" \/><\/span><\/p>\n<div><\/div>\n<p><span style=\"font-weight: 400;\"><img loading=\"lazy\" decoding=\"async\" src=\"https:\/\/agora.xtec.cat\/ceip-25desetembre-rubi\/wp-content\/uploads\/usu639\/2021\/08\/Horari-atencio-300x61.jpg\" alt=\"\" width=\"300\" height=\"61\" \/><\/span><\/p>\n<div><\/div>\n<div><\/div>\n<h5><strong>Informaci\u00f3 pr\u00e0ctica<\/strong><\/h5>\n<ul>\n<li style=\"list-style-type: none;\">\n<ul>\n<li>Inici inscripci\u00f3 extraescolars 2023-2024: 1 de Setembre<\/li>\n<li>Inici extraescolars 2023-2024: 3 d&#8217;Octubre<\/li>\n<li><a href=\"https:\/\/agora.xtec.cat\/ceip-25desetembre-rubi\/wp-content\/uploads\/usu639\/2023\/09\/2023-24-25Setembre-Informacio_Families.pdf\">Oferta extraescolars 2023-2024<\/a><\/li>\n<\/ul>\n<\/li>\n<\/ul>\n<hr \/>\n<p>Adjuntem informaci\u00f3 de l&#8217;extraescolar de Taekwondo<br \/>\n<a href=\"https:\/\/agora.xtec.cat\/ceip-25desetembre-rubi\/wp-content\/uploads\/usu639\/2023\/09\/AFA-25_Taekwondo.pdf\">Informaci\u00f3 Taekwondo<\/a><br \/>\nM\u00e9s informaci\u00f3 <a href=\"https:\/\/cinfi.es\/extraescolares\">aqui<\/a><\/p>\n<hr \/>\n<p><span style=\"font-weight: 400;\">Les activitats extraescolars donen l\u2019oportunitat als nostres fills i filles de realitzar activitats que els agraden especialment en companyia d\u2019altres nens i nenes amb els seus mateixos interessos i amb monitors i monitores experts en el tema.<\/span><\/p>\n<p><span style=\"font-weight: 400;\"> A m\u00e9s, si aquestes es realitzen a l\u2019escola, els infants es troben en un ambient conegut i els pares i mares ho tenim m\u00e9s f\u00e0cil per a conciliar les nostres vides laborals amb la log\u00edstica familiar.<\/span><\/p>\n<p><span style=\"font-weight: 400;\">Un cop l\u2019any es realitza una jornada de portes obertes per tal que les fam\u00edlies poguem con\u00e8ixer els monitors i monitores i participar durant un dia de l\u2019activitat.<\/span><\/p>\n<hr \/>\n<h5><strong>Qu\u00e8 fan les persones que integren la comissi\u00f3?<\/strong><\/h5>\n<ul>\n<li>Cada curs, creen un q\u00fcestionari de valoraci\u00f3, el revisen i el fan servir per prendre decisions respecte als temes i millores en les extraescolars per al curs seg\u00fcent.<\/li>\n<li>Elaboren el calendari d&#8217;inscripcions, les llistes d&#8217;alumnat inscrit i el quadrant d&#8217;espais de l&#8217;escola que es necessiten per fer les extraescolars.<\/li>\n<li>Busquen empreses i\/o professionals que s&#8217;adaptin a les nostres necessitats per impartir les activitats.<\/li>\n<li>Organitzen les jornades de portes obertes.<\/li>\n<li>Mantenen contacte amb les fam\u00edlies via correu electr\u00f2nic i, un dia a la setmana, atenen a l&#8217;oficina de l&#8217;AFA aquelles fam\u00edlies que prefereixen contactar amb la comissi\u00f3 personalment.<\/li>\n<\/ul>\n<h6>Manquen persones volunt\u00e0ries?<\/h6>\n<p><strong>Si!<\/strong> Si vols formar-ne part envia un correu electr\u00f2nic a <a href=\"mailto:afa25desetembre@gmail.com\">afa25desetembre@gmail.com<\/a>\u00a0i en parlem amb m\u00e9s detall!<\/p>\n","protected":false},"excerpt":{"rendered":"<p>extraescolars25desetembre@gmail.com Informaci\u00f3 pr\u00e0ctica Inici inscripci\u00f3 extraescolars 2023-2024: 1 de Setembre Inici extraescolars 2023-2024: 3 d&#8217;Octubre Oferta extraescolars 2023-2024 Adjuntem informaci\u00f3 de l&#8217;extraescolar de Taekwondo Informaci\u00f3 Taekwondo M\u00e9s informaci\u00f3 aqui Les activitats extraescolars donen l\u2019oportunitat als nostres fills i filles de realitzar activitats que els agraden especialment en companyia d\u2019altres nens i nenes amb els seus [&hellip;]<\/p>\n","protected":false},"author":1,"featured_media":0,"parent":0,"menu_order":40,"comment_status":"closed","ping_status":"closed","template":"page-templates\/side-menu.php","meta":{"_bbp_topic_count":0,"_bbp_reply_count":0,"_bbp_total_topic_count":0,"_bbp_total_reply_count":0,"_bbp_voice_count":0,"_bbp_anonymous_reply_count":0,"_bbp_topic_count_hidden":0,"_bbp_reply_count_hidden":0,"_bbp_forum_subforum_count":0,"site-sidebar-layout":"default","site-content-layout":"","ast-site-content-layout":"","site-content-style":"default","site-sidebar-style":"default","ast-global-header-display":"","ast-banner-title-visibility":"","ast-main-header-display":"","ast-hfb-above-header-display":"","ast-hfb-below-header-display":"","ast-hfb-mobile-header-display":"","site-post-title":"","ast-breadcrumbs-content":"","ast-featured-img":"","footer-sml-layout":"","theme-transparent-header-meta":"","adv-header-id-meta":"","stick-header-meta":"","header-above-stick-meta":"","header-main-stick-meta":"","header-below-stick-meta":"","astra-migrate-meta-layouts":"default","ast-page-background-enabled":"default","ast-page-background-meta":{"desktop":{"background-color":"var(--ast-global-color-4)","background-image":"","background-repeat":"repeat","background-position":"center center","background-size":"auto","background-attachment":"scroll","background-type":"","background-media":"","overlay-type":"","overlay-color":"","overlay-opacity":"","overlay-gradient":""},"tablet":{"background-color":"","background-image":"","background-repeat":"repeat","background-position":"center center","background-size":"auto","background-attachment":"scroll","background-type":"","background-media":"","overlay-type":"","overlay-color":"","overlay-opacity":"","overlay-gradient":""},"mobile":{"background-color":"","background-image":"","background-repeat":"repeat","background-position":"center center","background-size":"auto","background-attachment":"scroll","background-type":"","background-media":"","overlay-type":"","overlay-color":"","overlay-opacity":"","overlay-gradient":""}},"ast-content-background-meta":{"desktop":{"background-color":"var(--ast-global-color-5)","background-image":"","background-repeat":"repeat","background-position":"center center","background-size":"auto","background-attachment":"scroll","background-type":"","background-media":"","overlay-type":"","overlay-color":"","overlay-opacity":"","overlay-gradient":""},"tablet":{"background-color":"var(--ast-global-color-5)","background-image":"","background-repeat":"repeat","background-position":"center center","background-size":"auto","background-attachment":"scroll","background-type":"","background-media":"","overlay-type":"","overlay-color":"","overlay-opacity":"","overlay-gradient":""},"mobile":{"background-color":"var(--ast-global-color-5)","background-image":"","background-repeat":"repeat","background-position":"center center","background-size":"auto","background-attachment":"scroll","background-type":"","background-media":"","overlay-type":"","overlay-color":"","overlay-opacity":"","overlay-gradient":""}},"footnotes":""},"class_list":["post-1671","page","type-page","status-publish","hentry"],"post_mailing_queue_ids":[],"_links":{"self":[{"href":"https:\/\/agora.xtec.cat\/ceip-25desetembre-rubi\/wp-json\/wp\/v2\/pages\/1671","targetHints":{"allow":["GET"]}}],"collection":[{"href":"https:\/\/agora.xtec.cat\/ceip-25desetembre-rubi\/wp-json\/wp\/v2\/pages"}],"about":[{"href":"https:\/\/agora.xtec.cat\/ceip-25desetembre-rubi\/wp-json\/wp\/v2\/types\/page"}],"author":[{"embeddable":true,"href":"https:\/\/agora.xtec.cat\/ceip-25desetembre-rubi\/wp-json\/wp\/v2\/users\/1"}],"replies":[{"embeddable":true,"href":"https:\/\/agora.xtec.cat\/ceip-25desetembre-rubi\/wp-json\/wp\/v2\/comments?post=1671"}],"version-history":[{"count":4,"href":"https:\/\/agora.xtec.cat\/ceip-25desetembre-rubi\/wp-json\/wp\/v2\/pages\/1671\/revisions"}],"predecessor-version":[{"id":5956,"href":"https:\/\/agora.xtec.cat\/ceip-25desetembre-rubi\/wp-json\/wp\/v2\/pages\/1671\/revisions\/5956"}],"wp:attachment":[{"href":"https:\/\/agora.xtec.cat\/ceip-25desetembre-rubi\/wp-json\/wp\/v2\/media?parent=1671"}],"curies":[{"name":"wp","href":"https:\/\/api.w.org\/{rel}","templated":true}]}}

<blockquote><p><a href="mailto:extraescolars25desetembre@gmail.com">extraescolars25desetembre@gmail.com</a></p></blockquote>
<div></div>
<div></div>
<p><span style="font-weight: 400;"><img loading="lazy" decoding="async" class="size-medium wp-image-1909 alignnone" src="http://agora.xtec.cat/ceip-25desetembre-rubi/wp-content/uploads/usu639/2017/02/ampaextraescolars-300x89.jpg" alt="" width="300" height="89" srcset="https://agora.xtec.cat/ceip-25desetembre-rubi/wp-content/uploads/usu639/2017/02/ampaextraescolars-300x89.jpg 300w, https://agora.xtec.cat/ceip-25desetembre-rubi/wp-content/uploads/usu639/2017/02/ampaextraescolars-768x228.jpg 768w, https://agora.xtec.cat/ceip-25desetembre-rubi/wp-content/uploads/usu639/2017/02/ampaextraescolars.jpg 1011w" sizes="auto, (max-width: 300px) 100vw, 300px" /></span></p>
<div></div>
<p><span style="font-weight: 400;"><img loading="lazy" decoding="async" src="https://agora.xtec.cat/ceip-25desetembre-rubi/wp-content/uploads/usu639/2021/08/Horari-atencio-300x61.jpg" alt="" width="300" height="61" /></span></p>
<div></div>
<div></div>
<h5><strong>Informació pràctica</strong></h5>
<ul>
<li style="list-style-type: none;">
<ul>
<li>Inici inscripció extraescolars 2023-2024: 1 de Setembre</li>
<li>Inici extraescolars 2023-2024: 3 d&#8217;Octubre</li>
<li><a href="https://agora.xtec.cat/ceip-25desetembre-rubi/wp-content/uploads/usu639/2023/09/2023-24-25Setembre-Informacio_Families.pdf">Oferta extraescolars 2023-2024</a></li>
</ul>
</li>
</ul>
<hr />
<p>Adjuntem informació de l&#8217;extraescolar de Taekwondo<br />
<a href="https://agora.xtec.cat/ceip-25desetembre-rubi/wp-content/uploads/usu639/2023/09/AFA-25_Taekwondo.pdf">Informació Taekwondo</a><br />
Més informació <a href="https://cinfi.es/extraescolares">aqui</a></p>
<hr />
<p><span style="font-weight: 400;">Les activitats extraescolars donen l’oportunitat als nostres fills i filles de realitzar activitats que els agraden especialment en companyia d’altres nens i nenes amb els seus mateixos interessos i amb monitors i monitores experts en el tema.</span></p>
<p><span style="font-weight: 400;"> A més, si aquestes es realitzen a l’escola, els infants es troben en un ambient conegut i els pares i mares ho tenim més fàcil per a conciliar les nostres vides laborals amb la logística familiar.</span></p>
<p><span style="font-weight: 400;">Un cop l’any es realitza una jornada de portes obertes per tal que les famílies poguem conèixer els monitors i monitores i participar durant un dia de l’activitat.</span></p>
<hr />
<h5><strong>Què fan les persones que integren la comissió?</strong></h5>
<ul>
<li>Cada curs, creen un qüestionari de valoració, el revisen i el fan servir per prendre decisions respecte als temes i millores en les extraescolars per al curs següent.</li>
<li>Elaboren el calendari d&#8217;inscripcions, les llistes d&#8217;alumnat inscrit i el quadrant d&#8217;espais de l&#8217;escola que es necessiten per fer les extraescolars.</li>
<li>Busquen empreses i/o professionals que s&#8217;adaptin a les nostres necessitats per impartir les activitats.</li>
<li>Organitzen les jornades de portes obertes.</li>
<li>Mantenen contacte amb les famílies via correu electrònic i, un dia a la setmana, atenen a l&#8217;oficina de l&#8217;AFA aquelles famílies que prefereixen contactar amb la comissió personalment.</li>
</ul>
<h6>Manquen persones voluntàries?</h6>
<p><strong>Si!</strong> Si vols formar-ne part envia un correu electrònic a <a href="mailto:afa25desetembre@gmail.com">afa25desetembre@gmail.com</a> i en parlem amb més detall!</p>

<p>extraescolars25desetembre@gmail.com Informació pràctica Inici inscripció extraescolars 2023-2024: 1 de Setembre Inici extraescolars 2023-2024: 3 d&#8217;Octubre Oferta extraescolars 2023-2024 Adjuntem informació de l&#8217;extraescolar de Taekwondo Informació Taekwondo Més informació aqui Les activitats extraescolars donen l’oportunitat als nostres fills i filles de realitzar activitats que els agraden especialment en companyia d’altres nens i nenes amb els seus [&hellip;]</p>
