{"id":1547,"date":"2016-07-27T17:20:23","date_gmt":"2016-07-27T16:20:23","guid":{"rendered":"http:\/\/agora.xtec.cat\/ceip-25desetembre-rubi\/?page_id=1547"},"modified":"2025-09-10T10:09:34","modified_gmt":"2025-09-10T08:09:34","slug":"menjador-2","status":"publish","type":"page","link":"https:\/\/agora.xtec.cat\/ceip-25desetembre-rubi\/menjador-2\/","title":{"rendered":"Menjador"},"content":{"rendered":"<h5><span style=\"color: #000000;\">Canals de comunicaci\u00f3:<\/span><\/h5>\n<h5><span style=\"color: #000000;\">Tel\u00e8fon 660 320 452 atenci\u00f3 de 9 a 12h<\/span><\/h5>\n<h5><span style=\"color: #000000;\">Correu electr\u00f2nic: menjador.25setembre@camposestela.com<\/span><\/h5>\n<h5><span style=\"color: #000000;\">HORARI D&#8217;ATENCI\u00d3 PRESENCIAL: de dilluns a divendres de 9 a 10.30h<\/span><\/h5>\n<p>&nbsp;<\/p>\n<p><strong>Cap a les estrelles Farinetes amb el Bo, Sa, Sostenible i Segur<\/strong><\/p>\n<p>Durant l\u2019espai del migdia els infants que dinen al menjador<img loading=\"lazy\" decoding=\"async\" class=\"alignright wp-image-2923\" src=\"https:\/\/agora.xtec.cat\/ceip-25desetembre-rubi\/wp-content\/uploads\/usu639\/2019\/02\/Panell_Estrelles-1024x768.jpg\" alt=\"\" width=\"278\" height=\"208\" srcset=\"https:\/\/agora.xtec.cat\/ceip-25desetembre-rubi\/wp-content\/uploads\/usu639\/2019\/02\/Panell_Estrelles-1024x768.jpg 1024w, https:\/\/agora.xtec.cat\/ceip-25desetembre-rubi\/wp-content\/uploads\/usu639\/2019\/02\/Panell_Estrelles-300x225.jpg 300w, https:\/\/agora.xtec.cat\/ceip-25desetembre-rubi\/wp-content\/uploads\/usu639\/2019\/02\/Panell_Estrelles-768x576.jpg 768w, https:\/\/agora.xtec.cat\/ceip-25desetembre-rubi\/wp-content\/uploads\/usu639\/2019\/02\/Panell_Estrelles-200x150.jpg 200w, https:\/\/agora.xtec.cat\/ceip-25desetembre-rubi\/wp-content\/uploads\/usu639\/2019\/02\/Panell_Estrelles.jpg 1632w\" sizes=\"auto, (max-width: 278px) 100vw, 278px\" \/> de l\u2019Escola 25 de Setembre estan avan\u00e7ant amb els\u00a0reptes que formen part del\u00a0projecte educatiu que proposem aquest curs, el <strong>Bo, Sa, Sostenible i Segur<\/strong>. Per descomptat, ho fan acompanyats tant dels equips de lleure com de cuina. En aquest sentit, el programa dibuixa unes l\u00ednies que ens permetran avan\u00e7ar cap a un menjador:<\/p>\n<ul>\n<li><span style=\"font-family: inherit; font-size: 1em;\">m\u00e9s\u00a0<\/span><strong style=\"font-family: inherit; font-size: 1em;\">bo\u00a0<\/strong><span style=\"font-family: inherit; font-size: 1em;\">(des del punt de vista gastron\u00f2mic, de confort i de bona conviv\u00e8ncia)<\/span><\/li>\n<li>m\u00e9s <strong>sa\u00a0<\/strong>(amb uns h\u00e0bits d\u2019alimentaci\u00f3 i activitat f\u00edsica saludables)<\/li>\n<li>m\u00e9s\u00a0<strong>sostenible\u00a0<\/strong>(amb un impacte social i mediambiental positiu).<\/li>\n<li>m\u00e9s <strong>segur<\/strong> (amb els h\u00e0bits i normes per a un temps de migdia amb benestar i seguretat)<\/li>\n<\/ul>\n<p>La proposta es presenta com un joc per als infants i se centra a convertir el menjador en un restaurant que pugui optar al concurs de les <strong>estrelles Farinetes<\/strong>, les del \u201cBo, Sa, Sostenible i Segur\u201d.<\/p>\n<p><strong>PANELL DE LES ESTRELLES<\/strong><\/p>\n<p>Un cop a dins del menjador els nens i nenes compten amb el panell dels reptes que els guiaran per aconseguir les estrelles Farinetes del Bo, Sa i Sostenible. El repte de crear un restaurant dins l\u2019espai de menjador implica treballar des de l\u2019empoderament dels infants que desperten la seva creativitat per aconseguir les estrelles Farinetes.<\/p>\n<p>Seguint els interessos dels vailets i els que es puguin valorar a la comissi\u00f3 del menjador, alguns dels<strong> reptes<\/strong> que es poden treballar al menjador de l\u2019Escola 25 de Setembre s\u00f3n:<\/p>\n<p><strong>BO<\/strong><\/p>\n<ul>\n<li>Triem els men\u00fas dels festius<\/li>\n<li>Coneixem les propietats dels aliments<\/li>\n<li>Organitzem exposicions d\u2019art<\/li>\n<li>Fem Tallers creatius amb diferents t\u00e8cniques: pintura amb sal i silueta amb parts del cos<strong style=\"font-family: inherit; font-size: 1em;\">\u00a0<\/strong><\/li>\n<\/ul>\n<p><strong>SA<\/strong><\/p>\n<ul>\n<li>Organitzem el meatless day<\/li>\n<li>Aprenem a ser conscients de si tenim m\u00e9s gana o no<\/li>\n<li>Generem converses amb els infants per parlar dels men\u00fas<\/li>\n<li>Consolidem h\u00e0bits d&#8217;higiene com el rentat continuat de mans<\/li>\n<\/ul>\n<p><strong>SOSTENIBLE<\/strong><\/p>\n<ul>\n<li>Fem graella decorativa del projecte Pesa i Pensa, per aprendre a no malbaratar aliments<\/li>\n<li>Ens impliquem en iniciatives de reaprofitament segur dels aliments com el Recuperem<\/li>\n<li>Creem decoracions del menjador amb elements reciclats<\/li>\n<li>Valorem la proced\u00e8ncia dels aliments de proximitat que cuinem a l&#8217;escola<\/li>\n<\/ul>\n<div class=\"yj6qo\">\n<h5 style=\"text-align: left;\">Compartim amb vosaltres l&#8217;enlla\u00e7 a men\u00fa del menjador de la nostra escola. Cliqueu <a style=\"font-family: inherit; font-size: 1em; font-weight: normal;\" href=\"https:\/\/camposestela.com\/wp-content\/uploads\/2022\/09\/Menu_1erTrimestre_2022_23_CamposEstela.pdf\" target=\"_blank\" rel=\"noopener noreferrer\">aqu\u00ed.<\/a><\/h5>\n<\/div>\n<p>&nbsp;<\/p>\n<p><a href=\"https:\/\/agora.xtec.cat\/ceip-25desetembre-rubi\/wp-content\/uploads\/usu639\/2022\/09\/campos-estela-sabequealimenta-scaled.jpg\"><img loading=\"lazy\" decoding=\"async\" class=\"alignnone wp-image-5436\" src=\"https:\/\/agora.xtec.cat\/ceip-25desetembre-rubi\/wp-content\/uploads\/usu639\/2022\/09\/campos-estela-sabequealimenta-1024x347.jpg\" alt=\"\" width=\"443\" height=\"150\" srcset=\"https:\/\/agora.xtec.cat\/ceip-25desetembre-rubi\/wp-content\/uploads\/usu639\/2022\/09\/campos-estela-sabequealimenta-1024x347.jpg 1024w, https:\/\/agora.xtec.cat\/ceip-25desetembre-rubi\/wp-content\/uploads\/usu639\/2022\/09\/campos-estela-sabequealimenta-300x102.jpg 300w, https:\/\/agora.xtec.cat\/ceip-25desetembre-rubi\/wp-content\/uploads\/usu639\/2022\/09\/campos-estela-sabequealimenta-768x260.jpg 768w, https:\/\/agora.xtec.cat\/ceip-25desetembre-rubi\/wp-content\/uploads\/usu639\/2022\/09\/campos-estela-sabequealimenta-1536x521.jpg 1536w, https:\/\/agora.xtec.cat\/ceip-25desetembre-rubi\/wp-content\/uploads\/usu639\/2022\/09\/campos-estela-sabequealimenta-2048x694.jpg 2048w\" sizes=\"auto, (max-width: 443px) 100vw, 443px\" \/><\/a><\/p>\n<p><a href=\"https:\/\/agora.xtec.cat\/ceip-25desetembre-rubi\/wp-content\/uploads\/usu639\/2022\/09\/rocodrom-25-setembre.jpeg\"><img loading=\"lazy\" decoding=\"async\" class=\"alignnone size-full wp-image-5437\" src=\"https:\/\/agora.xtec.cat\/ceip-25desetembre-rubi\/wp-content\/uploads\/usu639\/2022\/09\/rocodrom-25-setembre.jpeg\" alt=\"\" width=\"1024\" height=\"768\" srcset=\"https:\/\/agora.xtec.cat\/ceip-25desetembre-rubi\/wp-content\/uploads\/usu639\/2022\/09\/rocodrom-25-setembre.jpeg 1024w, https:\/\/agora.xtec.cat\/ceip-25desetembre-rubi\/wp-content\/uploads\/usu639\/2022\/09\/rocodrom-25-setembre-300x225.jpeg 300w, https:\/\/agora.xtec.cat\/ceip-25desetembre-rubi\/wp-content\/uploads\/usu639\/2022\/09\/rocodrom-25-setembre-768x576.jpeg 768w, https:\/\/agora.xtec.cat\/ceip-25desetembre-rubi\/wp-content\/uploads\/usu639\/2022\/09\/rocodrom-25-setembre-200x150.jpeg 200w\" sizes=\"auto, (max-width: 1024px) 100vw, 1024px\" \/><\/a><\/p>\n<p><a href=\"https:\/\/agora.xtec.cat\/ceip-25desetembre-rubi\/wp-content\/uploads\/usu639\/2022\/09\/WhatsApp-Image-2022-05-09-at-14.37.15-1.jpeg\"><img loading=\"lazy\" decoding=\"async\" class=\"alignnone size-full wp-image-5438\" src=\"https:\/\/agora.xtec.cat\/ceip-25desetembre-rubi\/wp-content\/uploads\/usu639\/2022\/09\/WhatsApp-Image-2022-05-09-at-14.37.15-1.jpeg\" alt=\"\" width=\"1024\" height=\"576\" srcset=\"https:\/\/agora.xtec.cat\/ceip-25desetembre-rubi\/wp-content\/uploads\/usu639\/2022\/09\/WhatsApp-Image-2022-05-09-at-14.37.15-1.jpeg 1024w, https:\/\/agora.xtec.cat\/ceip-25desetembre-rubi\/wp-content\/uploads\/usu639\/2022\/09\/WhatsApp-Image-2022-05-09-at-14.37.15-1-300x169.jpeg 300w, https:\/\/agora.xtec.cat\/ceip-25desetembre-rubi\/wp-content\/uploads\/usu639\/2022\/09\/WhatsApp-Image-2022-05-09-at-14.37.15-1-768x432.jpeg 768w\" sizes=\"auto, (max-width: 1024px) 100vw, 1024px\" \/><\/a><\/p>\n<p>&nbsp;<\/p>\n<p>&nbsp;<\/p>\n<div class=\"yj6qo\"><\/div>\n<p>&nbsp;<\/p>\n<h3><\/h3>\n","protected":false},"excerpt":{"rendered":"<p>Canals de comunicaci\u00f3: Tel\u00e8fon 660 320 452 atenci\u00f3 de 9 a 12h Correu electr\u00f2nic: menjador.25setembre@camposestela.com HORARI D&#8217;ATENCI\u00d3 PRESENCIAL: de dilluns a divendres de 9 a 10.30h &nbsp; Cap a les estrelles Farinetes amb el Bo, Sa, Sostenible i Segur Durant l\u2019espai del migdia els infants que dinen al menjador de l\u2019Escola 25 de Setembre estan [&hellip;]<\/p>\n","protected":false},"author":1,"featured_media":0,"parent":0,"menu_order":30,"comment_status":"closed","ping_status":"closed","template":"page-templates\/side-menu.php","meta":{"_bbp_topic_count":0,"_bbp_reply_count":0,"_bbp_total_topic_count":0,"_bbp_total_reply_count":0,"_bbp_voice_count":0,"_bbp_anonymous_reply_count":0,"_bbp_topic_count_hidden":0,"_bbp_reply_count_hidden":0,"_bbp_forum_subforum_count":0,"site-sidebar-layout":"default","site-content-layout":"","ast-site-content-layout":"","site-content-style":"default","site-sidebar-style":"default","ast-global-header-display":"","ast-banner-title-visibility":"","ast-main-header-display":"","ast-hfb-above-header-display":"","ast-hfb-below-header-display":"","ast-hfb-mobile-header-display":"","site-post-title":"","ast-breadcrumbs-content":"","ast-featured-img":"","footer-sml-layout":"","theme-transparent-header-meta":"","adv-header-id-meta":"","stick-header-meta":"","header-above-stick-meta":"","header-main-stick-meta":"","header-below-stick-meta":"","astra-migrate-meta-layouts":"default","ast-page-background-enabled":"default","ast-page-background-meta":{"desktop":{"background-color":"var(--ast-global-color-4)","background-image":"","background-repeat":"repeat","background-position":"center center","background-size":"auto","background-attachment":"scroll","background-type":"","background-media":"","overlay-type":"","overlay-color":"","overlay-opacity":"","overlay-gradient":""},"tablet":{"background-color":"","background-image":"","background-repeat":"repeat","background-position":"center center","background-size":"auto","background-attachment":"scroll","background-type":"","background-media":"","overlay-type":"","overlay-color":"","overlay-opacity":"","overlay-gradient":""},"mobile":{"background-color":"","background-image":"","background-repeat":"repeat","background-position":"center center","background-size":"auto","background-attachment":"scroll","background-type":"","background-media":"","overlay-type":"","overlay-color":"","overlay-opacity":"","overlay-gradient":""}},"ast-content-background-meta":{"desktop":{"background-color":"var(--ast-global-color-5)","background-image":"","background-repeat":"repeat","background-position":"center center","background-size":"auto","background-attachment":"scroll","background-type":"","background-media":"","overlay-type":"","overlay-color":"","overlay-opacity":"","overlay-gradient":""},"tablet":{"background-color":"var(--ast-global-color-5)","background-image":"","background-repeat":"repeat","background-position":"center center","background-size":"auto","background-attachment":"scroll","background-type":"","background-media":"","overlay-type":"","overlay-color":"","overlay-opacity":"","overlay-gradient":""},"mobile":{"background-color":"var(--ast-global-color-5)","background-image":"","background-repeat":"repeat","background-position":"center center","background-size":"auto","background-attachment":"scroll","background-type":"","background-media":"","overlay-type":"","overlay-color":"","overlay-opacity":"","overlay-gradient":""}},"footnotes":""},"class_list":["post-1547","page","type-page","status-publish","hentry"],"post_mailing_queue_ids":[],"_links":{"self":[{"href":"https:\/\/agora.xtec.cat\/ceip-25desetembre-rubi\/wp-json\/wp\/v2\/pages\/1547","targetHints":{"allow":["GET"]}}],"collection":[{"href":"https:\/\/agora.xtec.cat\/ceip-25desetembre-rubi\/wp-json\/wp\/v2\/pages"}],"about":[{"href":"https:\/\/agora.xtec.cat\/ceip-25desetembre-rubi\/wp-json\/wp\/v2\/types\/page"}],"author":[{"embeddable":true,"href":"https:\/\/agora.xtec.cat\/ceip-25desetembre-rubi\/wp-json\/wp\/v2\/users\/1"}],"replies":[{"embeddable":true,"href":"https:\/\/agora.xtec.cat\/ceip-25desetembre-rubi\/wp-json\/wp\/v2\/comments?post=1547"}],"version-history":[{"count":7,"href":"https:\/\/agora.xtec.cat\/ceip-25desetembre-rubi\/wp-json\/wp\/v2\/pages\/1547\/revisions"}],"predecessor-version":[{"id":6999,"href":"https:\/\/agora.xtec.cat\/ceip-25desetembre-rubi\/wp-json\/wp\/v2\/pages\/1547\/revisions\/6999"}],"wp:attachment":[{"href":"https:\/\/agora.xtec.cat\/ceip-25desetembre-rubi\/wp-json\/wp\/v2\/media?parent=1547"}],"curies":[{"name":"wp","href":"https:\/\/api.w.org\/{rel}","templated":true}]}}

<h5><span style="color: #000000;">Canals de comunicació:</span></h5>
<h5><span style="color: #000000;">Telèfon 660 320 452 atenció de 9 a 12h</span></h5>
<h5><span style="color: #000000;">Correu electrònic: menjador.25setembre@camposestela.com</span></h5>
<h5><span style="color: #000000;">HORARI D&#8217;ATENCIÓ PRESENCIAL: de dilluns a divendres de 9 a 10.30h</span></h5>
<p>&nbsp;</p>
<p><strong>Cap a les estrelles Farinetes amb el Bo, Sa, Sostenible i Segur</strong></p>
<p>Durant l’espai del migdia els infants que dinen al menjador<img loading="lazy" decoding="async" class="alignright wp-image-2923" src="https://agora.xtec.cat/ceip-25desetembre-rubi/wp-content/uploads/usu639/2019/02/Panell_Estrelles-1024x768.jpg" alt="" width="278" height="208" srcset="https://agora.xtec.cat/ceip-25desetembre-rubi/wp-content/uploads/usu639/2019/02/Panell_Estrelles-1024x768.jpg 1024w, https://agora.xtec.cat/ceip-25desetembre-rubi/wp-content/uploads/usu639/2019/02/Panell_Estrelles-300x225.jpg 300w, https://agora.xtec.cat/ceip-25desetembre-rubi/wp-content/uploads/usu639/2019/02/Panell_Estrelles-768x576.jpg 768w, https://agora.xtec.cat/ceip-25desetembre-rubi/wp-content/uploads/usu639/2019/02/Panell_Estrelles-200x150.jpg 200w, https://agora.xtec.cat/ceip-25desetembre-rubi/wp-content/uploads/usu639/2019/02/Panell_Estrelles.jpg 1632w" sizes="auto, (max-width: 278px) 100vw, 278px" /> de l’Escola 25 de Setembre estan avançant amb els reptes que formen part del projecte educatiu que proposem aquest curs, el <strong>Bo, Sa, Sostenible i Segur</strong>. Per descomptat, ho fan acompanyats tant dels equips de lleure com de cuina. En aquest sentit, el programa dibuixa unes línies que ens permetran avançar cap a un menjador:</p>
<ul>
<li><span style="font-family: inherit; font-size: 1em;">més </span><strong style="font-family: inherit; font-size: 1em;">bo </strong><span style="font-family: inherit; font-size: 1em;">(des del punt de vista gastronòmic, de confort i de bona convivència)</span></li>
<li>més <strong>sa </strong>(amb uns hàbits d’alimentació i activitat física saludables)</li>
<li>més <strong>sostenible </strong>(amb un impacte social i mediambiental positiu).</li>
<li>més <strong>segur</strong> (amb els hàbits i normes per a un temps de migdia amb benestar i seguretat)</li>
</ul>
<p>La proposta es presenta com un joc per als infants i se centra a convertir el menjador en un restaurant que pugui optar al concurs de les <strong>estrelles Farinetes</strong>, les del “Bo, Sa, Sostenible i Segur”.</p>
<p><strong>PANELL DE LES ESTRELLES</strong></p>
<p>Un cop a dins del menjador els nens i nenes compten amb el panell dels reptes que els guiaran per aconseguir les estrelles Farinetes del Bo, Sa i Sostenible. El repte de crear un restaurant dins l’espai de menjador implica treballar des de l’empoderament dels infants que desperten la seva creativitat per aconseguir les estrelles Farinetes.</p>
<p>Seguint els interessos dels vailets i els que es puguin valorar a la comissió del menjador, alguns dels<strong> reptes</strong> que es poden treballar al menjador de l’Escola 25 de Setembre són:</p>
<p><strong>BO</strong></p>
<ul>
<li>Triem els menús dels festius</li>
<li>Coneixem les propietats dels aliments</li>
<li>Organitzem exposicions d’art</li>
<li>Fem Tallers creatius amb diferents tècniques: pintura amb sal i silueta amb parts del cos<strong style="font-family: inherit; font-size: 1em;"> </strong></li>
</ul>
<p><strong>SA</strong></p>
<ul>
<li>Organitzem el meatless day</li>
<li>Aprenem a ser conscients de si tenim més gana o no</li>
<li>Generem converses amb els infants per parlar dels menús</li>
<li>Consolidem hàbits d&#8217;higiene com el rentat continuat de mans</li>
</ul>
<p><strong>SOSTENIBLE</strong></p>
<ul>
<li>Fem graella decorativa del projecte Pesa i Pensa, per aprendre a no malbaratar aliments</li>
<li>Ens impliquem en iniciatives de reaprofitament segur dels aliments com el Recuperem</li>
<li>Creem decoracions del menjador amb elements reciclats</li>
<li>Valorem la procedència dels aliments de proximitat que cuinem a l&#8217;escola</li>
</ul>
<div class="yj6qo">
<h5 style="text-align: left;">Compartim amb vosaltres l&#8217;enllaç a menú del menjador de la nostra escola. Cliqueu <a style="font-family: inherit; font-size: 1em; font-weight: normal;" href="https://camposestela.com/wp-content/uploads/2022/09/Menu_1erTrimestre_2022_23_CamposEstela.pdf" target="_blank" rel="noopener noreferrer">aquí.</a></h5>
</div>
<p>&nbsp;</p>
<p><a href="https://agora.xtec.cat/ceip-25desetembre-rubi/wp-content/uploads/usu639/2022/09/campos-estela-sabequealimenta-scaled.jpg"><img loading="lazy" decoding="async" class="alignnone wp-image-5436" src="https://agora.xtec.cat/ceip-25desetembre-rubi/wp-content/uploads/usu639/2022/09/campos-estela-sabequealimenta-1024x347.jpg" alt="" width="443" height="150" srcset="https://agora.xtec.cat/ceip-25desetembre-rubi/wp-content/uploads/usu639/2022/09/campos-estela-sabequealimenta-1024x347.jpg 1024w, https://agora.xtec.cat/ceip-25desetembre-rubi/wp-content/uploads/usu639/2022/09/campos-estela-sabequealimenta-300x102.jpg 300w, https://agora.xtec.cat/ceip-25desetembre-rubi/wp-content/uploads/usu639/2022/09/campos-estela-sabequealimenta-768x260.jpg 768w, https://agora.xtec.cat/ceip-25desetembre-rubi/wp-content/uploads/usu639/2022/09/campos-estela-sabequealimenta-1536x521.jpg 1536w, https://agora.xtec.cat/ceip-25desetembre-rubi/wp-content/uploads/usu639/2022/09/campos-estela-sabequealimenta-2048x694.jpg 2048w" sizes="auto, (max-width: 443px) 100vw, 443px" /></a></p>
<p><a href="https://agora.xtec.cat/ceip-25desetembre-rubi/wp-content/uploads/usu639/2022/09/rocodrom-25-setembre.jpeg"><img loading="lazy" decoding="async" class="alignnone size-full wp-image-5437" src="https://agora.xtec.cat/ceip-25desetembre-rubi/wp-content/uploads/usu639/2022/09/rocodrom-25-setembre.jpeg" alt="" width="1024" height="768" srcset="https://agora.xtec.cat/ceip-25desetembre-rubi/wp-content/uploads/usu639/2022/09/rocodrom-25-setembre.jpeg 1024w, https://agora.xtec.cat/ceip-25desetembre-rubi/wp-content/uploads/usu639/2022/09/rocodrom-25-setembre-300x225.jpeg 300w, https://agora.xtec.cat/ceip-25desetembre-rubi/wp-content/uploads/usu639/2022/09/rocodrom-25-setembre-768x576.jpeg 768w, https://agora.xtec.cat/ceip-25desetembre-rubi/wp-content/uploads/usu639/2022/09/rocodrom-25-setembre-200x150.jpeg 200w" sizes="auto, (max-width: 1024px) 100vw, 1024px" /></a></p>
<p><a href="https://agora.xtec.cat/ceip-25desetembre-rubi/wp-content/uploads/usu639/2022/09/WhatsApp-Image-2022-05-09-at-14.37.15-1.jpeg"><img loading="lazy" decoding="async" class="alignnone size-full wp-image-5438" src="https://agora.xtec.cat/ceip-25desetembre-rubi/wp-content/uploads/usu639/2022/09/WhatsApp-Image-2022-05-09-at-14.37.15-1.jpeg" alt="" width="1024" height="576" srcset="https://agora.xtec.cat/ceip-25desetembre-rubi/wp-content/uploads/usu639/2022/09/WhatsApp-Image-2022-05-09-at-14.37.15-1.jpeg 1024w, https://agora.xtec.cat/ceip-25desetembre-rubi/wp-content/uploads/usu639/2022/09/WhatsApp-Image-2022-05-09-at-14.37.15-1-300x169.jpeg 300w, https://agora.xtec.cat/ceip-25desetembre-rubi/wp-content/uploads/usu639/2022/09/WhatsApp-Image-2022-05-09-at-14.37.15-1-768x432.jpeg 768w" sizes="auto, (max-width: 1024px) 100vw, 1024px" /></a></p>
<p>&nbsp;</p>
<p>&nbsp;</p>
<div class="yj6qo"></div>
<p>&nbsp;</p>
<h3></h3>

<p>Canals de comunicació: Telèfon 660 320 452 atenció de 9 a 12h Correu electrònic: menjador.25setembre@camposestela.com HORARI D&#8217;ATENCIÓ PRESENCIAL: de dilluns a divendres de 9 a 10.30h &nbsp; Cap a les estrelles Farinetes amb el Bo, Sa, Sostenible i Segur Durant l’espai del migdia els infants que dinen al menjador de l’Escola 25 de Setembre estan [&hellip;]</p>
