{"id":850,"date":"2020-02-03T10:10:28","date_gmt":"2020-02-03T09:10:28","guid":{"rendered":"https:\/\/agora.xtec.cat\/ceeventijollaselva\/?page_id=850"},"modified":"2020-02-03T10:21:17","modified_gmt":"2020-02-03T09:21:17","slug":"musicoterapia","status":"publish","type":"page","link":"https:\/\/agora.xtec.cat\/ceeventijollaselva\/musicoterapia\/","title":{"rendered":"Musicoter\u00e0pia"},"content":{"rendered":"<div id=\"WRchTxta\" class=\"txtNew\" data-packed=\"true\">\n<h4 class=\"font_4\"><strong>La m\u00fasica als serveis<\/strong><\/h4>\n<\/div>\n<div id=\"WRchTxtb\" class=\"txtNew\" data-packed=\"true\">\n<p class=\"font_7\">Quan la m\u00fasica esdev\u00e9\u00a0l&#8217;eina que ens permet riure, gaudir, comunicar-nos, moure el cos i afrontar-nos a reptes nous apareix la musicoter\u00e0pia.<\/p>\n<p class=\"font_7\">Per tant, la musicoter\u00e0pia no \u00e9s m\u00e9s que la possibilitat per ser feli\u00e7 i sentir-nos orgullosos de les nostres capacitats.<\/p>\n<p>&nbsp;<\/p>\n<div id=\"WRchTxta\" class=\"txtNew\" data-packed=\"true\">\n<h4 class=\"font_2\">Utilitzeu aquest plaf\u00f3\u00a0per a preguntar als nens i nenes qu\u00e8 volen visitar de dins de la p\u00e0gina de m\u00fasica utilitzant els s\u00edmbols que ja els hi s\u00f3n familiars.<\/h4>\n<p class=\"font_8\">A trav\u00e9s de la musicoter\u00e0pia treballem aspectes relacionats amb les emocions, el moviment corporal i la comunicaci\u00f3.<\/p>\n<p>Clicant sobre la imatge podr\u00e0s accedir a les diferents seccions.<\/p>\n<h4 class=\"font_4\"><\/h4>\n<\/div>\n<\/div>\n<p><a href=\"https:\/\/agora.xtec.cat\/ceeventijollaselva\/wp-content\/uploads\/usu2015\/2020\/02\/r\u00e0dio-cd.png\"><img loading=\"lazy\" decoding=\"async\" class=\"alignnone  wp-image-856\" src=\"https:\/\/agora.xtec.cat\/ceeventijollaselva\/wp-content\/uploads\/usu2015\/2020\/02\/r\u00e0dio-cd-300x300.png\" alt=\"\" width=\"175\" height=\"175\" data-wp-editing=\"1\" srcset=\"https:\/\/agora.xtec.cat\/ceeventijollaselva\/wp-content\/uploads\/usu2015\/2020\/02\/r\u00e0dio-cd-300x300.png 300w, https:\/\/agora.xtec.cat\/ceeventijollaselva\/wp-content\/uploads\/usu2015\/2020\/02\/r\u00e0dio-cd-150x150.png 150w, https:\/\/agora.xtec.cat\/ceeventijollaselva\/wp-content\/uploads\/usu2015\/2020\/02\/r\u00e0dio-cd.png 500w\" sizes=\"auto, (max-width: 175px) 100vw, 175px\" \/>\u00a0\u00a0\u00a0\u00a0\u00a0\u00a0\u00a0\u00a0\u00a0\u00a0\u00a0\u00a0\u00a0\u00a0\u00a0\u00a0\u00a0\u00a0\u00a0\u00a0\u00a0\u00a0\u00a0\u00a0\u00a0\u00a0\u00a0\u00a0\u00a0\u00a0\u00a0\u00a0\u00a0\u00a0\u00a0\u00a0\u00a0 <\/a><a href=\"https:\/\/musicoterapiaventi.wixsite.com\/musicaventijol\/vull-cantar-canons\"><img loading=\"lazy\" decoding=\"async\" class=\"alignnone  wp-image-857\" src=\"https:\/\/agora.xtec.cat\/ceeventijollaselva\/wp-content\/uploads\/usu2015\/2020\/02\/cantar-300x300.png\" alt=\"\" width=\"190\" height=\"190\" srcset=\"https:\/\/agora.xtec.cat\/ceeventijollaselva\/wp-content\/uploads\/usu2015\/2020\/02\/cantar-300x300.png 300w, https:\/\/agora.xtec.cat\/ceeventijollaselva\/wp-content\/uploads\/usu2015\/2020\/02\/cantar-150x150.png 150w, https:\/\/agora.xtec.cat\/ceeventijollaselva\/wp-content\/uploads\/usu2015\/2020\/02\/cantar.png 500w\" sizes=\"auto, (max-width: 190px) 100vw, 190px\" \/><\/a><\/p>\n<p>Escoltar can\u00e7ons\u00a0 \u00a0 \u00a0 \u00a0 \u00a0 \u00a0 \u00a0 \u00a0 \u00a0 \u00a0 \u00a0 \u00a0 \u00a0 \u00a0 \u00a0 \u00a0 \u00a0 \u00a0 \u00a0 \u00a0 \u00a0 \u00a0 \u00a0 \u00a0 \u00a0 \u00a0 \u00a0 \u00a0 \u00a0 \u00a0 Cantar can\u00e7ons<\/p>\n","protected":false},"excerpt":{"rendered":"<p>La m\u00fasica als serveis Quan la m\u00fasica esdev\u00e9\u00a0l&#8217;eina que ens permet riure, gaudir, comunicar-nos, moure el cos i afrontar-nos a reptes nous apareix la musicoter\u00e0pia. Per tant, la musicoter\u00e0pia no \u00e9s m\u00e9s que la possibilitat per ser feli\u00e7 i sentir-nos orgullosos de les nostres capacitats. &nbsp; Utilitzeu aquest plaf\u00f3\u00a0per a preguntar als nens i nenes [&hellip;]<\/p>\n","protected":false},"author":3,"featured_media":0,"parent":0,"menu_order":0,"comment_status":"closed","ping_status":"closed","template":"","meta":{"_bbp_topic_count":0,"_bbp_reply_count":0,"_bbp_total_topic_count":0,"_bbp_total_reply_count":0,"_bbp_voice_count":0,"_bbp_anonymous_reply_count":0,"_bbp_topic_count_hidden":0,"_bbp_reply_count_hidden":0,"_bbp_forum_subforum_count":0,"site-sidebar-layout":"default","site-content-layout":"","ast-site-content-layout":"","site-content-style":"default","site-sidebar-style":"default","ast-global-header-display":"","ast-banner-title-visibility":"","ast-main-header-display":"","ast-hfb-above-header-display":"","ast-hfb-below-header-display":"","ast-hfb-mobile-header-display":"","site-post-title":"","ast-breadcrumbs-content":"","ast-featured-img":"","footer-sml-layout":"","theme-transparent-header-meta":"","adv-header-id-meta":"","stick-header-meta":"","header-above-stick-meta":"","header-main-stick-meta":"","header-below-stick-meta":"","astra-migrate-meta-layouts":"default","ast-page-background-enabled":"default","ast-page-background-meta":{"desktop":{"background-color":"var(--ast-global-color-4)","background-image":"","background-repeat":"repeat","background-position":"center center","background-size":"auto","background-attachment":"scroll","background-type":"","background-media":"","overlay-type":"","overlay-color":"","overlay-opacity":"","overlay-gradient":""},"tablet":{"background-color":"","background-image":"","background-repeat":"repeat","background-position":"center center","background-size":"auto","background-attachment":"scroll","background-type":"","background-media":"","overlay-type":"","overlay-color":"","overlay-opacity":"","overlay-gradient":""},"mobile":{"background-color":"","background-image":"","background-repeat":"repeat","background-position":"center center","background-size":"auto","background-attachment":"scroll","background-type":"","background-media":"","overlay-type":"","overlay-color":"","overlay-opacity":"","overlay-gradient":""}},"ast-content-background-meta":{"desktop":{"background-color":"var(--ast-global-color-5)","background-image":"","background-repeat":"repeat","background-position":"center center","background-size":"auto","background-attachment":"scroll","background-type":"","background-media":"","overlay-type":"","overlay-color":"","overlay-opacity":"","overlay-gradient":""},"tablet":{"background-color":"var(--ast-global-color-5)","background-image":"","background-repeat":"repeat","background-position":"center center","background-size":"auto","background-attachment":"scroll","background-type":"","background-media":"","overlay-type":"","overlay-color":"","overlay-opacity":"","overlay-gradient":""},"mobile":{"background-color":"var(--ast-global-color-5)","background-image":"","background-repeat":"repeat","background-position":"center center","background-size":"auto","background-attachment":"scroll","background-type":"","background-media":"","overlay-type":"","overlay-color":"","overlay-opacity":"","overlay-gradient":""}},"footnotes":""},"class_list":["post-850","page","type-page","status-publish","hentry"],"post_mailing_queue_ids":[],"_links":{"self":[{"href":"https:\/\/agora.xtec.cat\/ceeventijollaselva\/wp-json\/wp\/v2\/pages\/850","targetHints":{"allow":["GET"]}}],"collection":[{"href":"https:\/\/agora.xtec.cat\/ceeventijollaselva\/wp-json\/wp\/v2\/pages"}],"about":[{"href":"https:\/\/agora.xtec.cat\/ceeventijollaselva\/wp-json\/wp\/v2\/types\/page"}],"author":[{"embeddable":true,"href":"https:\/\/agora.xtec.cat\/ceeventijollaselva\/wp-json\/wp\/v2\/users\/3"}],"replies":[{"embeddable":true,"href":"https:\/\/agora.xtec.cat\/ceeventijollaselva\/wp-json\/wp\/v2\/comments?post=850"}],"version-history":[{"count":3,"href":"https:\/\/agora.xtec.cat\/ceeventijollaselva\/wp-json\/wp\/v2\/pages\/850\/revisions"}],"predecessor-version":[{"id":859,"href":"https:\/\/agora.xtec.cat\/ceeventijollaselva\/wp-json\/wp\/v2\/pages\/850\/revisions\/859"}],"wp:attachment":[{"href":"https:\/\/agora.xtec.cat\/ceeventijollaselva\/wp-json\/wp\/v2\/media?parent=850"}],"curies":[{"name":"wp","href":"https:\/\/api.w.org\/{rel}","templated":true}]}}