{"id":26,"date":"2014-09-18T12:24:32","date_gmt":"2014-09-18T11:24:32","guid":{"rendered":"http:\/\/agora.xtec.cat\/ceepalau\/?page_id=26"},"modified":"2016-10-20T16:45:07","modified_gmt":"2016-10-20T14:45:07","slug":"historia","status":"publish","type":"page","link":"https:\/\/agora.xtec.cat\/ceepalau\/lescola\/historia\/","title":{"rendered":"Hist\u00f2ria"},"content":{"rendered":"<p style=\"text-align: center;\"><a href=\"http:\/\/agora.xtec.cat\/ceepalau\/wp-content\/uploads\/usu1486\/2014\/09\/estartit2-1.jpg\"><img loading=\"lazy\" decoding=\"async\" class=\"aligncenter size-full wp-image-564\" src=\"http:\/\/agora.xtec.cat\/ceepalau\/wp-content\/uploads\/usu1486\/2014\/09\/estartit2-1.jpg\" alt=\"estartit2\" width=\"1132\" height=\"188\" srcset=\"https:\/\/agora.xtec.cat\/ceepalau\/wp-content\/uploads\/usu1486\/2014\/09\/estartit2-1.jpg 1132w, https:\/\/agora.xtec.cat\/ceepalau\/wp-content\/uploads\/usu1486\/2014\/09\/estartit2-1-300x50.jpg 300w, https:\/\/agora.xtec.cat\/ceepalau\/wp-content\/uploads\/usu1486\/2014\/09\/estartit2-1-768x128.jpg 768w, https:\/\/agora.xtec.cat\/ceepalau\/wp-content\/uploads\/usu1486\/2014\/09\/estartit2-1-1024x170.jpg 1024w\" sizes=\"auto, (max-width: 1132px) 100vw, 1132px\" \/><\/a><\/p>\n<p style=\"text-align: justify;\">La hist\u00f2ria de l\u2019escola Palau es comen\u00e7a a escriure una tarda d\u2019estiu a l\u2019Estartit, prenent una tassa de caf\u00e8 dues amigues que es van anar engrescant en un projecte que en aquells moments semblava ut\u00f2pic.<\/p>\n<p style=\"text-align: justify;\">Una d\u2019aquestes persones estava dintre de l\u2019Associaci\u00f3 Aux\u00edlia i l\u2019altra vivia a Girona i conexia personalment a representants de les diferents administracions d\u2019aquella \u00e8poca.<\/p>\n<p style=\"text-align: justify;\">Aquella tarda, van deixar anar un munt d\u2019idees, pensaments, preguntes sense resposta, sobre com seria la vida i l\u2019escolaritat dels nens i joves amb trastorn motriu que vivien a Girona. Segurament, a poc a poc, es van anar il.lusionant fins que va apar\u00e8ixer el comprom\u00eds de moure els fils necessaris perqu\u00e8 aquesta utopia es convert\u00eds en realitat.<\/p>\n<p style=\"text-align: justify;\">I aquesta va ser la primera pedra de moltes m\u00e9s que es van anar posant una damunt de l\u2019altra amb esfor\u00e7, paci\u00e8ncia i dedicaci\u00f3, per fer possible la nostra escola.<\/p>\n<p style=\"text-align: center;\"><a href=\"http:\/\/agora.xtec.cat\/ceepalau\/wp-content\/uploads\/usu1486\/2014\/09\/1981.jpg\"><img loading=\"lazy\" decoding=\"async\" class=\"size-full wp-image-531 aligncenter\" src=\"http:\/\/agora.xtec.cat\/ceepalau\/wp-content\/uploads\/usu1486\/2014\/09\/1981.jpg\" alt=\"1981\" width=\"621\" height=\"217\" srcset=\"https:\/\/agora.xtec.cat\/ceepalau\/wp-content\/uploads\/usu1486\/2014\/09\/1981.jpg 621w, https:\/\/agora.xtec.cat\/ceepalau\/wp-content\/uploads\/usu1486\/2014\/09\/1981-300x105.jpg 300w\" sizes=\"auto, (max-width: 621px) 100vw, 621px\" \/><\/a>\u00a0L&#8217;escola Palau l&#8217;any 1981<\/p>\n","protected":false},"excerpt":{"rendered":"<p>La hist\u00f2ria de l\u2019escola Palau es comen\u00e7a a escriure una tarda d\u2019estiu a l\u2019Estartit, prenent una tassa de caf\u00e8 dues [&hellip;]<\/p>\n","protected":false},"author":1,"featured_media":0,"parent":22,"menu_order":20,"comment_status":"closed","ping_status":"closed","template":"page-templates\/side-menu.php","meta":{"_bbp_topic_count":0,"_bbp_reply_count":0,"_bbp_total_topic_count":0,"_bbp_total_reply_count":0,"_bbp_voice_count":0,"_bbp_anonymous_reply_count":0,"_bbp_topic_count_hidden":0,"_bbp_reply_count_hidden":0,"_bbp_forum_subforum_count":0,"site-sidebar-layout":"default","site-content-layout":"","ast-site-content-layout":"","site-content-style":"default","site-sidebar-style":"default","ast-global-header-display":"","ast-banner-title-visibility":"","ast-main-header-display":"","ast-hfb-above-header-display":"","ast-hfb-below-header-display":"","ast-hfb-mobile-header-display":"","site-post-title":"","ast-breadcrumbs-content":"","ast-featured-img":"","footer-sml-layout":"","theme-transparent-header-meta":"","adv-header-id-meta":"","stick-header-meta":"","header-above-stick-meta":"","header-main-stick-meta":"","header-below-stick-meta":"","astra-migrate-meta-layouts":"default","ast-page-background-enabled":"default","ast-page-background-meta":{"desktop":{"background-color":"var(--ast-global-color-4)","background-image":"","background-repeat":"repeat","background-position":"center center","background-size":"auto","background-attachment":"scroll","background-type":"","background-media":"","overlay-type":"","overlay-color":"","overlay-opacity":"","overlay-gradient":""},"tablet":{"background-color":"","background-image":"","background-repeat":"repeat","background-position":"center center","background-size":"auto","background-attachment":"scroll","background-type":"","background-media":"","overlay-type":"","overlay-color":"","overlay-opacity":"","overlay-gradient":""},"mobile":{"background-color":"","background-image":"","background-repeat":"repeat","background-position":"center center","background-size":"auto","background-attachment":"scroll","background-type":"","background-media":"","overlay-type":"","overlay-color":"","overlay-opacity":"","overlay-gradient":""}},"ast-content-background-meta":{"desktop":{"background-color":"var(--ast-global-color-5)","background-image":"","background-repeat":"repeat","background-position":"center center","background-size":"auto","background-attachment":"scroll","background-type":"","background-media":"","overlay-type":"","overlay-color":"","overlay-opacity":"","overlay-gradient":""},"tablet":{"background-color":"var(--ast-global-color-5)","background-image":"","background-repeat":"repeat","background-position":"center center","background-size":"auto","background-attachment":"scroll","background-type":"","background-media":"","overlay-type":"","overlay-color":"","overlay-opacity":"","overlay-gradient":""},"mobile":{"background-color":"var(--ast-global-color-5)","background-image":"","background-repeat":"repeat","background-position":"center center","background-size":"auto","background-attachment":"scroll","background-type":"","background-media":"","overlay-type":"","overlay-color":"","overlay-opacity":"","overlay-gradient":""}},"footnotes":""},"class_list":["post-26","page","type-page","status-publish","hentry"],"post_mailing_queue_ids":[],"_links":{"self":[{"href":"https:\/\/agora.xtec.cat\/ceepalau\/wp-json\/wp\/v2\/pages\/26","targetHints":{"allow":["GET"]}}],"collection":[{"href":"https:\/\/agora.xtec.cat\/ceepalau\/wp-json\/wp\/v2\/pages"}],"about":[{"href":"https:\/\/agora.xtec.cat\/ceepalau\/wp-json\/wp\/v2\/types\/page"}],"author":[{"embeddable":true,"href":"https:\/\/agora.xtec.cat\/ceepalau\/wp-json\/wp\/v2\/users\/1"}],"replies":[{"embeddable":true,"href":"https:\/\/agora.xtec.cat\/ceepalau\/wp-json\/wp\/v2\/comments?post=26"}],"version-history":[{"count":3,"href":"https:\/\/agora.xtec.cat\/ceepalau\/wp-json\/wp\/v2\/pages\/26\/revisions"}],"predecessor-version":[{"id":565,"href":"https:\/\/agora.xtec.cat\/ceepalau\/wp-json\/wp\/v2\/pages\/26\/revisions\/565"}],"up":[{"embeddable":true,"href":"https:\/\/agora.xtec.cat\/ceepalau\/wp-json\/wp\/v2\/pages\/22"}],"wp:attachment":[{"href":"https:\/\/agora.xtec.cat\/ceepalau\/wp-json\/wp\/v2\/media?parent=26"}],"curies":[{"name":"wp","href":"https:\/\/api.w.org\/{rel}","templated":true}]}}