{"id":73,"date":"2014-09-18T14:01:51","date_gmt":"2014-09-18T13:01:51","guid":{"rendered":"http:\/\/agora.xtec.cat\/ceenostrasradelmar\/?page_id=73"},"modified":"2026-04-13T13:14:16","modified_gmt":"2026-04-13T11:14:16","slug":"menjador-escolar","status":"publish","type":"page","link":"https:\/\/agora.xtec.cat\/ceenostrasradelmar\/serveis\/menjador-escolar\/","title":{"rendered":"Menjador escolar"},"content":{"rendered":"\n<div class=\"wp-block-getwid-images-slider has-arrows-inside has-dots-inside has-images-center has-fitted-images\"><div class=\"wp-block-getwid-images-slider__wrapper\" data-effect=\"slide\" data-slides-show=\"1\" data-slides-show-laptop=\"1\" data-slides-show-tablet=\"1\" data-slides-show-mobile=\"1\" data-slides-scroll=\"1\" data-autoplay=\"true\" data-pause-hover=\"true\" data-autoplay-speed=\"6000\" data-infinite=\"true\" data-animation-speed=\"800\" data-center-mode=\"false\" data-variable-width=\"false\" data-arrows=\"inside\" data-dots=\"inside\" data-spacing=\"none\"><div class=\"wp-block-getwid-images-slider__item\"><figure><img loading=\"lazy\" decoding=\"async\" width=\"768\" height=\"543\" src=\"https:\/\/agora.xtec.cat\/ceenostrasradelmar\/wp-content\/uploads\/usu1306\/2026\/03\/21-768x543.png\" alt=\"\" data-id=\"5041\" data-link=\"https:\/\/agora.xtec.cat\/ceenostrasradelmar\/serveis\/menjador-escolar\/attachment\/21\/\" data-original-link=\"https:\/\/agora.xtec.cat\/ceenostrasradelmar\/wp-content\/uploads\/usu1306\/2026\/03\/21.png\" class=\"wp-block-getwid-images-slider__image wp-image-5041\" srcset=\"https:\/\/agora.xtec.cat\/ceenostrasradelmar\/wp-content\/uploads\/usu1306\/2026\/03\/21-768x543.png 768w, https:\/\/agora.xtec.cat\/ceenostrasradelmar\/wp-content\/uploads\/usu1306\/2026\/03\/21-300x212.png 300w, https:\/\/agora.xtec.cat\/ceenostrasradelmar\/wp-content\/uploads\/usu1306\/2026\/03\/21-1024x724.png 1024w, https:\/\/agora.xtec.cat\/ceenostrasradelmar\/wp-content\/uploads\/usu1306\/2026\/03\/21-1536x1086.png 1536w, https:\/\/agora.xtec.cat\/ceenostrasradelmar\/wp-content\/uploads\/usu1306\/2026\/03\/21.png 2000w\" sizes=\"auto, (max-width: 768px) 100vw, 768px\" \/><\/figure><\/div><div class=\"wp-block-getwid-images-slider__item\"><figure><img loading=\"lazy\" decoding=\"async\" width=\"768\" height=\"543\" src=\"https:\/\/agora.xtec.cat\/ceenostrasradelmar\/wp-content\/uploads\/usu1306\/2026\/03\/20-768x543.png\" alt=\"\" data-id=\"5042\" data-link=\"https:\/\/agora.xtec.cat\/ceenostrasradelmar\/serveis\/menjador-escolar\/attachment\/20\/\" data-original-link=\"https:\/\/agora.xtec.cat\/ceenostrasradelmar\/wp-content\/uploads\/usu1306\/2026\/03\/20.png\" class=\"wp-block-getwid-images-slider__image wp-image-5042\" srcset=\"https:\/\/agora.xtec.cat\/ceenostrasradelmar\/wp-content\/uploads\/usu1306\/2026\/03\/20-768x543.png 768w, https:\/\/agora.xtec.cat\/ceenostrasradelmar\/wp-content\/uploads\/usu1306\/2026\/03\/20-300x212.png 300w, https:\/\/agora.xtec.cat\/ceenostrasradelmar\/wp-content\/uploads\/usu1306\/2026\/03\/20-1024x724.png 1024w, https:\/\/agora.xtec.cat\/ceenostrasradelmar\/wp-content\/uploads\/usu1306\/2026\/03\/20-1536x1086.png 1536w, https:\/\/agora.xtec.cat\/ceenostrasradelmar\/wp-content\/uploads\/usu1306\/2026\/03\/20.png 2000w\" sizes=\"auto, (max-width: 768px) 100vw, 768px\" \/><\/figure><\/div><div class=\"wp-block-getwid-images-slider__item\"><figure><img loading=\"lazy\" decoding=\"async\" width=\"768\" height=\"543\" src=\"https:\/\/agora.xtec.cat\/ceenostrasradelmar\/wp-content\/uploads\/usu1306\/2026\/03\/19-768x543.png\" alt=\"\" data-id=\"5043\" data-link=\"https:\/\/agora.xtec.cat\/ceenostrasradelmar\/serveis\/menjador-escolar\/attachment\/19\/\" data-original-link=\"https:\/\/agora.xtec.cat\/ceenostrasradelmar\/wp-content\/uploads\/usu1306\/2026\/03\/19.png\" class=\"wp-block-getwid-images-slider__image wp-image-5043\" srcset=\"https:\/\/agora.xtec.cat\/ceenostrasradelmar\/wp-content\/uploads\/usu1306\/2026\/03\/19-768x543.png 768w, https:\/\/agora.xtec.cat\/ceenostrasradelmar\/wp-content\/uploads\/usu1306\/2026\/03\/19-300x212.png 300w, https:\/\/agora.xtec.cat\/ceenostrasradelmar\/wp-content\/uploads\/usu1306\/2026\/03\/19-1024x724.png 1024w, https:\/\/agora.xtec.cat\/ceenostrasradelmar\/wp-content\/uploads\/usu1306\/2026\/03\/19-1536x1086.png 1536w, https:\/\/agora.xtec.cat\/ceenostrasradelmar\/wp-content\/uploads\/usu1306\/2026\/03\/19.png 2000w\" sizes=\"auto, (max-width: 768px) 100vw, 768px\" \/><\/figure><\/div><\/div><\/div>\n\n\n\n<p>&nbsp;<\/p>\n\n\n\n<p>L\u2019activitat de menjador escolar es desenvolupa en dos torns:<\/p>\n\n\n\n<ul class=\"wp-block-list\">\n<li>Primer torn, de 13:00 a 14:00 h.<\/li>\n\n\n\n<li>Segon torn, de 14:00 a 15:30&nbsp; h.<\/li>\n<\/ul>\n\n\n\n<p>\u00c9s una activitat subvencionada que afecta pr\u00e0cticament a tots els alumnes de l\u2019escola.<\/p>\n\n\n\n<p>Des del curs 2012\/13 l&#8217;escola t\u00e9 concedida una modificaci\u00f3 de l&#8217;horari escolar que s&#8217;ha de demanar anualment a la Direcci\u00f3 dels Serveis Territorials del Departament d&#8217;Ensenyament i que consisteix en la compactaci\u00f3 de l&#8217;horari de 9 a 15.30 hores per tal que el Claustre de professors pugui realitzar l&#8217;activitat de menjador \u00a0en les seves hores de perman\u00e8ncia.<\/p>\n\n\n\n<p>Les hores de perman\u00e8ncia dels professionals del centre es dediquen a l\u2019activitat de menjador i el personal s\u2019ha distribu\u00eft &nbsp;dos torns de nou persones per atendre a tot l\u2019alumnat.<strong>&nbsp;<\/strong><\/p>\n\n\n\n<p><strong>El nostre menjador at\u00e9n:<\/strong><\/p>\n\n\n\n<ul class=\"wp-block-list\">\n<li>A alumnes amb alt grau de depend\u00e8ncia, escassa autonomia o necessitats educatives molt especials que requereixen d\u2019un tracte acurat, individualitzat i una atenci\u00f3 molt directa.<\/li>\n\n\n\n<li>A alumnes amb un grau d\u2019autonomia millorable, per\u00f2 suficient, malgrat les seves necessitats educatives especials i que en general no requereixen d\u2019un tracte altament individualitzat, sin\u00f3 que amb el suport o supervisi\u00f3 directa o pr\u00f2xima siguin en bona part autosuficients en tasques d\u2019autocura i alimentaci\u00f3, tant com de relaci\u00f3 i de conviv\u00e8ncia.<\/li>\n<\/ul>\n\n\n\n<p><strong><u>OBJECTIUS GENERALS<\/u><\/strong><\/p>\n\n\n\n<ol class=\"wp-block-list\">\n<li><strong> Comportament i relaci\u00f3 a la taula.<\/strong><\/li>\n<\/ol>\n\n\n\n<p>&#8211; Aprendre el comportament correcte a la taula (no aixecar-se, no parlar amb la boca plena\u2026)<\/p>\n\n\n\n<p>&#8211; Tenir un comportament positiu envers els companys de la taula.<\/p>\n\n\n\n<p>&#8211; Fer un bon \u00fas del material de cuina (gerres, gots, coberts,&#8230;)<\/p>\n\n\n\n<p>&#8211; Parlar utilitzant un to de veu adequat.<\/p>\n\n\n\n<p>&#8211; Aprendre a demanar les coses de forma adequada.<\/p>\n\n\n\n<ol start=\"2\" class=\"wp-block-list\">\n<li><strong>H\u00e0bits.<\/strong><\/li>\n<\/ol>\n\n\n\n<p>&#8211; Utilitzar correctament els utensilis per menjar.<\/p>\n\n\n\n<p>&#8211; Seure de forma correcta.<\/p>\n\n\n\n<p>&#8211; Comprendre la import\u00e0ncia d\u2019una bona higiene.<\/p>\n\n\n\n<p>&#8211; Participar de forma activa a l\u2019hora de parar i recollir la taula.<\/p>\n\n\n\n<p>&#8211; Rentar-se les mans abans i despr\u00e9s de dinar.<\/p>\n\n\n\n<p>&#8211; Rentar-se les dents despr\u00e9s de dinar.<\/p>\n\n\n\n<ol start=\"3\" class=\"wp-block-list\">\n<li><strong> Aliments:<\/strong><\/li>\n<\/ol>\n\n\n\n<p>&#8211; Saber el nom dels aliments.<\/p>\n\n\n\n<p>&#8211; Con\u00e8ixer la import\u00e0ncia de cada aliment.<\/p>\n\n\n\n<p>&#8211; Valorar l\u2019aliment com quelcom imprescindible per cr\u00e9ixer.<\/p>\n\n\n\n<p>&#8211;&nbsp; Introduir de forma progressiva aliments nous<\/p>\n\n\n\n<p>&#8211; Menjar la quantitat adequada a les caracter\u00edstiques de cada nen.<\/p>\n\n\n\n<p><\/p>\n","protected":false},"excerpt":{"rendered":"<p>&nbsp; L\u2019activitat de menjador escolar es desenvolupa en dos torns: \u00c9s una activitat subvencionada que afecta pr\u00e0cticament a tots els alumnes de l\u2019escola. Des del curs 2012\/13 l&#8217;escola t\u00e9 concedida una modificaci\u00f3 de l&#8217;horari escolar que s&#8217;ha de demanar anualment a la Direcci\u00f3 dels Serveis Territorials del Departament d&#8217;Ensenyament i que consisteix en la compactaci\u00f3 [&hellip;]<\/p>\n","protected":false},"author":1,"featured_media":0,"parent":66,"menu_order":30,"comment_status":"closed","ping_status":"closed","template":"","meta":{"_bbp_topic_count":0,"_bbp_reply_count":0,"_bbp_total_topic_count":0,"_bbp_total_reply_count":0,"_bbp_voice_count":0,"_bbp_anonymous_reply_count":0,"_bbp_topic_count_hidden":0,"_bbp_reply_count_hidden":0,"_bbp_forum_subforum_count":0,"site-sidebar-layout":"default","site-content-layout":"","ast-site-content-layout":"default","site-content-style":"default","site-sidebar-style":"default","ast-global-header-display":"","ast-banner-title-visibility":"","ast-main-header-display":"","ast-hfb-above-header-display":"","ast-hfb-below-header-display":"","ast-hfb-mobile-header-display":"","site-post-title":"","ast-breadcrumbs-content":"","ast-featured-img":"","footer-sml-layout":"","theme-transparent-header-meta":"","adv-header-id-meta":"","stick-header-meta":"","header-above-stick-meta":"","header-main-stick-meta":"","header-below-stick-meta":"","astra-migrate-meta-layouts":"set","ast-page-background-enabled":"default","ast-page-background-meta":{"desktop":{"background-color":"var(--ast-global-color-4)","background-image":"","background-repeat":"repeat","background-position":"center center","background-size":"auto","background-attachment":"scroll","background-type":"","background-media":"","overlay-type":"","overlay-color":"","overlay-opacity":"","overlay-gradient":""},"tablet":{"background-color":"","background-image":"","background-repeat":"repeat","background-position":"center center","background-size":"auto","background-attachment":"scroll","background-type":"","background-media":"","overlay-type":"","overlay-color":"","overlay-opacity":"","overlay-gradient":""},"mobile":{"background-color":"","background-image":"","background-repeat":"repeat","background-position":"center center","background-size":"auto","background-attachment":"scroll","background-type":"","background-media":"","overlay-type":"","overlay-color":"","overlay-opacity":"","overlay-gradient":""}},"ast-content-background-meta":{"desktop":{"background-color":"var(--ast-global-color-5)","background-image":"","background-repeat":"repeat","background-position":"center center","background-size":"auto","background-attachment":"scroll","background-type":"","background-media":"","overlay-type":"","overlay-color":"","overlay-opacity":"","overlay-gradient":""},"tablet":{"background-color":"var(--ast-global-color-5)","background-image":"","background-repeat":"repeat","background-position":"center center","background-size":"auto","background-attachment":"scroll","background-type":"","background-media":"","overlay-type":"","overlay-color":"","overlay-opacity":"","overlay-gradient":""},"mobile":{"background-color":"var(--ast-global-color-5)","background-image":"","background-repeat":"repeat","background-position":"center center","background-size":"auto","background-attachment":"scroll","background-type":"","background-media":"","overlay-type":"","overlay-color":"","overlay-opacity":"","overlay-gradient":""}},"footnotes":""},"class_list":["post-73","page","type-page","status-publish","hentry"],"post_mailing_queue_ids":[],"_links":{"self":[{"href":"https:\/\/agora.xtec.cat\/ceenostrasradelmar\/wp-json\/wp\/v2\/pages\/73","targetHints":{"allow":["GET"]}}],"collection":[{"href":"https:\/\/agora.xtec.cat\/ceenostrasradelmar\/wp-json\/wp\/v2\/pages"}],"about":[{"href":"https:\/\/agora.xtec.cat\/ceenostrasradelmar\/wp-json\/wp\/v2\/types\/page"}],"author":[{"embeddable":true,"href":"https:\/\/agora.xtec.cat\/ceenostrasradelmar\/wp-json\/wp\/v2\/users\/1"}],"replies":[{"embeddable":true,"href":"https:\/\/agora.xtec.cat\/ceenostrasradelmar\/wp-json\/wp\/v2\/comments?post=73"}],"version-history":[{"count":6,"href":"https:\/\/agora.xtec.cat\/ceenostrasradelmar\/wp-json\/wp\/v2\/pages\/73\/revisions"}],"predecessor-version":[{"id":5046,"href":"https:\/\/agora.xtec.cat\/ceenostrasradelmar\/wp-json\/wp\/v2\/pages\/73\/revisions\/5046"}],"up":[{"embeddable":true,"href":"https:\/\/agora.xtec.cat\/ceenostrasradelmar\/wp-json\/wp\/v2\/pages\/66"}],"wp:attachment":[{"href":"https:\/\/agora.xtec.cat\/ceenostrasradelmar\/wp-json\/wp\/v2\/media?parent=73"}],"curies":[{"name":"wp","href":"https:\/\/api.w.org\/{rel}","templated":true}]}}

<div class="wp-block-getwid-images-slider has-arrows-inside has-dots-inside has-images-center has-fitted-images"><div class="wp-block-getwid-images-slider__wrapper" data-effect="slide" data-slides-show="1" data-slides-show-laptop="1" data-slides-show-tablet="1" data-slides-show-mobile="1" data-slides-scroll="1" data-autoplay="true" data-pause-hover="true" data-autoplay-speed="6000" data-infinite="true" data-animation-speed="800" data-center-mode="false" data-variable-width="false" data-arrows="inside" data-dots="inside" data-spacing="none"><div class="wp-block-getwid-images-slider__item"><figure><img loading="lazy" decoding="async" width="768" height="543" src="https://agora.xtec.cat/ceenostrasradelmar/wp-content/uploads/usu1306/2026/03/21-768x543.png" alt="" data-id="5041" data-link="https://agora.xtec.cat/ceenostrasradelmar/serveis/menjador-escolar/attachment/21/" data-original-link="https://agora.xtec.cat/ceenostrasradelmar/wp-content/uploads/usu1306/2026/03/21.png" class="wp-block-getwid-images-slider__image wp-image-5041" srcset="https://agora.xtec.cat/ceenostrasradelmar/wp-content/uploads/usu1306/2026/03/21-768x543.png 768w, https://agora.xtec.cat/ceenostrasradelmar/wp-content/uploads/usu1306/2026/03/21-300x212.png 300w, https://agora.xtec.cat/ceenostrasradelmar/wp-content/uploads/usu1306/2026/03/21-1024x724.png 1024w, https://agora.xtec.cat/ceenostrasradelmar/wp-content/uploads/usu1306/2026/03/21-1536x1086.png 1536w, https://agora.xtec.cat/ceenostrasradelmar/wp-content/uploads/usu1306/2026/03/21.png 2000w" sizes="auto, (max-width: 768px) 100vw, 768px" /></figure></div><div class="wp-block-getwid-images-slider__item"><figure><img loading="lazy" decoding="async" width="768" height="543" src="https://agora.xtec.cat/ceenostrasradelmar/wp-content/uploads/usu1306/2026/03/20-768x543.png" alt="" data-id="5042" data-link="https://agora.xtec.cat/ceenostrasradelmar/serveis/menjador-escolar/attachment/20/" data-original-link="https://agora.xtec.cat/ceenostrasradelmar/wp-content/uploads/usu1306/2026/03/20.png" class="wp-block-getwid-images-slider__image wp-image-5042" srcset="https://agora.xtec.cat/ceenostrasradelmar/wp-content/uploads/usu1306/2026/03/20-768x543.png 768w, https://agora.xtec.cat/ceenostrasradelmar/wp-content/uploads/usu1306/2026/03/20-300x212.png 300w, https://agora.xtec.cat/ceenostrasradelmar/wp-content/uploads/usu1306/2026/03/20-1024x724.png 1024w, https://agora.xtec.cat/ceenostrasradelmar/wp-content/uploads/usu1306/2026/03/20-1536x1086.png 1536w, https://agora.xtec.cat/ceenostrasradelmar/wp-content/uploads/usu1306/2026/03/20.png 2000w" sizes="auto, (max-width: 768px) 100vw, 768px" /></figure></div><div class="wp-block-getwid-images-slider__item"><figure><img loading="lazy" decoding="async" width="768" height="543" src="https://agora.xtec.cat/ceenostrasradelmar/wp-content/uploads/usu1306/2026/03/19-768x543.png" alt="" data-id="5043" data-link="https://agora.xtec.cat/ceenostrasradelmar/serveis/menjador-escolar/attachment/19/" data-original-link="https://agora.xtec.cat/ceenostrasradelmar/wp-content/uploads/usu1306/2026/03/19.png" class="wp-block-getwid-images-slider__image wp-image-5043" srcset="https://agora.xtec.cat/ceenostrasradelmar/wp-content/uploads/usu1306/2026/03/19-768x543.png 768w, https://agora.xtec.cat/ceenostrasradelmar/wp-content/uploads/usu1306/2026/03/19-300x212.png 300w, https://agora.xtec.cat/ceenostrasradelmar/wp-content/uploads/usu1306/2026/03/19-1024x724.png 1024w, https://agora.xtec.cat/ceenostrasradelmar/wp-content/uploads/usu1306/2026/03/19-1536x1086.png 1536w, https://agora.xtec.cat/ceenostrasradelmar/wp-content/uploads/usu1306/2026/03/19.png 2000w" sizes="auto, (max-width: 768px) 100vw, 768px" /></figure></div></div></div>



<p>&nbsp;</p>



<p>L’activitat de menjador escolar es desenvolupa en dos torns:</p>



<ul class="wp-block-list">
<li>Primer torn, de 13:00 a 14:00 h.</li>



<li>Segon torn, de 14:00 a 15:30&nbsp; h.</li>
</ul>



<p>És una activitat subvencionada que afecta pràcticament a tots els alumnes de l’escola.</p>



<p>Des del curs 2012/13 l&#8217;escola té concedida una modificació de l&#8217;horari escolar que s&#8217;ha de demanar anualment a la Direcció dels Serveis Territorials del Departament d&#8217;Ensenyament i que consisteix en la compactació de l&#8217;horari de 9 a 15.30 hores per tal que el Claustre de professors pugui realitzar l&#8217;activitat de menjador  en les seves hores de permanència.</p>



<p>Les hores de permanència dels professionals del centre es dediquen a l’activitat de menjador i el personal s’ha distribuït &nbsp;dos torns de nou persones per atendre a tot l’alumnat.<strong>&nbsp;</strong></p>



<p><strong>El nostre menjador atén:</strong></p>



<ul class="wp-block-list">
<li>A alumnes amb alt grau de dependència, escassa autonomia o necessitats educatives molt especials que requereixen d’un tracte acurat, individualitzat i una atenció molt directa.</li>



<li>A alumnes amb un grau d’autonomia millorable, però suficient, malgrat les seves necessitats educatives especials i que en general no requereixen d’un tracte altament individualitzat, sinó que amb el suport o supervisió directa o pròxima siguin en bona part autosuficients en tasques d’autocura i alimentació, tant com de relació i de convivència.</li>
</ul>



<p><strong><u>OBJECTIUS GENERALS</u></strong></p>



<ol class="wp-block-list">
<li><strong> Comportament i relació a la taula.</strong></li>
</ol>



<p>&#8211; Aprendre el comportament correcte a la taula (no aixecar-se, no parlar amb la boca plena…)</p>



<p>&#8211; Tenir un comportament positiu envers els companys de la taula.</p>



<p>&#8211; Fer un bon ús del material de cuina (gerres, gots, coberts,&#8230;)</p>



<p>&#8211; Parlar utilitzant un to de veu adequat.</p>



<p>&#8211; Aprendre a demanar les coses de forma adequada.</p>



<ol start="2" class="wp-block-list">
<li><strong>Hàbits.</strong></li>
</ol>



<p>&#8211; Utilitzar correctament els utensilis per menjar.</p>



<p>&#8211; Seure de forma correcta.</p>



<p>&#8211; Comprendre la importància d’una bona higiene.</p>



<p>&#8211; Participar de forma activa a l’hora de parar i recollir la taula.</p>



<p>&#8211; Rentar-se les mans abans i després de dinar.</p>



<p>&#8211; Rentar-se les dents després de dinar.</p>



<ol start="3" class="wp-block-list">
<li><strong> Aliments:</strong></li>
</ol>



<p>&#8211; Saber el nom dels aliments.</p>



<p>&#8211; Conèixer la importància de cada aliment.</p>



<p>&#8211; Valorar l’aliment com quelcom imprescindible per créixer.</p>



<p>&#8211;&nbsp; Introduir de forma progressiva aliments nous</p>



<p>&#8211; Menjar la quantitat adequada a les característiques de cada nen.</p>



<p></p>

<p>&nbsp; L’activitat de menjador escolar es desenvolupa en dos torns: És una activitat subvencionada que afecta pràcticament a tots els alumnes de l’escola. Des del curs 2012/13 l&#8217;escola té concedida una modificació de l&#8217;horari escolar que s&#8217;ha de demanar anualment a la Direcció dels Serveis Territorials del Departament d&#8217;Ensenyament i que consisteix en la compactació [&hellip;]</p>
