{"id":709,"date":"2016-09-30T12:19:40","date_gmt":"2016-09-30T11:19:40","guid":{"rendered":"http:\/\/agora.xtec.cat\/ceenostrasradelmar\/?page_id=709"},"modified":"2024-09-22T00:37:18","modified_gmt":"2024-09-21T22:37:18","slug":"projecte-linguistic","status":"publish","type":"page","link":"https:\/\/agora.xtec.cat\/ceenostrasradelmar\/projecte-educatiu\/projecte-linguistic\/","title":{"rendered":"Projecte ling\u00fc\u00edstic"},"content":{"rendered":"<p>El projecte ling\u00fc\u00edstic, \u00e9s un instrument d\u2019organitzaci\u00f3 mitjan\u00e7ant el qual el nostre centre pret\u00e9n dissenyar a partir de la nostra pr\u00f2pia realitat i d\u2019acord amb la normativa vigent, de quina manera plantegem l\u2019\u00fas de les lleng\u00fces catalana i castellana que estan presents en la Programaci\u00f3 Curricular de Centre i en els Plans Individualitzats.<\/p>\n<p>El curs 2011-12 la Coordinadora LIC va desenvolupar un PROJECTE LING\u00dc\u00cdSTIC d\u2019acord amb els criteris del Claustre de professors.<\/p>\n<p>El Projecte Ling\u00fc\u00edstic que hi ha a l\u2019actualitat es va finalitzar i aprovar pel Consell Escolar del dia 12 de desembre de 2013.<\/p>\n<p>El Projecte Ling\u00fc\u00edstic \u00e9s un document amb entitat pr\u00f2pia que resta a la disposici\u00f3 del qui vulgui consultar-lo al despatx de direcci\u00f3.<\/p>\n<p>Durant aquest curs 19-20 es tornar\u00e0 a revisar el Projecte Ling\u00fc\u00edstic per actualitzar els apartats que es considerin adients i mostrar la nostra realitat.<\/p>\n<p>Cada curs es realitza una programaci\u00f3 concreta d\u2019objectius, amb diferents actuacions que es portaran a terme pels alumnes i mestres de l\u2019escola i que estarien inclosos i formarien part del Projecte Ling\u00fc\u00edstic general.<\/p>\n","protected":false},"excerpt":{"rendered":"<p>El projecte ling\u00fc\u00edstic, \u00e9s un instrument d\u2019organitzaci\u00f3 mitjan\u00e7ant el qual el nostre centre pret\u00e9n dissenyar a partir de la nostra pr\u00f2pia realitat i d\u2019acord amb la normativa vigent, de quina manera plantegem l\u2019\u00fas de les lleng\u00fces catalana i castellana que estan presents en la Programaci\u00f3 Curricular de Centre i en els Plans Individualitzats. El curs [&hellip;]<\/p>\n","protected":false},"author":1,"featured_media":0,"parent":64,"menu_order":0,"comment_status":"closed","ping_status":"closed","template":"","meta":{"_bbp_topic_count":0,"_bbp_reply_count":0,"_bbp_total_topic_count":0,"_bbp_total_reply_count":0,"_bbp_voice_count":0,"_bbp_anonymous_reply_count":0,"_bbp_topic_count_hidden":0,"_bbp_reply_count_hidden":0,"_bbp_forum_subforum_count":0,"site-sidebar-layout":"default","site-content-layout":"","ast-site-content-layout":"","site-content-style":"default","site-sidebar-style":"default","ast-global-header-display":"","ast-banner-title-visibility":"","ast-main-header-display":"","ast-hfb-above-header-display":"","ast-hfb-below-header-display":"","ast-hfb-mobile-header-display":"","site-post-title":"","ast-breadcrumbs-content":"","ast-featured-img":"","footer-sml-layout":"","theme-transparent-header-meta":"","adv-header-id-meta":"","stick-header-meta":"","header-above-stick-meta":"","header-main-stick-meta":"","header-below-stick-meta":"","astra-migrate-meta-layouts":"default","ast-page-background-enabled":"default","ast-page-background-meta":{"desktop":{"background-color":"var(--ast-global-color-4)","background-image":"","background-repeat":"repeat","background-position":"center center","background-size":"auto","background-attachment":"scroll","background-type":"","background-media":"","overlay-type":"","overlay-color":"","overlay-opacity":"","overlay-gradient":""},"tablet":{"background-color":"","background-image":"","background-repeat":"repeat","background-position":"center center","background-size":"auto","background-attachment":"scroll","background-type":"","background-media":"","overlay-type":"","overlay-color":"","overlay-opacity":"","overlay-gradient":""},"mobile":{"background-color":"","background-image":"","background-repeat":"repeat","background-position":"center center","background-size":"auto","background-attachment":"scroll","background-type":"","background-media":"","overlay-type":"","overlay-color":"","overlay-opacity":"","overlay-gradient":""}},"ast-content-background-meta":{"desktop":{"background-color":"var(--ast-global-color-5)","background-image":"","background-repeat":"repeat","background-position":"center center","background-size":"auto","background-attachment":"scroll","background-type":"","background-media":"","overlay-type":"","overlay-color":"","overlay-opacity":"","overlay-gradient":""},"tablet":{"background-color":"var(--ast-global-color-5)","background-image":"","background-repeat":"repeat","background-position":"center center","background-size":"auto","background-attachment":"scroll","background-type":"","background-media":"","overlay-type":"","overlay-color":"","overlay-opacity":"","overlay-gradient":""},"mobile":{"background-color":"var(--ast-global-color-5)","background-image":"","background-repeat":"repeat","background-position":"center center","background-size":"auto","background-attachment":"scroll","background-type":"","background-media":"","overlay-type":"","overlay-color":"","overlay-opacity":"","overlay-gradient":""}},"footnotes":""},"class_list":["post-709","page","type-page","status-publish","hentry"],"post_mailing_queue_ids":[],"_links":{"self":[{"href":"https:\/\/agora.xtec.cat\/ceenostrasradelmar\/wp-json\/wp\/v2\/pages\/709","targetHints":{"allow":["GET"]}}],"collection":[{"href":"https:\/\/agora.xtec.cat\/ceenostrasradelmar\/wp-json\/wp\/v2\/pages"}],"about":[{"href":"https:\/\/agora.xtec.cat\/ceenostrasradelmar\/wp-json\/wp\/v2\/types\/page"}],"author":[{"embeddable":true,"href":"https:\/\/agora.xtec.cat\/ceenostrasradelmar\/wp-json\/wp\/v2\/users\/1"}],"replies":[{"embeddable":true,"href":"https:\/\/agora.xtec.cat\/ceenostrasradelmar\/wp-json\/wp\/v2\/comments?post=709"}],"version-history":[{"count":6,"href":"https:\/\/agora.xtec.cat\/ceenostrasradelmar\/wp-json\/wp\/v2\/pages\/709\/revisions"}],"predecessor-version":[{"id":4610,"href":"https:\/\/agora.xtec.cat\/ceenostrasradelmar\/wp-json\/wp\/v2\/pages\/709\/revisions\/4610"}],"up":[{"embeddable":true,"href":"https:\/\/agora.xtec.cat\/ceenostrasradelmar\/wp-json\/wp\/v2\/pages\/64"}],"wp:attachment":[{"href":"https:\/\/agora.xtec.cat\/ceenostrasradelmar\/wp-json\/wp\/v2\/media?parent=709"}],"curies":[{"name":"wp","href":"https:\/\/api.w.org\/{rel}","templated":true}]}}

Projecte lingüístic

<p>El projecte lingüístic, és un instrument d’organització mitjançant el qual el nostre centre pretén dissenyar a partir de la nostra pròpia realitat i d’acord amb la normativa vigent, de quina manera plantegem l’ús de les llengües catalana i castellana que estan presents en la Programació Curricular de Centre i en els Plans Individualitzats.</p>
<p>El curs 2011-12 la Coordinadora LIC va desenvolupar un PROJECTE LINGÜÍSTIC d’acord amb els criteris del Claustre de professors.</p>
<p>El Projecte Lingüístic que hi ha a l’actualitat es va finalitzar i aprovar pel Consell Escolar del dia 12 de desembre de 2013.</p>
<p>El Projecte Lingüístic és un document amb entitat pròpia que resta a la disposició del qui vulgui consultar-lo al despatx de direcció.</p>
<p>Durant aquest curs 19-20 es tornarà a revisar el Projecte Lingüístic per actualitzar els apartats que es considerin adients i mostrar la nostra realitat.</p>
<p>Cada curs es realitza una programació concreta d’objectius, amb diferents actuacions que es portaran a terme pels alumnes i mestres de l’escola i que estarien inclosos i formarien part del Projecte Lingüístic general.</p>

<p>El projecte lingüístic, és un instrument d’organització mitjançant el qual el nostre centre pretén dissenyar a partir de la nostra pròpia realitat i d’acord amb la normativa vigent, de quina manera plantegem l’ús de les llengües catalana i castellana que estan presents en la Programació Curricular de Centre i en els Plans Individualitzats. El curs [&hellip;]</p>
