{"id":706,"date":"2016-09-30T12:12:10","date_gmt":"2016-09-30T11:12:10","guid":{"rendered":"http:\/\/agora.xtec.cat\/ceenostrasradelmar\/?page_id=706"},"modified":"2025-11-25T12:29:38","modified_gmt":"2025-11-25T11:29:38","slug":"pla-de-convivencia","status":"publish","type":"page","link":"https:\/\/agora.xtec.cat\/ceenostrasradelmar\/projecte-educatiu\/pla-de-convivencia\/","title":{"rendered":"Pla de conviv\u00e8ncia"},"content":{"rendered":"<p>El Pla de Conviv\u00e8ncia del Centre est\u00e0 implantat a la nostra escola des del curs 2014-15.<\/p>\n<p>La Direcci\u00f3 del Centre t\u00e9 un exemplar impr\u00e8s a disposici\u00f3 per qualsevol consulta.<\/p>\n<p>El Pla de Conviv\u00e8ncia recull els<b> pilars formatius <\/b>que han d\u2019acompanyar la tasca educativa de l\u2019escola.<\/p>\n<ul>\n<li>L\u2019acollida dels nous alumnes al centre i al seu entorn.<\/li>\n<li>La coeducaci\u00f3 i la igualtat d\u2019oportunitats per g\u00e8nere.<\/li>\n<li>La compet\u00e8ncia social per fomentar la participaci\u00f3 en l\u2019entorn m\u00e9s proper.<\/li>\n<li>L\u2019educaci\u00f3 emocional, base d\u2019una relaci\u00f3 saludable amb un mateix i amb els altres.<\/li>\n<li>L\u2019 educaci\u00f3 intercultural per fomentar el respecte a la diversitat cultural.<\/li>\n<li>L\u2019 educaci\u00f3 per la Pau per prevenir els conflictes a nivell d\u2019aula, de centre i a l\u2019entorn.<\/li>\n<\/ul>\n<p>Al llarg d\u2019aquests anys s\u2019han anat fent diverses modificacions i s\u2019ha ampliat amb diferents protocols per actualitzar i completar l\u2019actuaci\u00f3 coordinada de tots els professionals del centre.<\/p>\n<p><span style=\"font-weight: 400;\">Tanmateix, al llarg del curs s\u2019animar\u00e0 a tot el professorat a fer \u00fas del full d\u2019incid\u00e8ncia per a recollir les\u00a0 situacions que perjudiquen la conviv\u00e8ncia escolar.\u00a0<\/span><\/p>\n<p><span style=\"font-weight: 400;\">A la fi del curs s&#8217;elabora un informe anual amb l\u2019an\u00e0lisi de les dades recollides. Aquest informe es presenta al claustre i tamb\u00e9 es recull en la Mem\u00f2ria Anual del Centre. Donada la bona participaci\u00f3 d\u2019altres cursos, tornarem a incorporar <\/span><b>la coeducaci\u00f3, la igualtat de g\u00e8nere,\u00a0 l\u2019educaci\u00f3 afectiusexual i la prevenci\u00f3 de la viol\u00e8ncia masclista <\/b><span style=\"font-weight: 400;\">a la Programaci\u00f3 General Anual del\u00a0 centre.\u00a0<\/span><\/p>\n<p><span style=\"font-weight: 400;\">A nivell d\u2019aula els diferents grups comparteixen recursos i escolliran tres activitats pel curs (una per\u00a0 trimestre) encaminades a una educaci\u00f3 no sexista en un r\u00e8gim de coeducaci\u00f3 i de respecte a la\u00a0 diversitat.\u00a0<\/span><\/p>\n<p><span style=\"font-weight: 400;\">El treball de l&#8217;aula es recollir\u00e0 en un format variat (mural, dibuixos, fotos,&#8230;) i les exposarem al mural del hall.<\/span><\/p>\n","protected":false},"excerpt":{"rendered":"<p>El Pla de Conviv\u00e8ncia del Centre est\u00e0 implantat a la nostra escola des del curs 2014-15. La Direcci\u00f3 del Centre t\u00e9 un exemplar impr\u00e8s a disposici\u00f3 per qualsevol consulta. El Pla de Conviv\u00e8ncia recull els pilars formatius que han d\u2019acompanyar la tasca educativa de l\u2019escola. L\u2019acollida dels nous alumnes al centre i al seu entorn. [&hellip;]<\/p>\n","protected":false},"author":1,"featured_media":0,"parent":64,"menu_order":0,"comment_status":"closed","ping_status":"closed","template":"","meta":{"_bbp_topic_count":0,"_bbp_reply_count":0,"_bbp_total_topic_count":0,"_bbp_total_reply_count":0,"_bbp_voice_count":0,"_bbp_anonymous_reply_count":0,"_bbp_topic_count_hidden":0,"_bbp_reply_count_hidden":0,"_bbp_forum_subforum_count":0,"site-sidebar-layout":"default","site-content-layout":"","ast-site-content-layout":"","site-content-style":"default","site-sidebar-style":"default","ast-global-header-display":"","ast-banner-title-visibility":"","ast-main-header-display":"","ast-hfb-above-header-display":"","ast-hfb-below-header-display":"","ast-hfb-mobile-header-display":"","site-post-title":"","ast-breadcrumbs-content":"","ast-featured-img":"","footer-sml-layout":"","theme-transparent-header-meta":"","adv-header-id-meta":"","stick-header-meta":"","header-above-stick-meta":"","header-main-stick-meta":"","header-below-stick-meta":"","astra-migrate-meta-layouts":"default","ast-page-background-enabled":"default","ast-page-background-meta":{"desktop":{"background-color":"var(--ast-global-color-4)","background-image":"","background-repeat":"repeat","background-position":"center center","background-size":"auto","background-attachment":"scroll","background-type":"","background-media":"","overlay-type":"","overlay-color":"","overlay-opacity":"","overlay-gradient":""},"tablet":{"background-color":"","background-image":"","background-repeat":"repeat","background-position":"center center","background-size":"auto","background-attachment":"scroll","background-type":"","background-media":"","overlay-type":"","overlay-color":"","overlay-opacity":"","overlay-gradient":""},"mobile":{"background-color":"","background-image":"","background-repeat":"repeat","background-position":"center center","background-size":"auto","background-attachment":"scroll","background-type":"","background-media":"","overlay-type":"","overlay-color":"","overlay-opacity":"","overlay-gradient":""}},"ast-content-background-meta":{"desktop":{"background-color":"var(--ast-global-color-5)","background-image":"","background-repeat":"repeat","background-position":"center center","background-size":"auto","background-attachment":"scroll","background-type":"","background-media":"","overlay-type":"","overlay-color":"","overlay-opacity":"","overlay-gradient":""},"tablet":{"background-color":"var(--ast-global-color-5)","background-image":"","background-repeat":"repeat","background-position":"center center","background-size":"auto","background-attachment":"scroll","background-type":"","background-media":"","overlay-type":"","overlay-color":"","overlay-opacity":"","overlay-gradient":""},"mobile":{"background-color":"var(--ast-global-color-5)","background-image":"","background-repeat":"repeat","background-position":"center center","background-size":"auto","background-attachment":"scroll","background-type":"","background-media":"","overlay-type":"","overlay-color":"","overlay-opacity":"","overlay-gradient":""}},"footnotes":""},"class_list":["post-706","page","type-page","status-publish","hentry"],"post_mailing_queue_ids":[],"_links":{"self":[{"href":"https:\/\/agora.xtec.cat\/ceenostrasradelmar\/wp-json\/wp\/v2\/pages\/706","targetHints":{"allow":["GET"]}}],"collection":[{"href":"https:\/\/agora.xtec.cat\/ceenostrasradelmar\/wp-json\/wp\/v2\/pages"}],"about":[{"href":"https:\/\/agora.xtec.cat\/ceenostrasradelmar\/wp-json\/wp\/v2\/types\/page"}],"author":[{"embeddable":true,"href":"https:\/\/agora.xtec.cat\/ceenostrasradelmar\/wp-json\/wp\/v2\/users\/1"}],"replies":[{"embeddable":true,"href":"https:\/\/agora.xtec.cat\/ceenostrasradelmar\/wp-json\/wp\/v2\/comments?post=706"}],"version-history":[{"count":5,"href":"https:\/\/agora.xtec.cat\/ceenostrasradelmar\/wp-json\/wp\/v2\/pages\/706\/revisions"}],"predecessor-version":[{"id":4890,"href":"https:\/\/agora.xtec.cat\/ceenostrasradelmar\/wp-json\/wp\/v2\/pages\/706\/revisions\/4890"}],"up":[{"embeddable":true,"href":"https:\/\/agora.xtec.cat\/ceenostrasradelmar\/wp-json\/wp\/v2\/pages\/64"}],"wp:attachment":[{"href":"https:\/\/agora.xtec.cat\/ceenostrasradelmar\/wp-json\/wp\/v2\/media?parent=706"}],"curies":[{"name":"wp","href":"https:\/\/api.w.org\/{rel}","templated":true}]}}

Pla de convivència

<p>El Pla de Convivència del Centre està implantat a la nostra escola des del curs 2014-15.</p>
<p>La Direcció del Centre té un exemplar imprès a disposició per qualsevol consulta.</p>
<p>El Pla de Convivència recull els<b> pilars formatius </b>que han d’acompanyar la tasca educativa de l’escola.</p>
<ul>
<li>L’acollida dels nous alumnes al centre i al seu entorn.</li>
<li>La coeducació i la igualtat d’oportunitats per gènere.</li>
<li>La competència social per fomentar la participació en l’entorn més proper.</li>
<li>L’educació emocional, base d’una relació saludable amb un mateix i amb els altres.</li>
<li>L’ educació intercultural per fomentar el respecte a la diversitat cultural.</li>
<li>L’ educació per la Pau per prevenir els conflictes a nivell d’aula, de centre i a l’entorn.</li>
</ul>
<p>Al llarg d’aquests anys s’han anat fent diverses modificacions i s’ha ampliat amb diferents protocols per actualitzar i completar l’actuació coordinada de tots els professionals del centre.</p>
<p><span style="font-weight: 400;">Tanmateix, al llarg del curs s’animarà a tot el professorat a fer ús del full d’incidència per a recollir les  situacions que perjudiquen la convivència escolar. </span></p>
<p><span style="font-weight: 400;">A la fi del curs s&#8217;elabora un informe anual amb l’anàlisi de les dades recollides. Aquest informe es presenta al claustre i també es recull en la Memòria Anual del Centre. Donada la bona participació d’altres cursos, tornarem a incorporar </span><b>la coeducació, la igualtat de gènere,  l’educació afectiusexual i la prevenció de la violència masclista </b><span style="font-weight: 400;">a la Programació General Anual del  centre. </span></p>
<p><span style="font-weight: 400;">A nivell d’aula els diferents grups comparteixen recursos i escolliran tres activitats pel curs (una per  trimestre) encaminades a una educació no sexista en un règim de coeducació i de respecte a la  diversitat. </span></p>
<p><span style="font-weight: 400;">El treball de l&#8217;aula es recollirà en un format variat (mural, dibuixos, fotos,&#8230;) i les exposarem al mural del hall.</span></p>

<p>El Pla de Convivència del Centre està implantat a la nostra escola des del curs 2014-15. La Direcció del Centre té un exemplar imprès a disposició per qualsevol consulta. El Pla de Convivència recull els pilars formatius que han d’acompanyar la tasca educativa de l’escola. L’acollida dels nous alumnes al centre i al seu entorn. [&hellip;]</p>
