{"id":64,"date":"2014-09-18T12:39:08","date_gmt":"2014-09-18T11:39:08","guid":{"rendered":"http:\/\/agora.xtec.cat\/ceenostrasradelmar\/?page_id=64"},"modified":"2026-03-17T10:07:02","modified_gmt":"2026-03-17T09:07:02","slug":"projecte-educatiu","status":"publish","type":"page","link":"https:\/\/agora.xtec.cat\/ceenostrasradelmar\/projecte-educatiu\/","title":{"rendered":"Projecte educatiu"},"content":{"rendered":"\n<p>&nbsp;<\/p>\n\n\n\n<p>&nbsp;<\/p>\n\n\n\n<p><strong>I<b>NTRODUCCI\u00d3<\/b><\/strong><b>\u00a0 \u00a0 \u00a0 \u00a0 \u00a0 <\/b><span style=\"font-weight: 400;\"><a style=\"color: #2795b6;\" href=\"https:\/\/agora.xtec.cat\/ceenostrasradelmar\/wp-content\/uploads\/usu1306\/2022\/01\/pec.-e1642977406447.png\">\u00a0<img loading=\"lazy\" decoding=\"async\" width=\"215\" height=\"157\" class=\"alignnone wp-image-3804 size-full\" src=\"https:\/\/agora.xtec.cat\/ceenostrasradelmar\/wp-content\/uploads\/usu1306\/2022\/01\/pec.-e1642977406447.png\" alt=\"\"><\/a><\/span><\/p>\n\n\n\n<p><span style=\"font-weight: 400;\">El projecte educatiu de centre (PEC) \u00e9s el document marc que recull la identitat de l\u2019escola Ntra. Sra. del Mar, n\u2019 expl\u00edcita els objectius, n\u2019 orienta l\u2019activitat i hi dona sentit amb la finalitat que els alumnes n\u2019 assoleixen les compet\u00e8ncies b\u00e0siques i el m\u00e0xim aprofitament educatiu.&nbsp;<\/span><\/p>\n\n\n\n<p><span style=\"font-weight: 400;\">El PEC \u00e9s un document estrat\u00e8gic de centre perqu\u00e8 reflecteix la particularitat i singularitat del mateix descrivint les prioritats que, progressivament, esdevenen objecte d\u2019acci\u00f3 priorit\u00e0ria de la instituci\u00f3 escolar, tenint com a referent els principis proposats en el sistema educatiu escolar catal\u00e0, fent les modificacions oportunes, per tal de preveure l\u2019adequaci\u00f3 a la normativa vigent.&nbsp;<\/span><\/p>\n\n\n\n<p><span style=\"font-weight: 400;\">El present projecte educatiu vol contribuir a impulsar la col\u00b7laboraci\u00f3 entre els diversos sectors de la comunitat educativa. T\u00e9 en compte les caracter\u00edstiques culturals i socials del context escolar i proposa els eixos b\u00e0sics per atendre les necessitats educatives de l\u2019alumnat.&nbsp;<\/span><\/p>\n\n\n\n<p><span style=\"font-weight: 400;\">L\u2019Escola Ntra. Sra. Del Mar \u00e9s una Escola d\u2019Educaci\u00f3 Especial concertada pel Departament d\u2019Ensenyament de la Generalitat de Catalunya.&nbsp;<\/span><\/p>\n\n\n\n<p><span style=\"font-weight: 400;\">La titularitat del Centre \u00e9s privada i recau en la junta rectora de la Cooperativa Verge del Mar S.C.C.L.&nbsp;<\/span><\/p>\n\n\n\n<p><span style=\"font-weight: 400;\">L\u2019escola va comen\u00e7ar a funcionar l\u2019any 1974 a Tarragona, i va estar ubicada en aquesta ciutat fins l\u2019any 1997, data en la qual es va traslladar a l\u2019Autovia de Bellissens (Reus) on \u00e9s actualment.&nbsp;<\/span><\/p>\n\n\n\n<p><span style=\"font-weight: 400;\">Els nostres alumnes s\u00f3n persones amb discapacitat funcional, en edats compreses entre els 6 i els 21 anys de Reus i de la comarca del Baix Camp.&nbsp;<\/span><\/p>\n\n\n\n<div class=\"wp-block-columns is-layout-flex wp-container-core-columns-is-layout-1 wp-block-columns-is-layout-flex\">\n<div class=\"wp-block-column is-layout-flow wp-block-column-is-layout-flow\">\n<h2 class=\"wp-block-heading has-medium-font-size\">PRINCIPIS QUE REGEIXEN LA TASCA EDUCATIVA<\/h2>\n\n\n\n<ul class=\"wp-block-list\">\n<li><span style=\"font-weight: 400;\">ELS I LES ALUMNES S\u00d3N EL EIX PRINCIPAL DEL NOSTRE CENTRE<\/span><\/li>\n\n\n\n<li><span style=\"font-weight: 400;\">LES EMOCIONS S\u00d3N ESSENCIALS PER A L\u2019APRENENTATGE&nbsp;<\/span><\/li>\n\n\n\n<li><span style=\"font-weight: 400;\">L\u2019APRENENTATGE \u00c9S PERSONALITZAT&nbsp;<\/span><\/li>\n\n\n\n<li><span style=\"font-weight: 400;\">ELS CONEIXEMENTS HAN DE SER SIGNIFICATIUS I GLOBALITZATS&nbsp;<\/span><\/li>\n\n\n\n<li><span style=\"font-weight: 400;\">L\u2019AVALUACI\u00d3 \u00c9S DIRECTA I MITJAN\u00c7ANT L\u2019OBSERVACI\u00d3&nbsp;<\/span><\/li>\n\n\n\n<li><span style=\"font-weight: 400;\">L\u2019ORGANITZACI\u00d3 PEDAG\u00d2GICA HA DE SER OBERTA I FLEXIBLE&nbsp;<\/span><\/li>\n\n\n\n<li><span style=\"font-weight: 400;\">EL LIDERATGE DISTRIBU\u00cfT I INNOVACI\u00d3 EDUCATIVA&nbsp;<\/span><\/li>\n<\/ul>\n<\/div>\n\n\n\n<div class=\"wp-block-column is-layout-flow wp-block-column-is-layout-flow\">\n<figure class=\"wp-block-image size-full\"><a href=\"https:\/\/agora.xtec.cat\/ceenostrasradelmar\/wp-content\/uploads\/usu1306\/2024\/06\/comunicacio-comunidad-educativa.jpeg\"><img loading=\"lazy\" decoding=\"async\" width=\"268\" height=\"188\" src=\"https:\/\/agora.xtec.cat\/ceenostrasradelmar\/wp-content\/uploads\/usu1306\/2024\/06\/comunicacio-comunidad-educativa.jpeg\" alt=\"\" class=\"wp-image-4549\"\/><\/a><\/figure>\n\n\n\n<p><a href=\"https:\/\/drive.google.com\/file\/d\/1IIXtaBG0CkehVcO8y3t4ccl7xJqbWBrx\/view?usp=sharing\" target=\"_blank\" rel=\"noopener\">PEC DOCUMENT SENCER<\/a><\/p>\n<\/div>\n\n\n\n<div class=\"wp-block-column is-layout-flow wp-block-column-is-layout-flow\">\n<h2 class=\"wp-block-heading has-medium-font-size\"><b>MODALITATS D\u2019ESCOLARITZACI\u00d3<\/b><\/h2>\n\n\n\n<ul class=\"wp-block-list\">\n<li><span style=\"font-weight: 400;\">Educaci\u00f3 Prim\u00e0ria i Secund\u00e0ria obligat\u00f2ria . Escolaritat a tot estar<\/span><\/li>\n\n\n\n<li><span style=\"font-weight: 400;\">Educaci\u00f3 Prim\u00e0ria i Secund\u00e0ria obligat\u00f2ria. Escolaritat compartida<\/span><\/li>\n\n\n\n<li><span style=\"font-weight: 400;\">PFI d\u2019auxiliar de vivers i jardins( Programa de formaci\u00f3 i inserci\u00f3)<\/span><\/li>\n\n\n\n<li><span style=\"font-weight: 400;\">Programa de Transici\u00f3 a la Vida Adulta\/laboral.<\/span><\/li>\n<\/ul>\n<\/div>\n<\/div>\n\n\n\n<ul class=\"wp-block-list\"><\/ul>\n\n\n\n<ul class=\"wp-block-list\"><\/ul>\n\n\n\n<p>&nbsp;<\/p>\n\n\n\n<p><\/p>\n","protected":false},"excerpt":{"rendered":"<p>&nbsp; &nbsp; INTRODUCCI\u00d3\u00a0 \u00a0 \u00a0 \u00a0 \u00a0 \u00a0 El projecte educatiu de centre (PEC) \u00e9s el document marc que recull la identitat de l\u2019escola Ntra. Sra. del Mar, n\u2019 expl\u00edcita els objectius, n\u2019 orienta l\u2019activitat i hi dona sentit amb la finalitat que els alumnes n\u2019 assoleixen les compet\u00e8ncies b\u00e0siques i el m\u00e0xim aprofitament educatiu.&nbsp; [&hellip;]<\/p>\n","protected":false},"author":1,"featured_media":0,"parent":0,"menu_order":0,"comment_status":"closed","ping_status":"closed","template":"","meta":{"_bbp_topic_count":0,"_bbp_reply_count":0,"_bbp_total_topic_count":0,"_bbp_total_reply_count":0,"_bbp_voice_count":0,"_bbp_anonymous_reply_count":0,"_bbp_topic_count_hidden":0,"_bbp_reply_count_hidden":0,"_bbp_forum_subforum_count":0,"site-sidebar-layout":"default","site-content-layout":"","ast-site-content-layout":"default","site-content-style":"default","site-sidebar-style":"default","ast-global-header-display":"","ast-banner-title-visibility":"","ast-main-header-display":"","ast-hfb-above-header-display":"","ast-hfb-below-header-display":"","ast-hfb-mobile-header-display":"","site-post-title":"","ast-breadcrumbs-content":"","ast-featured-img":"","footer-sml-layout":"","theme-transparent-header-meta":"","adv-header-id-meta":"","stick-header-meta":"","header-above-stick-meta":"","header-main-stick-meta":"","header-below-stick-meta":"","astra-migrate-meta-layouts":"set","ast-page-background-enabled":"default","ast-page-background-meta":{"desktop":{"background-color":"var(--ast-global-color-4)","background-image":"","background-repeat":"repeat","background-position":"center center","background-size":"auto","background-attachment":"scroll","background-type":"","background-media":"","overlay-type":"","overlay-color":"","overlay-opacity":"","overlay-gradient":""},"tablet":{"background-color":"","background-image":"","background-repeat":"repeat","background-position":"center center","background-size":"auto","background-attachment":"scroll","background-type":"","background-media":"","overlay-type":"","overlay-color":"","overlay-opacity":"","overlay-gradient":""},"mobile":{"background-color":"","background-image":"","background-repeat":"repeat","background-position":"center center","background-size":"auto","background-attachment":"scroll","background-type":"","background-media":"","overlay-type":"","overlay-color":"","overlay-opacity":"","overlay-gradient":""}},"ast-content-background-meta":{"desktop":{"background-color":"var(--ast-global-color-5)","background-image":"","background-repeat":"repeat","background-position":"center center","background-size":"auto","background-attachment":"scroll","background-type":"","background-media":"","overlay-type":"","overlay-color":"","overlay-opacity":"","overlay-gradient":""},"tablet":{"background-color":"var(--ast-global-color-5)","background-image":"","background-repeat":"repeat","background-position":"center center","background-size":"auto","background-attachment":"scroll","background-type":"","background-media":"","overlay-type":"","overlay-color":"","overlay-opacity":"","overlay-gradient":""},"mobile":{"background-color":"var(--ast-global-color-5)","background-image":"","background-repeat":"repeat","background-position":"center center","background-size":"auto","background-attachment":"scroll","background-type":"","background-media":"","overlay-type":"","overlay-color":"","overlay-opacity":"","overlay-gradient":""}},"footnotes":""},"class_list":["post-64","page","type-page","status-publish","hentry"],"post_mailing_queue_ids":[],"_links":{"self":[{"href":"https:\/\/agora.xtec.cat\/ceenostrasradelmar\/wp-json\/wp\/v2\/pages\/64","targetHints":{"allow":["GET"]}}],"collection":[{"href":"https:\/\/agora.xtec.cat\/ceenostrasradelmar\/wp-json\/wp\/v2\/pages"}],"about":[{"href":"https:\/\/agora.xtec.cat\/ceenostrasradelmar\/wp-json\/wp\/v2\/types\/page"}],"author":[{"embeddable":true,"href":"https:\/\/agora.xtec.cat\/ceenostrasradelmar\/wp-json\/wp\/v2\/users\/1"}],"replies":[{"embeddable":true,"href":"https:\/\/agora.xtec.cat\/ceenostrasradelmar\/wp-json\/wp\/v2\/comments?post=64"}],"version-history":[{"count":6,"href":"https:\/\/agora.xtec.cat\/ceenostrasradelmar\/wp-json\/wp\/v2\/pages\/64\/revisions"}],"predecessor-version":[{"id":4998,"href":"https:\/\/agora.xtec.cat\/ceenostrasradelmar\/wp-json\/wp\/v2\/pages\/64\/revisions\/4998"}],"wp:attachment":[{"href":"https:\/\/agora.xtec.cat\/ceenostrasradelmar\/wp-json\/wp\/v2\/media?parent=64"}],"curies":[{"name":"wp","href":"https:\/\/api.w.org\/{rel}","templated":true}]}}

<p>&nbsp;</p>



<p>&nbsp;</p>



<p><strong>I<b>NTRODUCCIÓ</b></strong><b>          </b><span style="font-weight: 400;"><a style="color: #2795b6;" href="https://agora.xtec.cat/ceenostrasradelmar/wp-content/uploads/usu1306/2022/01/pec.-e1642977406447.png"> <img loading="lazy" decoding="async" width="215" height="157" class="alignnone wp-image-3804 size-full" src="https://agora.xtec.cat/ceenostrasradelmar/wp-content/uploads/usu1306/2022/01/pec.-e1642977406447.png" alt=""></a></span></p>



<p><span style="font-weight: 400;">El projecte educatiu de centre (PEC) és el document marc que recull la identitat de l’escola Ntra. Sra. del Mar, n’ explícita els objectius, n’ orienta l’activitat i hi dona sentit amb la finalitat que els alumnes n’ assoleixen les competències bàsiques i el màxim aprofitament educatiu.&nbsp;</span></p>



<p><span style="font-weight: 400;">El PEC és un document estratègic de centre perquè reflecteix la particularitat i singularitat del mateix descrivint les prioritats que, progressivament, esdevenen objecte d’acció prioritària de la institució escolar, tenint com a referent els principis proposats en el sistema educatiu escolar català, fent les modificacions oportunes, per tal de preveure l’adequació a la normativa vigent.&nbsp;</span></p>



<p><span style="font-weight: 400;">El present projecte educatiu vol contribuir a impulsar la col·laboració entre els diversos sectors de la comunitat educativa. Té en compte les característiques culturals i socials del context escolar i proposa els eixos bàsics per atendre les necessitats educatives de l’alumnat.&nbsp;</span></p>



<p><span style="font-weight: 400;">L’Escola Ntra. Sra. Del Mar és una Escola d’Educació Especial concertada pel Departament d’Ensenyament de la Generalitat de Catalunya.&nbsp;</span></p>



<p><span style="font-weight: 400;">La titularitat del Centre és privada i recau en la junta rectora de la Cooperativa Verge del Mar S.C.C.L.&nbsp;</span></p>



<p><span style="font-weight: 400;">L’escola va començar a funcionar l’any 1974 a Tarragona, i va estar ubicada en aquesta ciutat fins l’any 1997, data en la qual es va traslladar a l’Autovia de Bellissens (Reus) on és actualment.&nbsp;</span></p>



<p><span style="font-weight: 400;">Els nostres alumnes són persones amb discapacitat funcional, en edats compreses entre els 6 i els 21 anys de Reus i de la comarca del Baix Camp.&nbsp;</span></p>



<div class="wp-block-columns is-layout-flex wp-container-core-columns-is-layout-1 wp-block-columns-is-layout-flex">
<div class="wp-block-column is-layout-flow wp-block-column-is-layout-flow">
<h2 class="wp-block-heading has-medium-font-size">PRINCIPIS QUE REGEIXEN LA TASCA EDUCATIVA</h2>



<ul class="wp-block-list">
<li><span style="font-weight: 400;">ELS I LES ALUMNES SÓN EL EIX PRINCIPAL DEL NOSTRE CENTRE</span></li>



<li><span style="font-weight: 400;">LES EMOCIONS SÓN ESSENCIALS PER A L’APRENENTATGE&nbsp;</span></li>



<li><span style="font-weight: 400;">L’APRENENTATGE ÉS PERSONALITZAT&nbsp;</span></li>



<li><span style="font-weight: 400;">ELS CONEIXEMENTS HAN DE SER SIGNIFICATIUS I GLOBALITZATS&nbsp;</span></li>



<li><span style="font-weight: 400;">L’AVALUACIÓ ÉS DIRECTA I MITJANÇANT L’OBSERVACIÓ&nbsp;</span></li>



<li><span style="font-weight: 400;">L’ORGANITZACIÓ PEDAGÒGICA HA DE SER OBERTA I FLEXIBLE&nbsp;</span></li>



<li><span style="font-weight: 400;">EL LIDERATGE DISTRIBUÏT I INNOVACIÓ EDUCATIVA&nbsp;</span></li>
</ul>
</div>



<div class="wp-block-column is-layout-flow wp-block-column-is-layout-flow">
<figure class="wp-block-image size-full"><a href="https://agora.xtec.cat/ceenostrasradelmar/wp-content/uploads/usu1306/2024/06/comunicacio-comunidad-educativa.jpeg"><img loading="lazy" decoding="async" width="268" height="188" src="https://agora.xtec.cat/ceenostrasradelmar/wp-content/uploads/usu1306/2024/06/comunicacio-comunidad-educativa.jpeg" alt="" class="wp-image-4549"/></a></figure>



<p><a href="https://drive.google.com/file/d/1IIXtaBG0CkehVcO8y3t4ccl7xJqbWBrx/view?usp=sharing" target="_blank" rel="noopener">PEC DOCUMENT SENCER</a></p>
</div>



<div class="wp-block-column is-layout-flow wp-block-column-is-layout-flow">
<h2 class="wp-block-heading has-medium-font-size"><b>MODALITATS D’ESCOLARITZACIÓ</b></h2>



<ul class="wp-block-list">
<li><span style="font-weight: 400;">Educació Primària i Secundària obligatòria . Escolaritat a tot estar</span></li>



<li><span style="font-weight: 400;">Educació Primària i Secundària obligatòria. Escolaritat compartida</span></li>



<li><span style="font-weight: 400;">PFI d’auxiliar de vivers i jardins( Programa de formació i inserció)</span></li>



<li><span style="font-weight: 400;">Programa de Transició a la Vida Adulta/laboral.</span></li>
</ul>
</div>
</div>



<ul class="wp-block-list"></ul>



<ul class="wp-block-list"></ul>



<p>&nbsp;</p>



<p></p>

<p>&nbsp; &nbsp; INTRODUCCIÓ            El projecte educatiu de centre (PEC) és el document marc que recull la identitat de l’escola Ntra. Sra. del Mar, n’ explícita els objectius, n’ orienta l’activitat i hi dona sentit amb la finalitat que els alumnes n’ assoleixen les competències bàsiques i el màxim aprofitament educatiu.&nbsp; [&hellip;]</p>
