{"id":473,"date":"2016-05-31T11:56:16","date_gmt":"2016-05-31T10:56:16","guid":{"rendered":"http:\/\/agora.xtec.cat\/ceenostrasradelmar\/?page_id=473"},"modified":"2026-04-13T13:26:25","modified_gmt":"2026-04-13T11:26:25","slug":"fisioterapia","status":"publish","type":"page","link":"https:\/\/agora.xtec.cat\/ceenostrasradelmar\/serveis\/fisioterapia\/","title":{"rendered":"Fisioter\u00e0pia"},"content":{"rendered":"\n<p><b>INTERVENCI\u00d3 FISIOTERAPEUTICA<\/b><\/p>\n\n\n\n<p><b>Atenci\u00f3 espec\u00edfica<\/b>: individual o en grups redu\u00efts als\/les alumnes que ho requereixen de manera puntual o continuada per poder corregir i treballar dificultats motrius i f\u00edsiques que presenti l\u2019alumne\/a.<\/p>\n\n\n\n<p><b>Valoraci\u00f3 motriu<\/b> de l\u2019alumne\/a , per tal de poder detectar qualsevol possible trastorn que dificulti el seu proc\u00e9s d\u2019aprenentatge i autonomia personal , a trav\u00e9s de l\u2019observaci\u00f3 de les seves habilitats (control motor, equilibri, coordinaci\u00f3, manipulaci\u00f3\u2026) i de l\u2019exploraci\u00f3 f\u00edsica.<\/p>\n\n\n\n<p><b>Treball de grup \/classe<\/b>: El grup de\u00a0 MIMS i\u00a0 de SALTIMBANQUIS assisteixen a\u00a0 Psicomotricitat amb la qual es treballen conceptes com l\u2019esquema corporal, equilibri, coordinaci\u00f3, estructuraci\u00f3 espacial, estructuraci\u00f3\u00a0 espai-temporal, percepci\u00f3 temporal (el ritme), la relaxaci\u00f3 i la respiraci\u00f3.<\/p>\n\n\n\n<p><b>Orientaci\u00f3\/assessorament<\/b> al tutor, si ho requereix aquest, d\u2019algun tema en concret,&nbsp; encara que l\u2019alumne\/a no rebi atenci\u00f3 espec\u00edfica.<\/p>\n\n\n\n<p><b>Coordinaci\u00f3<\/b> amb el tutor de l\u2019alumne\/a que est\u00e0 rebent suport fisioterap\u00e8utic.<\/p>\n\n\n\n<p>Estar en contacte amb les fam\u00edlies per informar-los dels objectius que es volen treballar , de les possibilitats de l\u2019alumne\/a i si s\u2019hauria de realitzar algun tipus de seguiment a casa.<\/p>\n\n\n\n<p>&nbsp;<\/p>\n\n\n\n<p><\/p>\n","protected":false},"excerpt":{"rendered":"<p>INTERVENCI\u00d3 FISIOTERAPEUTICA Atenci\u00f3 espec\u00edfica: individual o en grups redu\u00efts als\/les alumnes que ho requereixen de manera puntual o continuada per poder corregir i treballar dificultats motrius i f\u00edsiques que presenti l\u2019alumne\/a. Valoraci\u00f3 motriu de l\u2019alumne\/a , per tal de poder detectar qualsevol possible trastorn que dificulti el seu proc\u00e9s d\u2019aprenentatge i autonomia personal , a [&hellip;]<\/p>\n","protected":false},"author":1,"featured_media":0,"parent":66,"menu_order":20,"comment_status":"closed","ping_status":"closed","template":"","meta":{"_bbp_topic_count":0,"_bbp_reply_count":0,"_bbp_total_topic_count":0,"_bbp_total_reply_count":0,"_bbp_voice_count":0,"_bbp_anonymous_reply_count":0,"_bbp_topic_count_hidden":0,"_bbp_reply_count_hidden":0,"_bbp_forum_subforum_count":0,"site-sidebar-layout":"default","site-content-layout":"","ast-site-content-layout":"default","site-content-style":"default","site-sidebar-style":"default","ast-global-header-display":"","ast-banner-title-visibility":"","ast-main-header-display":"","ast-hfb-above-header-display":"","ast-hfb-below-header-display":"","ast-hfb-mobile-header-display":"","site-post-title":"","ast-breadcrumbs-content":"","ast-featured-img":"","footer-sml-layout":"","theme-transparent-header-meta":"","adv-header-id-meta":"","stick-header-meta":"","header-above-stick-meta":"","header-main-stick-meta":"","header-below-stick-meta":"","astra-migrate-meta-layouts":"set","ast-page-background-enabled":"default","ast-page-background-meta":{"desktop":{"background-color":"var(--ast-global-color-4)","background-image":"","background-repeat":"repeat","background-position":"center center","background-size":"auto","background-attachment":"scroll","background-type":"","background-media":"","overlay-type":"","overlay-color":"","overlay-opacity":"","overlay-gradient":""},"tablet":{"background-color":"","background-image":"","background-repeat":"repeat","background-position":"center center","background-size":"auto","background-attachment":"scroll","background-type":"","background-media":"","overlay-type":"","overlay-color":"","overlay-opacity":"","overlay-gradient":""},"mobile":{"background-color":"","background-image":"","background-repeat":"repeat","background-position":"center center","background-size":"auto","background-attachment":"scroll","background-type":"","background-media":"","overlay-type":"","overlay-color":"","overlay-opacity":"","overlay-gradient":""}},"ast-content-background-meta":{"desktop":{"background-color":"var(--ast-global-color-5)","background-image":"","background-repeat":"repeat","background-position":"center center","background-size":"auto","background-attachment":"scroll","background-type":"","background-media":"","overlay-type":"","overlay-color":"","overlay-opacity":"","overlay-gradient":""},"tablet":{"background-color":"var(--ast-global-color-5)","background-image":"","background-repeat":"repeat","background-position":"center center","background-size":"auto","background-attachment":"scroll","background-type":"","background-media":"","overlay-type":"","overlay-color":"","overlay-opacity":"","overlay-gradient":""},"mobile":{"background-color":"var(--ast-global-color-5)","background-image":"","background-repeat":"repeat","background-position":"center center","background-size":"auto","background-attachment":"scroll","background-type":"","background-media":"","overlay-type":"","overlay-color":"","overlay-opacity":"","overlay-gradient":""}},"footnotes":""},"class_list":["post-473","page","type-page","status-publish","hentry"],"post_mailing_queue_ids":[],"_links":{"self":[{"href":"https:\/\/agora.xtec.cat\/ceenostrasradelmar\/wp-json\/wp\/v2\/pages\/473","targetHints":{"allow":["GET"]}}],"collection":[{"href":"https:\/\/agora.xtec.cat\/ceenostrasradelmar\/wp-json\/wp\/v2\/pages"}],"about":[{"href":"https:\/\/agora.xtec.cat\/ceenostrasradelmar\/wp-json\/wp\/v2\/types\/page"}],"author":[{"embeddable":true,"href":"https:\/\/agora.xtec.cat\/ceenostrasradelmar\/wp-json\/wp\/v2\/users\/1"}],"replies":[{"embeddable":true,"href":"https:\/\/agora.xtec.cat\/ceenostrasradelmar\/wp-json\/wp\/v2\/comments?post=473"}],"version-history":[{"count":5,"href":"https:\/\/agora.xtec.cat\/ceenostrasradelmar\/wp-json\/wp\/v2\/pages\/473\/revisions"}],"predecessor-version":[{"id":5047,"href":"https:\/\/agora.xtec.cat\/ceenostrasradelmar\/wp-json\/wp\/v2\/pages\/473\/revisions\/5047"}],"up":[{"embeddable":true,"href":"https:\/\/agora.xtec.cat\/ceenostrasradelmar\/wp-json\/wp\/v2\/pages\/66"}],"wp:attachment":[{"href":"https:\/\/agora.xtec.cat\/ceenostrasradelmar\/wp-json\/wp\/v2\/media?parent=473"}],"curies":[{"name":"wp","href":"https:\/\/api.w.org\/{rel}","templated":true}]}}

Fisioteràpia

<p><b>INTERVENCIÓ FISIOTERAPEUTICA</b></p>



<p><b>Atenció específica</b>: individual o en grups reduïts als/les alumnes que ho requereixen de manera puntual o continuada per poder corregir i treballar dificultats motrius i físiques que presenti l’alumne/a.</p>



<p><b>Valoració motriu</b> de l’alumne/a , per tal de poder detectar qualsevol possible trastorn que dificulti el seu procés d’aprenentatge i autonomia personal , a través de l’observació de les seves habilitats (control motor, equilibri, coordinació, manipulació…) i de l’exploració física.</p>



<p><b>Treball de grup /classe</b>: El grup de  MIMS i  de SALTIMBANQUIS assisteixen a  Psicomotricitat amb la qual es treballen conceptes com l’esquema corporal, equilibri, coordinació, estructuració espacial, estructuració  espai-temporal, percepció temporal (el ritme), la relaxació i la respiració.</p>



<p><b>Orientació/assessorament</b> al tutor, si ho requereix aquest, d’algun tema en concret,&nbsp; encara que l’alumne/a no rebi atenció específica.</p>



<p><b>Coordinació</b> amb el tutor de l’alumne/a que està rebent suport fisioterapèutic.</p>



<p>Estar en contacte amb les famílies per informar-los dels objectius que es volen treballar , de les possibilitats de l’alumne/a i si s’hauria de realitzar algun tipus de seguiment a casa.</p>



<p>&nbsp;</p>



<p></p>

<p>INTERVENCIÓ FISIOTERAPEUTICA Atenció específica: individual o en grups reduïts als/les alumnes que ho requereixen de manera puntual o continuada per poder corregir i treballar dificultats motrius i físiques que presenti l’alumne/a. Valoració motriu de l’alumne/a , per tal de poder detectar qualsevol possible trastorn que dificulti el seu procés d’aprenentatge i autonomia personal , a [&hellip;]</p>
