{"id":470,"date":"2016-05-31T11:44:29","date_gmt":"2016-05-31T10:44:29","guid":{"rendered":"http:\/\/agora.xtec.cat\/ceenostrasradelmar\/?page_id=470"},"modified":"2025-10-13T19:53:34","modified_gmt":"2025-10-13T17:53:34","slug":"logopedia","status":"publish","type":"page","link":"https:\/\/agora.xtec.cat\/ceenostrasradelmar\/serveis\/logopedia\/","title":{"rendered":"Mestra d\u2019audici\u00f3 i llenguatge"},"content":{"rendered":"<p style=\"text-align: left;\">La mestra d\u2019audici\u00f3 i llenguatge at\u00e9n de manera individualitzada als alumnes que necessiten<br \/>\nsuport per millorar problemes de llenguatge, parla, audici\u00f3 i comunicaci\u00f3 en general.<br \/>\nTamb\u00e9 interv\u00e9 dins de l\u2019aula o en petit grup amb la finalitat de treballar la compet\u00e8ncia<br \/>\nling\u00fc\u00edstica i comunicativa dels nens\/es i vetlla per a que l\u2019entorn escolar sigui un entorn<br \/>\ncomunicatiu ric i inclusiu que asseguri un desenvolupament harm\u00f2nic del llenguatge.<\/p>\n<p>Dirigeix i participa en diferents tallers pensats en fomentar la comunicaci\u00f3 i el llenguatge; lecto-biblio, explica\u2019m un conte i comunica&#8217;t al bar.<br \/>\nComponents del llenguatge que es treballen:<br \/>\n1. Funcions de la cadena oral: bases psicomotores, respiraci\u00f3, veu i articulaci\u00f3.<br \/>\n2. Parla: Fon\u00e8tica, fonologia i funcions de la parla.<br \/>\n3. Llenguatge: funcions auditives i comprensi\u00f3.<br \/>\n4. Situacions comunicatives.<br \/>\n5. Lecto-escriptura.<br \/>\n6. SAAC (Sistemes Augmentatius i Alternatius de Comunicaci\u00f3)<\/p>\n<p>Tot sota la base del llenguatge natural assistit, que parteix del llenguatge natural i de les diferents formes de comunicar amb les noves tecnologies\u00a0 donant-li molta import\u00e0ncia al modelatge com a font d&#8217;aprenentatge.<\/p>\n<p>Es realitzen coordinacions amb les escoles i les fam\u00edlies dels alumnes que realitzen escolaritat compartida<br \/>\namb centres ordinaris i que reben el suport de la MALL. Tamb\u00e9 es realitzen reunions peri\u00f2diques amb els<br \/>\nserveis externs que tracten als alumnes per tal de coordinar-se i treballar per la unificaci\u00f3 d\u2019objectius.<\/p>\n","protected":false},"excerpt":{"rendered":"<p>La mestra d\u2019audici\u00f3 i llenguatge at\u00e9n de manera individualitzada als alumnes que necessiten suport per millorar problemes de llenguatge, parla, audici\u00f3 i comunicaci\u00f3 en general. Tamb\u00e9 interv\u00e9 dins de l\u2019aula o en petit grup amb la finalitat de treballar la compet\u00e8ncia ling\u00fc\u00edstica i comunicativa dels nens\/es i vetlla per a que l\u2019entorn escolar sigui un [&hellip;]<\/p>\n","protected":false},"author":1,"featured_media":0,"parent":66,"menu_order":10,"comment_status":"closed","ping_status":"closed","template":"page-templates\/side-menu.php","meta":{"_bbp_topic_count":0,"_bbp_reply_count":0,"_bbp_total_topic_count":0,"_bbp_total_reply_count":0,"_bbp_voice_count":0,"_bbp_anonymous_reply_count":0,"_bbp_topic_count_hidden":0,"_bbp_reply_count_hidden":0,"_bbp_forum_subforum_count":0,"site-sidebar-layout":"default","site-content-layout":"","ast-site-content-layout":"","site-content-style":"default","site-sidebar-style":"default","ast-global-header-display":"","ast-banner-title-visibility":"","ast-main-header-display":"","ast-hfb-above-header-display":"","ast-hfb-below-header-display":"","ast-hfb-mobile-header-display":"","site-post-title":"","ast-breadcrumbs-content":"","ast-featured-img":"","footer-sml-layout":"","theme-transparent-header-meta":"","adv-header-id-meta":"","stick-header-meta":"","header-above-stick-meta":"","header-main-stick-meta":"","header-below-stick-meta":"","astra-migrate-meta-layouts":"default","ast-page-background-enabled":"default","ast-page-background-meta":{"desktop":{"background-color":"var(--ast-global-color-4)","background-image":"","background-repeat":"repeat","background-position":"center center","background-size":"auto","background-attachment":"scroll","background-type":"","background-media":"","overlay-type":"","overlay-color":"","overlay-opacity":"","overlay-gradient":""},"tablet":{"background-color":"","background-image":"","background-repeat":"repeat","background-position":"center center","background-size":"auto","background-attachment":"scroll","background-type":"","background-media":"","overlay-type":"","overlay-color":"","overlay-opacity":"","overlay-gradient":""},"mobile":{"background-color":"","background-image":"","background-repeat":"repeat","background-position":"center center","background-size":"auto","background-attachment":"scroll","background-type":"","background-media":"","overlay-type":"","overlay-color":"","overlay-opacity":"","overlay-gradient":""}},"ast-content-background-meta":{"desktop":{"background-color":"var(--ast-global-color-5)","background-image":"","background-repeat":"repeat","background-position":"center center","background-size":"auto","background-attachment":"scroll","background-type":"","background-media":"","overlay-type":"","overlay-color":"","overlay-opacity":"","overlay-gradient":""},"tablet":{"background-color":"var(--ast-global-color-5)","background-image":"","background-repeat":"repeat","background-position":"center center","background-size":"auto","background-attachment":"scroll","background-type":"","background-media":"","overlay-type":"","overlay-color":"","overlay-opacity":"","overlay-gradient":""},"mobile":{"background-color":"var(--ast-global-color-5)","background-image":"","background-repeat":"repeat","background-position":"center center","background-size":"auto","background-attachment":"scroll","background-type":"","background-media":"","overlay-type":"","overlay-color":"","overlay-opacity":"","overlay-gradient":""}},"footnotes":""},"class_list":["post-470","page","type-page","status-publish","hentry"],"post_mailing_queue_ids":[],"_links":{"self":[{"href":"https:\/\/agora.xtec.cat\/ceenostrasradelmar\/wp-json\/wp\/v2\/pages\/470","targetHints":{"allow":["GET"]}}],"collection":[{"href":"https:\/\/agora.xtec.cat\/ceenostrasradelmar\/wp-json\/wp\/v2\/pages"}],"about":[{"href":"https:\/\/agora.xtec.cat\/ceenostrasradelmar\/wp-json\/wp\/v2\/types\/page"}],"author":[{"embeddable":true,"href":"https:\/\/agora.xtec.cat\/ceenostrasradelmar\/wp-json\/wp\/v2\/users\/1"}],"replies":[{"embeddable":true,"href":"https:\/\/agora.xtec.cat\/ceenostrasradelmar\/wp-json\/wp\/v2\/comments?post=470"}],"version-history":[{"count":6,"href":"https:\/\/agora.xtec.cat\/ceenostrasradelmar\/wp-json\/wp\/v2\/pages\/470\/revisions"}],"predecessor-version":[{"id":4854,"href":"https:\/\/agora.xtec.cat\/ceenostrasradelmar\/wp-json\/wp\/v2\/pages\/470\/revisions\/4854"}],"up":[{"embeddable":true,"href":"https:\/\/agora.xtec.cat\/ceenostrasradelmar\/wp-json\/wp\/v2\/pages\/66"}],"wp:attachment":[{"href":"https:\/\/agora.xtec.cat\/ceenostrasradelmar\/wp-json\/wp\/v2\/media?parent=470"}],"curies":[{"name":"wp","href":"https:\/\/api.w.org\/{rel}","templated":true}]}}

Mestra d’audició i llenguatge

<p style="text-align: left;">La mestra d’audició i llenguatge atén de manera individualitzada als alumnes que necessiten<br />
suport per millorar problemes de llenguatge, parla, audició i comunicació en general.<br />
També intervé dins de l’aula o en petit grup amb la finalitat de treballar la competència<br />
lingüística i comunicativa dels nens/es i vetlla per a que l’entorn escolar sigui un entorn<br />
comunicatiu ric i inclusiu que asseguri un desenvolupament harmònic del llenguatge.</p>
<p>Dirigeix i participa en diferents tallers pensats en fomentar la comunicació i el llenguatge; lecto-biblio, explica’m un conte i comunica&#8217;t al bar.<br />
Components del llenguatge que es treballen:<br />
1. Funcions de la cadena oral: bases psicomotores, respiració, veu i articulació.<br />
2. Parla: Fonètica, fonologia i funcions de la parla.<br />
3. Llenguatge: funcions auditives i comprensió.<br />
4. Situacions comunicatives.<br />
5. Lecto-escriptura.<br />
6. SAAC (Sistemes Augmentatius i Alternatius de Comunicació)</p>
<p>Tot sota la base del llenguatge natural assistit, que parteix del llenguatge natural i de les diferents formes de comunicar amb les noves tecnologies  donant-li molta importància al modelatge com a font d&#8217;aprenentatge.</p>
<p>Es realitzen coordinacions amb les escoles i les famílies dels alumnes que realitzen escolaritat compartida<br />
amb centres ordinaris i que reben el suport de la MALL. També es realitzen reunions periòdiques amb els<br />
serveis externs que tracten als alumnes per tal de coordinar-se i treballar per la unificació d’objectius.</p>

<p>La mestra d’audició i llenguatge atén de manera individualitzada als alumnes que necessiten suport per millorar problemes de llenguatge, parla, audició i comunicació en general. També intervé dins de l’aula o en petit grup amb la finalitat de treballar la competència lingüística i comunicativa dels nens/es i vetlla per a que l’entorn escolar sigui un [&hellip;]</p>
