{"id":828,"date":"2016-06-08T14:54:38","date_gmt":"2016-06-08T13:54:38","guid":{"rendered":"http:\/\/agora.xtec.cat\/ceellevant\/?page_id=828"},"modified":"2019-09-30T18:51:54","modified_gmt":"2019-09-30T16:51:54","slug":"biblioteca","status":"publish","type":"page","link":"https:\/\/agora.xtec.cat\/ceellevant\/projecte-educatiu\/biblioteca\/","title":{"rendered":"Biblioteca"},"content":{"rendered":"<p>La comissi\u00f3 de biblioteca treballa per integrar l\u2019\u00fas del servei de biblioteca com una eina m\u00e9s en el proc\u00e9s d\u2019ensenyament \u2013 aprenentatge:<\/p>\n<ol>\n<li>Com a suport curricular als professionals en el desenvolupament de la seva tasca docent.<\/li>\n<li>Dinamitzar les activitats de l\u2019escola envers els llibres, la lectura, l\u2019oralitat i les tradicions.<\/li>\n<li>Promoure la participaci\u00f3 de les fam\u00edlies al voltant de les activitats desenvolupades des de l\u2019entorn de biblioteca.<\/li>\n<\/ol>\n<p><img loading=\"lazy\" decoding=\"async\" class=\"aligncenter wp-image-830\" src=\"http:\/\/agora.xtec.cat\/ceellevant\/wp-content\/uploads\/usu999\/2016\/06\/maneta-biblioteca-555x1024.jpg\" alt=\"maneta biblioteca\" width=\"129\" height=\"238\" srcset=\"https:\/\/agora.xtec.cat\/ceellevant\/wp-content\/uploads\/usu999\/2016\/06\/maneta-biblioteca-555x1024.jpg 555w, https:\/\/agora.xtec.cat\/ceellevant\/wp-content\/uploads\/usu999\/2016\/06\/maneta-biblioteca-163x300.jpg 163w, https:\/\/agora.xtec.cat\/ceellevant\/wp-content\/uploads\/usu999\/2016\/06\/maneta-biblioteca.jpg 754w\" sizes=\"auto, (max-width: 129px) 100vw, 129px\" \/><\/p>\n<p style=\"text-align: center;\">Us presentem a la Manetes, la mascota de la biblioteca de l&#8217;Escola.<\/p>\n<p>&nbsp;<\/p>\n","protected":false},"excerpt":{"rendered":"<p>La comissi\u00f3 de biblioteca treballa per integrar l\u2019\u00fas del servei de biblioteca com una eina m\u00e9s en el proc\u00e9s d\u2019ensenyament \u2013 aprenentatge:<\/p>\n<ol>\n<li>Com a suport curricular als professionals en el desenvolupament de la seva tasca docent.<\/li>\n<li>Dinamitzar les activitats de l\u2019escola envers els llibres, la lectura, l\u2019oralitat&hellip;  <a href=\"https:\/\/agora.xtec.cat\/ceellevant\/projecte-educatiu\/biblioteca\/\" title=\"Read Biblioteca\">Llegeix m\u00e9s\u00bb<\/a><br \/>\n","protected":false},"author":1,"featured_media":0,"parent":64,"menu_order":10,"comment_status":"closed","ping_status":"closed","template":"page-templates\/side-menu.php","meta":{"_bbp_topic_count":0,"_bbp_reply_count":0,"_bbp_total_topic_count":0,"_bbp_total_reply_count":0,"_bbp_voice_count":0,"_bbp_anonymous_reply_count":0,"_bbp_topic_count_hidden":0,"_bbp_reply_count_hidden":0,"_bbp_forum_subforum_count":0,"footnotes":""},"class_list":["post-828","page","type-page","status-publish","hentry"],"post_mailing_queue_ids":[],"_links":{"self":[{"href":"https:\/\/agora.xtec.cat\/ceellevant\/wp-json\/wp\/v2\/pages\/828","targetHints":{"allow":["GET"]}}],"collection":[{"href":"https:\/\/agora.xtec.cat\/ceellevant\/wp-json\/wp\/v2\/pages"}],"about":[{"href":"https:\/\/agora.xtec.cat\/ceellevant\/wp-json\/wp\/v2\/types\/page"}],"author":[{"embeddable":true,"href":"https:\/\/agora.xtec.cat\/ceellevant\/wp-json\/wp\/v2\/users\/1"}],"replies":[{"embeddable":true,"href":"https:\/\/agora.xtec.cat\/ceellevant\/wp-json\/wp\/v2\/comments?post=828"}],"version-history":[{"count":3,"href":"https:\/\/agora.xtec.cat\/ceellevant\/wp-json\/wp\/v2\/pages\/828\/revisions"}],"predecessor-version":[{"id":2598,"href":"https:\/\/agora.xtec.cat\/ceellevant\/wp-json\/wp\/v2\/pages\/828\/revisions\/2598"}],"up":[{"embeddable":true,"href":"https:\/\/agora.xtec.cat\/ceellevant\/wp-json\/wp\/v2\/pages\/64"}],"wp:attachment":[{"href":"https:\/\/agora.xtec.cat\/ceellevant\/wp-json\/wp\/v2\/media?parent=828"}],"curies":[{"name":"wp","href":"https:\/\/api.w.org\/{rel}","templated":true}]}}