{"id":820,"date":"2016-05-31T09:32:20","date_gmt":"2016-05-31T08:32:20","guid":{"rendered":"http:\/\/agora.xtec.cat\/ceellevant\/?page_id=820"},"modified":"2023-04-27T13:11:03","modified_gmt":"2023-04-27T11:11:03","slug":"activitats-esportives","status":"publish","type":"page","link":"https:\/\/agora.xtec.cat\/ceellevant\/serveis\/activitats-esportives\/","title":{"rendered":"Activitats esportives"},"content":{"rendered":"<p><strong>Activitat esportiva al Poliesportiu de La Plana<\/strong><\/p>\n<p>Alguns alumnes de cicle mitj\u00e0 i superior fan l\u2019activitat d\u2019educaci\u00f3 f\u00edsica al Poliesportiu de La Plana. D\u2019aquesta manera, a m\u00e9s dels objectius de l\u2019educaci\u00f3 f\u00edsica es treballen els h\u00e0bits d\u2019autonomia social i de cura personal.<\/p>\n<p>L\u2019activitat la realitzen els dijous d&#8217;11 a 12 h.<\/p>\n","protected":false},"excerpt":{"rendered":"<p>Activitat esportiva al Poliesportiu de La Plana<br \/>\nAlguns alumnes de cicle mitj\u00e0 i superior fan l\u2019activitat d\u2019educaci\u00f3 f\u00edsica al Poliesportiu de La Plana. D\u2019aquesta manera, a m\u00e9s dels objectius de l\u2019educaci\u00f3 f\u00edsica es treballen els h\u00e0bits d\u2019autonomia social i de cura personal.<br \/>\nL\u2019activitat la realitzen els dijous&hellip;  <a href=\"https:\/\/agora.xtec.cat\/ceellevant\/serveis\/activitats-esportives\/\" title=\"Read Activitats esportives\">Llegeix m\u00e9s\u00bb<\/a><\/p>\n","protected":false},"author":1,"featured_media":0,"parent":66,"menu_order":41,"comment_status":"closed","ping_status":"closed","template":"page-templates\/side-menu.php","meta":{"_bbp_topic_count":0,"_bbp_reply_count":0,"_bbp_total_topic_count":0,"_bbp_total_reply_count":0,"_bbp_voice_count":0,"_bbp_anonymous_reply_count":0,"_bbp_topic_count_hidden":0,"_bbp_reply_count_hidden":0,"_bbp_forum_subforum_count":0,"footnotes":""},"class_list":["post-820","page","type-page","status-publish","hentry"],"post_mailing_queue_ids":[],"_links":{"self":[{"href":"https:\/\/agora.xtec.cat\/ceellevant\/wp-json\/wp\/v2\/pages\/820","targetHints":{"allow":["GET"]}}],"collection":[{"href":"https:\/\/agora.xtec.cat\/ceellevant\/wp-json\/wp\/v2\/pages"}],"about":[{"href":"https:\/\/agora.xtec.cat\/ceellevant\/wp-json\/wp\/v2\/types\/page"}],"author":[{"embeddable":true,"href":"https:\/\/agora.xtec.cat\/ceellevant\/wp-json\/wp\/v2\/users\/1"}],"replies":[{"embeddable":true,"href":"https:\/\/agora.xtec.cat\/ceellevant\/wp-json\/wp\/v2\/comments?post=820"}],"version-history":[{"count":3,"href":"https:\/\/agora.xtec.cat\/ceellevant\/wp-json\/wp\/v2\/pages\/820\/revisions"}],"predecessor-version":[{"id":4816,"href":"https:\/\/agora.xtec.cat\/ceellevant\/wp-json\/wp\/v2\/pages\/820\/revisions\/4816"}],"up":[{"embeddable":true,"href":"https:\/\/agora.xtec.cat\/ceellevant\/wp-json\/wp\/v2\/pages\/66"}],"wp:attachment":[{"href":"https:\/\/agora.xtec.cat\/ceellevant\/wp-json\/wp\/v2\/media?parent=820"}],"curies":[{"name":"wp","href":"https:\/\/api.w.org\/{rel}","templated":true}]}}

<p><strong>Activitat esportiva al Poliesportiu de La Plana</strong></p>
<p>Alguns alumnes de cicle mitjà i superior fan l’activitat d’educació física al Poliesportiu de La Plana. D’aquesta manera, a més dels objectius de l’educació física es treballen els hàbits d’autonomia social i de cura personal.</p>
<p>L’activitat la realitzen els dijous d&#8217;11 a 12 h.</p>

<p>Activitat esportiva al Poliesportiu de La Plana<br />
Alguns alumnes de cicle mitjà i superior fan l’activitat d’educació física al Poliesportiu de La Plana. D’aquesta manera, a més dels objectius de l’educació física es treballen els hàbits d’autonomia social i de cura personal.<br />
L’activitat la realitzen els dijous&hellip;  <a href="https://agora.xtec.cat/ceellevant/serveis/activitats-esportives/" title="Read Activitats esportives">Llegeix més»</a></p>
