{"id":82,"date":"2014-09-18T14:10:51","date_gmt":"2014-09-18T13:10:51","guid":{"rendered":"http:\/\/agora.xtec.cat\/ceellevant\/?page_id=82"},"modified":"2024-11-07T13:15:02","modified_gmt":"2024-11-07T12:15:02","slug":"casal-destiu","status":"publish","type":"page","link":"https:\/\/agora.xtec.cat\/ceellevant\/casal-destiu\/","title":{"rendered":"Casal d&#8217;estiu"},"content":{"rendered":"<p><span style=\"font-weight: 400;\">Els casals d&#8217;estiu permeten als infants i joves poder fer activitats diferents de les que es realitzen de forma habitual durant el curs escolar. Alhora, continuar desenvolupant les seves capacitats, gaudint del seu temps lliure i establir relacions positives entre els iguals i amb l&#8217;equip de professionals.<\/span><\/p>\n<p><span style=\"font-weight: 400;\">A m\u00e9s, el lleure educatiu no formal tamb\u00e9 permet treballar i afavorir <\/span><span style=\"font-weight: 400;\">l&#8217;autonomia, el creixement personal i les relacions interpersonals d&#8217;una forma <\/span><span style=\"font-weight: 400;\">l\u00fadica a trav\u00e9s d&#8217;activitats, jocs i tallers diversos.<\/span><\/p>\n<p><span style=\"font-weight: 400;\">\u00c9s important tenir present la dificultat afegida que presenta el col\u00b7lectiu d&#8217;infants i joves amb necessitats educatives especials per a trobar activitats a fer en el seu temps lliure que s&#8217;adeq\u00fcin a les seves caracter\u00edstiques.<\/span><\/p>\n<p><span style=\"font-weight: 400;\">\u00c9s aquest el principal motiu que ha impulsat la col\u00b7laboraci\u00f3 de les AFA&#8217;s de les escoles Llevant, Can Barriga i Maregassa amb la Fundaci\u00f3 SIQUE!, de Badalona per organitzar el Casal d&#8217;estiu 2023.<\/span><\/p>\n<p><span style=\"font-weight: 400;\">Tal com podreu llegir a la mem\u00f2ria es van assolir els objectius del projecte amb 55 inscrits i una valoraci\u00f3 global de les fam\u00edlies molt positiva.<\/span><\/p>\n<p>Clicant als enlla\u00e7os que teniu a continuaci\u00f3 podreu llegir els projectes i mem\u00f2ries del Casal que s&#8217;han realitzat fins ara:<\/p>\n<p><a href=\"https:\/\/agora.xtec.cat\/ceellevant\/wp-content\/uploads\/usu999\/2024\/11\/2024-Memoria-Tecnica-final-casal-2024_signat.pdf\" target=\"_blank\" rel=\"noopener\">Memo\u0300ria Casal 2024<\/a><\/p>\n<p><a href=\"https:\/\/agora.xtec.cat\/ceellevant\/wp-content\/uploads\/usu999\/2024\/11\/2024-MEMORIA-ECONOMICA-FINAL-CASAL-2024_signat.pdf\">Mem\u00f2ria econ\u00f2mica 2024<\/a><\/p>\n<p>&nbsp;<\/p>\n","protected":false},"excerpt":{"rendered":"<p>Els casals d&#8217;estiu permeten als infants i joves poder fer activitats diferents de les que es realitzen de forma habitual durant el curs escolar. Alhora, continuar desenvolupant les seves capacitats, gaudint del seu temps lliure i establir relacions positives entre els iguals i amb l&#8217;equip&hellip;  <a href=\"https:\/\/agora.xtec.cat\/ceellevant\/casal-destiu\/\" title=\"Read Casal d&#8217;estiu\">Llegeix m\u00e9s\u00bb<\/a><\/p>\n","protected":false},"author":1,"featured_media":0,"parent":0,"menu_order":50,"comment_status":"closed","ping_status":"closed","template":"","meta":{"_bbp_topic_count":0,"_bbp_reply_count":0,"_bbp_total_topic_count":0,"_bbp_total_reply_count":0,"_bbp_voice_count":0,"_bbp_anonymous_reply_count":0,"_bbp_topic_count_hidden":0,"_bbp_reply_count_hidden":0,"_bbp_forum_subforum_count":0,"footnotes":""},"class_list":["post-82","page","type-page","status-publish","hentry"],"post_mailing_queue_ids":[],"_links":{"self":[{"href":"https:\/\/agora.xtec.cat\/ceellevant\/wp-json\/wp\/v2\/pages\/82","targetHints":{"allow":["GET"]}}],"collection":[{"href":"https:\/\/agora.xtec.cat\/ceellevant\/wp-json\/wp\/v2\/pages"}],"about":[{"href":"https:\/\/agora.xtec.cat\/ceellevant\/wp-json\/wp\/v2\/types\/page"}],"author":[{"embeddable":true,"href":"https:\/\/agora.xtec.cat\/ceellevant\/wp-json\/wp\/v2\/users\/1"}],"replies":[{"embeddable":true,"href":"https:\/\/agora.xtec.cat\/ceellevant\/wp-json\/wp\/v2\/comments?post=82"}],"version-history":[{"count":6,"href":"https:\/\/agora.xtec.cat\/ceellevant\/wp-json\/wp\/v2\/pages\/82\/revisions"}],"predecessor-version":[{"id":5282,"href":"https:\/\/agora.xtec.cat\/ceellevant\/wp-json\/wp\/v2\/pages\/82\/revisions\/5282"}],"wp:attachment":[{"href":"https:\/\/agora.xtec.cat\/ceellevant\/wp-json\/wp\/v2\/media?parent=82"}],"curies":[{"name":"wp","href":"https:\/\/api.w.org\/{rel}","templated":true}]}}

<p><span style="font-weight: 400;">Els casals d&#8217;estiu permeten als infants i joves poder fer activitats diferents de les que es realitzen de forma habitual durant el curs escolar. Alhora, continuar desenvolupant les seves capacitats, gaudint del seu temps lliure i establir relacions positives entre els iguals i amb l&#8217;equip de professionals.</span></p>
<p><span style="font-weight: 400;">A més, el lleure educatiu no formal també permet treballar i afavorir </span><span style="font-weight: 400;">l&#8217;autonomia, el creixement personal i les relacions interpersonals d&#8217;una forma </span><span style="font-weight: 400;">lúdica a través d&#8217;activitats, jocs i tallers diversos.</span></p>
<p><span style="font-weight: 400;">És important tenir present la dificultat afegida que presenta el col·lectiu d&#8217;infants i joves amb necessitats educatives especials per a trobar activitats a fer en el seu temps lliure que s&#8217;adeqüin a les seves característiques.</span></p>
<p><span style="font-weight: 400;">És aquest el principal motiu que ha impulsat la col·laboració de les AFA&#8217;s de les escoles Llevant, Can Barriga i Maregassa amb la Fundació SIQUE!, de Badalona per organitzar el Casal d&#8217;estiu 2023.</span></p>
<p><span style="font-weight: 400;">Tal com podreu llegir a la memòria es van assolir els objectius del projecte amb 55 inscrits i una valoració global de les famílies molt positiva.</span></p>
<p>Clicant als enllaços que teniu a continuació podreu llegir els projectes i memòries del Casal que s&#8217;han realitzat fins ara:</p>
<p><a href="https://agora.xtec.cat/ceellevant/wp-content/uploads/usu999/2024/11/2024-Memoria-Tecnica-final-casal-2024_signat.pdf" target="_blank" rel="noopener">Memòria Casal 2024</a></p>
<p><a href="https://agora.xtec.cat/ceellevant/wp-content/uploads/usu999/2024/11/2024-MEMORIA-ECONOMICA-FINAL-CASAL-2024_signat.pdf">Memòria econòmica 2024</a></p>
<p>&nbsp;</p>

<p>Els casals d&#8217;estiu permeten als infants i joves poder fer activitats diferents de les que es realitzen de forma habitual durant el curs escolar. Alhora, continuar desenvolupant les seves capacitats, gaudint del seu temps lliure i establir relacions positives entre els iguals i amb l&#8217;equip&hellip;  <a href="https://agora.xtec.cat/ceellevant/casal-destiu/" title="Read Casal d&#8217;estiu">Llegeix més»</a></p>
