{"id":764,"date":"2016-05-17T13:02:59","date_gmt":"2016-05-17T12:02:59","guid":{"rendered":"http:\/\/agora.xtec.cat\/ceellevant\/?page_id=764"},"modified":"2024-06-06T14:14:29","modified_gmt":"2024-06-06T12:14:29","slug":"festes-i-esdeveniments-2","status":"publish","type":"page","link":"https:\/\/agora.xtec.cat\/ceellevant\/festes-i-esdeveniments-2\/","title":{"rendered":"Festes i esdeveniments"},"content":{"rendered":"<p>L\u2019associaci\u00f3 amb col\u00b7laboraci\u00f3 amb altres fam\u00edlies conformen el grup de Dinamitzaci\u00f3, que s\u2019encarrega de preparar i executar les celebracions programades:<\/p>\n<p><a href=\"https:\/\/sites.google.com\/view\/festesiesdeveniments\/inicio?authuser=2\" target=\"_blank\" rel=\"noopener\"><img loading=\"lazy\" decoding=\"async\" class=\"size-large wp-image-5202 aligncenter\" src=\"https:\/\/agora.xtec.cat\/ceellevant\/wp-content\/uploads\/usu999\/2024\/05\/1-1024x791.jpg\" alt=\"\" width=\"1024\" height=\"791\" srcset=\"https:\/\/agora.xtec.cat\/ceellevant\/wp-content\/uploads\/usu999\/2024\/05\/1-1024x791.jpg 1024w, https:\/\/agora.xtec.cat\/ceellevant\/wp-content\/uploads\/usu999\/2024\/05\/1-300x232.jpg 300w, https:\/\/agora.xtec.cat\/ceellevant\/wp-content\/uploads\/usu999\/2024\/05\/1-768x593.jpg 768w, https:\/\/agora.xtec.cat\/ceellevant\/wp-content\/uploads\/usu999\/2024\/05\/1-1536x1187.jpg 1536w, https:\/\/agora.xtec.cat\/ceellevant\/wp-content\/uploads\/usu999\/2024\/05\/1.jpg 2000w\" sizes=\"auto, (max-width: 1024px) 100vw, 1024px\" \/><\/a><\/p>\n<p>&nbsp;<\/p>\n","protected":false},"excerpt":{"rendered":"<p>L\u2019associaci\u00f3 amb col\u00b7laboraci\u00f3 amb altres fam\u00edlies conformen el grup de Dinamitzaci\u00f3, que s\u2019encarrega de preparar i executar les celebracions programades:<br \/>\n<a href=\"https:\/\/sites.google.com\/view\/festesiesdeveniments\/inicio?authuser=2\" target=\"_blank\" rel=\"noopener\"><\/a><br \/>\n&nbsp;<\/p>\n","protected":false},"author":1,"featured_media":0,"parent":0,"menu_order":0,"comment_status":"closed","ping_status":"closed","template":"","meta":{"_bbp_topic_count":0,"_bbp_reply_count":0,"_bbp_total_topic_count":0,"_bbp_total_reply_count":0,"_bbp_voice_count":0,"_bbp_anonymous_reply_count":0,"_bbp_topic_count_hidden":0,"_bbp_reply_count_hidden":0,"_bbp_forum_subforum_count":0,"footnotes":""},"class_list":["post-764","page","type-page","status-publish","hentry"],"post_mailing_queue_ids":[],"_links":{"self":[{"href":"https:\/\/agora.xtec.cat\/ceellevant\/wp-json\/wp\/v2\/pages\/764","targetHints":{"allow":["GET"]}}],"collection":[{"href":"https:\/\/agora.xtec.cat\/ceellevant\/wp-json\/wp\/v2\/pages"}],"about":[{"href":"https:\/\/agora.xtec.cat\/ceellevant\/wp-json\/wp\/v2\/types\/page"}],"author":[{"embeddable":true,"href":"https:\/\/agora.xtec.cat\/ceellevant\/wp-json\/wp\/v2\/users\/1"}],"replies":[{"embeddable":true,"href":"https:\/\/agora.xtec.cat\/ceellevant\/wp-json\/wp\/v2\/comments?post=764"}],"version-history":[{"count":5,"href":"https:\/\/agora.xtec.cat\/ceellevant\/wp-json\/wp\/v2\/pages\/764\/revisions"}],"predecessor-version":[{"id":5216,"href":"https:\/\/agora.xtec.cat\/ceellevant\/wp-json\/wp\/v2\/pages\/764\/revisions\/5216"}],"wp:attachment":[{"href":"https:\/\/agora.xtec.cat\/ceellevant\/wp-json\/wp\/v2\/media?parent=764"}],"curies":[{"name":"wp","href":"https:\/\/api.w.org\/{rel}","templated":true}]}}