{"id":757,"date":"2016-05-17T12:59:33","date_gmt":"2016-05-17T11:59:33","guid":{"rendered":"http:\/\/agora.xtec.cat\/ceellevant\/?page_id=757"},"modified":"2025-05-15T13:14:40","modified_gmt":"2025-05-15T11:14:40","slug":"grup-de-suport-familiar","status":"publish","type":"page","link":"https:\/\/agora.xtec.cat\/ceellevant\/grup-de-suport-familiar\/","title":{"rendered":"Grup de suport familiar"},"content":{"rendered":"<p>Les fam\u00edlies amb un familiar amb discapacitat intel\u00b7lectual i del desenvolupament, sovint verbalitzen la necessitat de compartir un espai amb d\u2019altres fam\u00edlies que es troben en una situaci\u00f3 similar per tal de poder intercanviar experi\u00e8ncies, rebre informaci\u00f3 i resoldre dubtes.<\/p>\n<p>Aix\u00ed doncs, amb l\u2019objectiu donar resposta a aquesta necessitat i amb col\u00b7laboraci\u00f3 amb l\u2019escola, em donat inici a un <strong>Grup de Suport Familiar<\/strong>.<\/p>\n<p>T\u00e9 una periodicitat quinzenal, els dimarts a les 9:30h, i comptem amb el suport de la psic\u00f3loga de l&#8217;escola Elina Lizondo.<\/p>\n<div><\/div>\n<div><a href=\"https:\/\/sites.google.com\/view\/grup-suport-familiar\/inicio\"><img loading=\"lazy\" decoding=\"async\" class=\"wp-image-5389 aligncenter\" src=\"https:\/\/agora.xtec.cat\/ceellevant\/wp-content\/uploads\/usu999\/2025\/05\/Post-de-Instagram-Mensaje-Motivacional-Abstracto-Verde-Agua-y-Blanco-819x1024.png\" alt=\"\" width=\"286\" height=\"358\" srcset=\"https:\/\/agora.xtec.cat\/ceellevant\/wp-content\/uploads\/usu999\/2025\/05\/Post-de-Instagram-Mensaje-Motivacional-Abstracto-Verde-Agua-y-Blanco-819x1024.png 819w, https:\/\/agora.xtec.cat\/ceellevant\/wp-content\/uploads\/usu999\/2025\/05\/Post-de-Instagram-Mensaje-Motivacional-Abstracto-Verde-Agua-y-Blanco-240x300.png 240w, https:\/\/agora.xtec.cat\/ceellevant\/wp-content\/uploads\/usu999\/2025\/05\/Post-de-Instagram-Mensaje-Motivacional-Abstracto-Verde-Agua-y-Blanco-768x960.png 768w, https:\/\/agora.xtec.cat\/ceellevant\/wp-content\/uploads\/usu999\/2025\/05\/Post-de-Instagram-Mensaje-Motivacional-Abstracto-Verde-Agua-y-Blanco.png 1080w\" sizes=\"auto, (max-width: 286px) 100vw, 286px\" \/><\/a><\/div>\n","protected":false},"excerpt":{"rendered":"<p>Les fam\u00edlies amb un familiar amb discapacitat intel\u00b7lectual i del desenvolupament, sovint verbalitzen la necessitat de compartir un espai amb d\u2019altres fam\u00edlies que es troben en una situaci\u00f3 similar per tal de poder intercanviar experi\u00e8ncies, rebre informaci\u00f3 i resoldre dubtes.<br \/>\nAix\u00ed doncs, amb l\u2019objectiu donar resposta&hellip;  <a href=\"https:\/\/agora.xtec.cat\/ceellevant\/grup-de-suport-familiar\/\" title=\"Read Grup de suport familiar\">Llegeix m\u00e9s\u00bb<\/a><\/p>\n","protected":false},"author":1,"featured_media":0,"parent":0,"menu_order":0,"comment_status":"closed","ping_status":"closed","template":"","meta":{"_bbp_topic_count":0,"_bbp_reply_count":0,"_bbp_total_topic_count":0,"_bbp_total_reply_count":0,"_bbp_voice_count":0,"_bbp_anonymous_reply_count":0,"_bbp_topic_count_hidden":0,"_bbp_reply_count_hidden":0,"_bbp_forum_subforum_count":0,"footnotes":""},"class_list":["post-757","page","type-page","status-publish","hentry"],"post_mailing_queue_ids":[],"_links":{"self":[{"href":"https:\/\/agora.xtec.cat\/ceellevant\/wp-json\/wp\/v2\/pages\/757","targetHints":{"allow":["GET"]}}],"collection":[{"href":"https:\/\/agora.xtec.cat\/ceellevant\/wp-json\/wp\/v2\/pages"}],"about":[{"href":"https:\/\/agora.xtec.cat\/ceellevant\/wp-json\/wp\/v2\/types\/page"}],"author":[{"embeddable":true,"href":"https:\/\/agora.xtec.cat\/ceellevant\/wp-json\/wp\/v2\/users\/1"}],"replies":[{"embeddable":true,"href":"https:\/\/agora.xtec.cat\/ceellevant\/wp-json\/wp\/v2\/comments?post=757"}],"version-history":[{"count":6,"href":"https:\/\/agora.xtec.cat\/ceellevant\/wp-json\/wp\/v2\/pages\/757\/revisions"}],"predecessor-version":[{"id":5411,"href":"https:\/\/agora.xtec.cat\/ceellevant\/wp-json\/wp\/v2\/pages\/757\/revisions\/5411"}],"wp:attachment":[{"href":"https:\/\/agora.xtec.cat\/ceellevant\/wp-json\/wp\/v2\/media?parent=757"}],"curies":[{"name":"wp","href":"https:\/\/api.w.org\/{rel}","templated":true}]}}

<p>Les famílies amb un familiar amb discapacitat intel·lectual i del desenvolupament, sovint verbalitzen la necessitat de compartir un espai amb d’altres famílies que es troben en una situació similar per tal de poder intercanviar experiències, rebre informació i resoldre dubtes.</p>
<p>Així doncs, amb l’objectiu donar resposta a aquesta necessitat i amb col·laboració amb l’escola, em donat inici a un <strong>Grup de Suport Familiar</strong>.</p>
<p>Té una periodicitat quinzenal, els dimarts a les 9:30h, i comptem amb el suport de la psicóloga de l&#8217;escola Elina Lizondo.</p>
<div></div>
<div><a href="https://sites.google.com/view/grup-suport-familiar/inicio"><img loading="lazy" decoding="async" class="wp-image-5389 aligncenter" src="https://agora.xtec.cat/ceellevant/wp-content/uploads/usu999/2025/05/Post-de-Instagram-Mensaje-Motivacional-Abstracto-Verde-Agua-y-Blanco-819x1024.png" alt="" width="286" height="358" srcset="https://agora.xtec.cat/ceellevant/wp-content/uploads/usu999/2025/05/Post-de-Instagram-Mensaje-Motivacional-Abstracto-Verde-Agua-y-Blanco-819x1024.png 819w, https://agora.xtec.cat/ceellevant/wp-content/uploads/usu999/2025/05/Post-de-Instagram-Mensaje-Motivacional-Abstracto-Verde-Agua-y-Blanco-240x300.png 240w, https://agora.xtec.cat/ceellevant/wp-content/uploads/usu999/2025/05/Post-de-Instagram-Mensaje-Motivacional-Abstracto-Verde-Agua-y-Blanco-768x960.png 768w, https://agora.xtec.cat/ceellevant/wp-content/uploads/usu999/2025/05/Post-de-Instagram-Mensaje-Motivacional-Abstracto-Verde-Agua-y-Blanco.png 1080w" sizes="auto, (max-width: 286px) 100vw, 286px" /></a></div>

<p>Les famílies amb un familiar amb discapacitat intel·lectual i del desenvolupament, sovint verbalitzen la necessitat de compartir un espai amb d’altres famílies que es troben en una situació similar per tal de poder intercanviar experiències, rebre informació i resoldre dubtes.<br />
Així doncs, amb l’objectiu donar resposta&hellip;  <a href="https://agora.xtec.cat/ceellevant/grup-de-suport-familiar/" title="Read Grup de suport familiar">Llegeix més»</a></p>
