{"id":734,"date":"2016-05-17T12:51:56","date_gmt":"2016-05-17T11:51:56","guid":{"rendered":"http:\/\/agora.xtec.cat\/ceellevant\/?page_id=734"},"modified":"2026-02-19T13:10:19","modified_gmt":"2026-02-19T12:10:19","slug":"junta-directiva","status":"publish","type":"page","link":"https:\/\/agora.xtec.cat\/ceellevant\/junta-directiva\/","title":{"rendered":"Junta Directiva"},"content":{"rendered":"<p class=\"zfr3Q CDt4Ke \" dir=\"ltr\"><span class=\"C9DxTc \">L\u2019actual junta directiva de l\u2019associaci\u00f3, estar\u00e0 vigent fins el 18\/09\/2027 i la seva composici\u00f3 \u00e9s la seg\u00fcent:<\/span><\/p>\n<ul class=\"n8H08c UVNKR \">\n<li class=\"zfr3Q TYR86d eD0Rn \" dir=\"ltr\">\n<p class=\"zfr3Q CDt4Ke \" dir=\"ltr\" role=\"presentation\"><span class=\"C9DxTc \"><strong>PRESIDENT:<\/strong>\u00a0<\/span><span class=\"C9DxTc \">Mario Dom\u00ednguez Ruiz<\/span><\/p>\n<\/li>\n<li class=\"zfr3Q TYR86d eD0Rn \" dir=\"ltr\">\n<p class=\"zfr3Q CDt4Ke \" dir=\"ltr\" role=\"presentation\"><span class=\"C9DxTc \"><strong>VICEPRESIDENTA:<\/strong>\u00a0<\/span><span class=\"C9DxTc \">Laura Vivas G\u00e1lvez<\/span><\/p>\n<\/li>\n<li class=\"zfr3Q TYR86d eD0Rn \" dir=\"ltr\">\n<p class=\"zfr3Q CDt4Ke \" dir=\"ltr\" role=\"presentation\"><strong><span class=\"C9DxTc \">SECRET\u00c0RIA:\u00a0<\/span><\/strong><span class=\"C9DxTc \">Sonia Castro Castro<\/span><\/p>\n<\/li>\n<li class=\"zfr3Q TYR86d eD0Rn \" dir=\"ltr\">\n<p class=\"zfr3Q CDt4Ke \" dir=\"ltr\" role=\"presentation\"><strong><span class=\"C9DxTc \">TRESORERA:\u00a0<\/span><\/strong><span class=\"C9DxTc \">Conchi V\u00e1zquez<\/span><\/p>\n<\/li>\n<li class=\"zfr3Q TYR86d eD0Rn \" dir=\"ltr\">\n<p class=\"zfr3Q CDt4Ke \" dir=\"ltr\" role=\"presentation\"><strong><span class=\"C9DxTc \">REPRESENTANTS AL CONSELL ESCOLAR: <\/span><\/strong><span class=\"C9DxTc \">Mario Dom\u00ednguez,\u00a0 Conchi V\u00e1zquez, Laura Vivas, Jennifer Cabrera y Sonia Castro<\/span><\/p>\n<\/li>\n<\/ul>\n<p class=\"zfr3Q CDt4Ke \" dir=\"ltr\"><strong><span class=\"C9DxTc \">Contacte: apallevant<span class=\"atwho-query\">@gmail.com<\/span><\/span><\/strong><\/p>\n","protected":false},"excerpt":{"rendered":"<p>L\u2019actual junta directiva de l\u2019associaci\u00f3, estar\u00e0 vigent fins el 18\/09\/2027 i la seva composici\u00f3 \u00e9s la seg\u00fcent:<\/p>\n<ul class=\"n8H08c UVNKR \">\n<li class=\"zfr3Q TYR86d eD0Rn \" dir=\"ltr\">\nPRESIDENT:\u00a0Mario Dom\u00ednguez Ruiz\n<\/li>\n<li class=\"zfr3Q TYR86d eD0Rn \" dir=\"ltr\">\nVICEPRESIDENTA:\u00a0Laura Vivas G\u00e1lvez\n<\/li>\n<li class=\"zfr3Q TYR86d eD0Rn \" dir=\"ltr\">\nSECRET\u00c0RIA:\u00a0Sonia Castro Castro\n<\/li>\n<li class=\"zfr3Q TYR86d eD0Rn \"&hellip;  <a href=\"https:\/\/agora.xtec.cat\/ceellevant\/junta-directiva\/\" title=\"Read Junta Directiva\">Llegeix m\u00e9s\u00bb<\/a><br \/>\n","protected":false},"author":1,"featured_media":0,"parent":0,"menu_order":0,"comment_status":"closed","ping_status":"closed","template":"","meta":{"_bbp_topic_count":0,"_bbp_reply_count":0,"_bbp_total_topic_count":0,"_bbp_total_reply_count":0,"_bbp_voice_count":0,"_bbp_anonymous_reply_count":0,"_bbp_topic_count_hidden":0,"_bbp_reply_count_hidden":0,"_bbp_forum_subforum_count":0,"footnotes":""},"class_list":["post-734","page","type-page","status-publish","hentry"],"post_mailing_queue_ids":[],"_links":{"self":[{"href":"https:\/\/agora.xtec.cat\/ceellevant\/wp-json\/wp\/v2\/pages\/734","targetHints":{"allow":["GET"]}}],"collection":[{"href":"https:\/\/agora.xtec.cat\/ceellevant\/wp-json\/wp\/v2\/pages"}],"about":[{"href":"https:\/\/agora.xtec.cat\/ceellevant\/wp-json\/wp\/v2\/types\/page"}],"author":[{"embeddable":true,"href":"https:\/\/agora.xtec.cat\/ceellevant\/wp-json\/wp\/v2\/users\/1"}],"replies":[{"embeddable":true,"href":"https:\/\/agora.xtec.cat\/ceellevant\/wp-json\/wp\/v2\/comments?post=734"}],"version-history":[{"count":6,"href":"https:\/\/agora.xtec.cat\/ceellevant\/wp-json\/wp\/v2\/pages\/734\/revisions"}],"predecessor-version":[{"id":5500,"href":"https:\/\/agora.xtec.cat\/ceellevant\/wp-json\/wp\/v2\/pages\/734\/revisions\/5500"}],"wp:attachment":[{"href":"https:\/\/agora.xtec.cat\/ceellevant\/wp-json\/wp\/v2\/media?parent=734"}],"curies":[{"name":"wp","href":"https:\/\/api.w.org\/{rel}","templated":true}]}}

<p class="zfr3Q CDt4Ke " dir="ltr"><span class="C9DxTc ">L’actual junta directiva de l’associació, estarà vigent fins el 18/09/2027 i la seva composició és la següent:</span></p>
<ul class="n8H08c UVNKR ">
<li class="zfr3Q TYR86d eD0Rn " dir="ltr">
<p class="zfr3Q CDt4Ke " dir="ltr" role="presentation"><span class="C9DxTc "><strong>PRESIDENT:</strong> </span><span class="C9DxTc ">Mario Domínguez Ruiz</span></p>
</li>
<li class="zfr3Q TYR86d eD0Rn " dir="ltr">
<p class="zfr3Q CDt4Ke " dir="ltr" role="presentation"><span class="C9DxTc "><strong>VICEPRESIDENTA:</strong> </span><span class="C9DxTc ">Laura Vivas Gálvez</span></p>
</li>
<li class="zfr3Q TYR86d eD0Rn " dir="ltr">
<p class="zfr3Q CDt4Ke " dir="ltr" role="presentation"><strong><span class="C9DxTc ">SECRETÀRIA: </span></strong><span class="C9DxTc ">Sonia Castro Castro</span></p>
</li>
<li class="zfr3Q TYR86d eD0Rn " dir="ltr">
<p class="zfr3Q CDt4Ke " dir="ltr" role="presentation"><strong><span class="C9DxTc ">TRESORERA: </span></strong><span class="C9DxTc ">Conchi Vázquez</span></p>
</li>
<li class="zfr3Q TYR86d eD0Rn " dir="ltr">
<p class="zfr3Q CDt4Ke " dir="ltr" role="presentation"><strong><span class="C9DxTc ">REPRESENTANTS AL CONSELL ESCOLAR: </span></strong><span class="C9DxTc ">Mario Domínguez,  Conchi Vázquez, Laura Vivas, Jennifer Cabrera y Sonia Castro</span></p>
</li>
</ul>
<p class="zfr3Q CDt4Ke " dir="ltr"><strong><span class="C9DxTc ">Contacte: apallevant<span class="atwho-query">@gmail.com</span></span></strong></p>

<p>L’actual junta directiva de l’associació, estarà vigent fins el 18/09/2027 i la seva composició és la següent:</p>
<ul class="n8H08c UVNKR ">
<li class="zfr3Q TYR86d eD0Rn " dir="ltr">
PRESIDENT: Mario Domínguez Ruiz
</li>
<li class="zfr3Q TYR86d eD0Rn " dir="ltr">
VICEPRESIDENTA: Laura Vivas Gálvez
</li>
<li class="zfr3Q TYR86d eD0Rn " dir="ltr">
SECRETÀRIA: Sonia Castro Castro
</li>
<li class="zfr3Q TYR86d eD0Rn "&hellip;  <a href="https://agora.xtec.cat/ceellevant/junta-directiva/" title="Read Junta Directiva">Llegeix més»</a><br />
