{"id":73,"date":"2014-09-18T14:01:51","date_gmt":"2014-09-18T13:01:51","guid":{"rendered":"http:\/\/agora.xtec.cat\/ceellevant\/?page_id=73"},"modified":"2025-10-02T13:05:15","modified_gmt":"2025-10-02T11:05:15","slug":"menjador-escolar","status":"publish","type":"page","link":"https:\/\/agora.xtec.cat\/ceellevant\/serveis\/menjador-escolar\/","title":{"rendered":"Menjador escolar"},"content":{"rendered":"<p>El servei de menjador de l\u2019escola est\u00e0 at\u00e8s per un equip de monitors\/es i 1 coordinadora.<\/p>\n<p>L\u2019estreta coordinaci\u00f3 entre la coordinadora i la cap d\u2019estudis, un trasp\u00e0s d\u2019informaci\u00f3 diari entre les mestres i els monitors\/es i la coordinaci\u00f3 amb mestres i especialistes quan \u00e9s necessari, garanteix la coher\u00e8ncia en l\u2019atenci\u00f3 dels nostres infants.<\/p>\n<p>L\u2019horari de menjador de 12:30 a 15 h i est\u00e0 organitzat en dos torns.<\/p>\n<p>L\u2019estona de menjar es treballa l\u2019adquisici\u00f3 de d\u2019habilitats relacionades amb h\u00e0bits d\u2019alimentaci\u00f3, socials, autonomia, etc i a l\u2019hora d\u2019esbarjo es desenvolupen activitats de lleure.<\/p>\n<p>Disposem de cuina pr\u00f2pia el que facilita poder adaptar els men\u00fas a les necessitats dels alumnes que aix\u00ed ho requereixin.<\/p>\n<p>&nbsp;<\/p>\n<p style=\"text-align: center;\"><a href=\"https:\/\/agora.xtec.cat\/ceellevant\/wp-content\/uploads\/usu999\/2025\/10\/CEE-LLEVANT.MENU-BASAL.HIVERN.25-26.pdf\" target=\"_blank\" rel=\"noopener\">MENU BASAL HIVERN 25-26<\/a><\/p>\n<p style=\"text-align: center;\"><a href=\"https:\/\/agora.xtec.cat\/ceellevant\/wp-content\/uploads\/usu999\/2025\/10\/CEE-LLEVANT.MENU-SENSE-PORC.HIVERN.25-26.pdf\" target=\"_blank\" rel=\"noopener\">MENU NO PORC HIVERN 25-26<\/a><\/p>\n<p style=\"text-align: center;\"><a href=\"https:\/\/agora.xtec.cat\/ceellevant\/wp-content\/uploads\/usu999\/2025\/10\/CEE-LLEVANT.MENU-HIPOCALORIC.HIVERN.25-26.pdf\" target=\"_blank\" rel=\"noopener\">MENU HIPOCALORIC HIVERN 25-26<\/a><\/p>\n<p style=\"text-align: center;\"><a href=\"https:\/\/agora.xtec.cat\/ceellevant\/wp-content\/uploads\/usu999\/2025\/10\/CEE-LLEVANT.MENU-HALAL.HIVERN.25-26.pdf\" target=\"_blank\" rel=\"noopener\">MENU HALAL HIVERN 25-26<\/a><\/p>\n<p style=\"text-align: center;\"><a href=\"https:\/\/agora.xtec.cat\/ceellevant\/wp-content\/uploads\/usu999\/2025\/10\/CEE-LLEVANT.CALENDARI-MENU-HIVERN.pdf\">CALENDARI MEN\u00da HIVERN 25-26<\/a><\/p>\n<p>&nbsp;<\/p>\n","protected":false},"excerpt":{"rendered":"<p>El servei de menjador de l\u2019escola est\u00e0 at\u00e8s per un equip de monitors\/es i 1 coordinadora.<br \/>\nL\u2019estreta coordinaci\u00f3 entre la coordinadora i la cap d\u2019estudis, un trasp\u00e0s d\u2019informaci\u00f3 diari entre les mestres i els monitors\/es i la coordinaci\u00f3 amb mestres i especialistes quan \u00e9s necessari, garanteix&hellip;  <a href=\"https:\/\/agora.xtec.cat\/ceellevant\/serveis\/menjador-escolar\/\" title=\"Read Menjador escolar\">Llegeix m\u00e9s\u00bb<\/a><\/p>\n","protected":false},"author":1,"featured_media":0,"parent":66,"menu_order":30,"comment_status":"closed","ping_status":"closed","template":"page-templates\/side-menu.php","meta":{"_bbp_topic_count":0,"_bbp_reply_count":0,"_bbp_total_topic_count":0,"_bbp_total_reply_count":0,"_bbp_voice_count":0,"_bbp_anonymous_reply_count":0,"_bbp_topic_count_hidden":0,"_bbp_reply_count_hidden":0,"_bbp_forum_subforum_count":0,"footnotes":""},"class_list":["post-73","page","type-page","status-publish","hentry"],"post_mailing_queue_ids":[],"_links":{"self":[{"href":"https:\/\/agora.xtec.cat\/ceellevant\/wp-json\/wp\/v2\/pages\/73","targetHints":{"allow":["GET"]}}],"collection":[{"href":"https:\/\/agora.xtec.cat\/ceellevant\/wp-json\/wp\/v2\/pages"}],"about":[{"href":"https:\/\/agora.xtec.cat\/ceellevant\/wp-json\/wp\/v2\/types\/page"}],"author":[{"embeddable":true,"href":"https:\/\/agora.xtec.cat\/ceellevant\/wp-json\/wp\/v2\/users\/1"}],"replies":[{"embeddable":true,"href":"https:\/\/agora.xtec.cat\/ceellevant\/wp-json\/wp\/v2\/comments?post=73"}],"version-history":[{"count":6,"href":"https:\/\/agora.xtec.cat\/ceellevant\/wp-json\/wp\/v2\/pages\/73\/revisions"}],"predecessor-version":[{"id":5436,"href":"https:\/\/agora.xtec.cat\/ceellevant\/wp-json\/wp\/v2\/pages\/73\/revisions\/5436"}],"up":[{"embeddable":true,"href":"https:\/\/agora.xtec.cat\/ceellevant\/wp-json\/wp\/v2\/pages\/66"}],"wp:attachment":[{"href":"https:\/\/agora.xtec.cat\/ceellevant\/wp-json\/wp\/v2\/media?parent=73"}],"curies":[{"name":"wp","href":"https:\/\/api.w.org\/{rel}","templated":true}]}}

<p>El servei de menjador de l’escola està atès per un equip de monitors/es i 1 coordinadora.</p>
<p>L’estreta coordinació entre la coordinadora i la cap d’estudis, un traspàs d’informació diari entre les mestres i els monitors/es i la coordinació amb mestres i especialistes quan és necessari, garanteix la coherència en l’atenció dels nostres infants.</p>
<p>L’horari de menjador de 12:30 a 15 h i està organitzat en dos torns.</p>
<p>L’estona de menjar es treballa l’adquisició de d’habilitats relacionades amb hàbits d’alimentació, socials, autonomia, etc i a l’hora d’esbarjo es desenvolupen activitats de lleure.</p>
<p>Disposem de cuina pròpia el que facilita poder adaptar els menús a les necessitats dels alumnes que així ho requereixin.</p>
<p>&nbsp;</p>
<p style="text-align: center;"><a href="https://agora.xtec.cat/ceellevant/wp-content/uploads/usu999/2025/10/CEE-LLEVANT.MENU-BASAL.HIVERN.25-26.pdf" target="_blank" rel="noopener">MENU BASAL HIVERN 25-26</a></p>
<p style="text-align: center;"><a href="https://agora.xtec.cat/ceellevant/wp-content/uploads/usu999/2025/10/CEE-LLEVANT.MENU-SENSE-PORC.HIVERN.25-26.pdf" target="_blank" rel="noopener">MENU NO PORC HIVERN 25-26</a></p>
<p style="text-align: center;"><a href="https://agora.xtec.cat/ceellevant/wp-content/uploads/usu999/2025/10/CEE-LLEVANT.MENU-HIPOCALORIC.HIVERN.25-26.pdf" target="_blank" rel="noopener">MENU HIPOCALORIC HIVERN 25-26</a></p>
<p style="text-align: center;"><a href="https://agora.xtec.cat/ceellevant/wp-content/uploads/usu999/2025/10/CEE-LLEVANT.MENU-HALAL.HIVERN.25-26.pdf" target="_blank" rel="noopener">MENU HALAL HIVERN 25-26</a></p>
<p style="text-align: center;"><a href="https://agora.xtec.cat/ceellevant/wp-content/uploads/usu999/2025/10/CEE-LLEVANT.CALENDARI-MENU-HIVERN.pdf">CALENDARI MENÚ HIVERN 25-26</a></p>
<p>&nbsp;</p>

<p>El servei de menjador de l’escola està atès per un equip de monitors/es i 1 coordinadora.<br />
L’estreta coordinació entre la coordinadora i la cap d’estudis, un traspàs d’informació diari entre les mestres i els monitors/es i la coordinació amb mestres i especialistes quan és necessari, garanteix&hellip;  <a href="https://agora.xtec.cat/ceellevant/serveis/menjador-escolar/" title="Read Menjador escolar">Llegeix més»</a></p>
