{"id":641,"date":"2016-03-17T16:04:07","date_gmt":"2016-03-17T15:04:07","guid":{"rendered":"http:\/\/agora.xtec.cat\/ceellevant\/?page_id=641"},"modified":"2016-06-17T12:45:13","modified_gmt":"2016-06-17T11:45:13","slug":"ajuts-tecnics","status":"publish","type":"page","link":"https:\/\/agora.xtec.cat\/ceellevant\/projecte-educatiu\/ajuts-tecnics\/","title":{"rendered":"Ajuts T\u00e8cnics"},"content":{"rendered":"<p>A l&#8217;escola usem \u00a0els <strong>ajuts t\u00e8cnics<\/strong>, b\u00e0sicament per les seg\u00fcents finalitats:<\/p>\n<ul>\n<li>Per facilitar la <strong>comunicaci\u00f3<\/strong>.<\/li>\n<li>Per donar possibilitats d&#8217;acci\u00f3\u00a0i <strong>participaci\u00f3<\/strong> en activitats\u00a0(recursos d\u2019acci\u00f3)<\/li>\n<li>i per afavorir el <strong>control d&#8217;entorn<\/strong>.<\/li>\n<\/ul>\n<p>Els Ajuts t\u00e8cnics no s&#8217;utilitzen nom\u00e9s pels alumnes afectats motriument, sin\u00f3 que tamb\u00e9 s\u00f3n una bona eina per treballar la motivaci\u00f3 i la iniciativa en la resta d&#8217;alumnes.<\/p>\n<p>Les possibilitats visuals i auditives que aporten s\u00f3n molt motivadores per la majoria dels nostres alumnes.<\/p>\n<p>Els ajuts t\u00e8cnics poden ser mec\u00e0nics o electr\u00f2nics.<\/p>\n<p><span style=\"text-decoration: underline;\">AATT mec\u00e0nics<\/span>:<\/p>\n<ul>\n<li>Etran (mirada directa, escanneig assistit).<\/li>\n<li>Plafons varis: tr\u00edptics, llibretes de comunicaci\u00f3, plafons d\u2019anticipaci\u00f3, llibre de PECS, &#8230;<\/li>\n<\/ul>\n<p><a href=\"http:\/\/agora.xtec.cat\/ceellevant\/wp-content\/uploads\/usu999\/2016\/03\/AATT-1.jpg\"><img loading=\"lazy\" decoding=\"async\" class=\" wp-image-644 aligncenter\" src=\"http:\/\/agora.xtec.cat\/ceellevant\/wp-content\/uploads\/usu999\/2016\/03\/AATT-1.jpg\" alt=\"AATT 1\" width=\"350\" height=\"261\" srcset=\"https:\/\/agora.xtec.cat\/ceellevant\/wp-content\/uploads\/usu999\/2016\/03\/AATT-1.jpg 885w, https:\/\/agora.xtec.cat\/ceellevant\/wp-content\/uploads\/usu999\/2016\/03\/AATT-1-300x223.jpg 300w, https:\/\/agora.xtec.cat\/ceellevant\/wp-content\/uploads\/usu999\/2016\/03\/AATT-1-200x150.jpg 200w\" sizes=\"auto, (max-width: 350px) 100vw, 350px\" \/><\/a><\/p>\n<p><span style=\"text-decoration: underline;\">AATT electr\u00f2nics:<\/span><\/p>\n<p>Comunicadors senzills que permeten potenciar la intenci\u00f3 comunicativa, la participaci\u00f3 en les primeres converses,&#8230;.:<\/p>\n<ul>\n<li>Step by step<\/li>\n<li>De dos botons,&#8230;.<\/li>\n<\/ul>\n<p><a href=\"http:\/\/agora.xtec.cat\/ceellevant\/wp-content\/uploads\/usu999\/2016\/03\/AATT-2.jpg\"><img loading=\"lazy\" decoding=\"async\" class=\" wp-image-645 aligncenter\" src=\"http:\/\/agora.xtec.cat\/ceellevant\/wp-content\/uploads\/usu999\/2016\/03\/AATT-2.jpg\" alt=\"AATT 2\" width=\"350\" height=\"260\" srcset=\"https:\/\/agora.xtec.cat\/ceellevant\/wp-content\/uploads\/usu999\/2016\/03\/AATT-2.jpg 892w, https:\/\/agora.xtec.cat\/ceellevant\/wp-content\/uploads\/usu999\/2016\/03\/AATT-2-300x223.jpg 300w, https:\/\/agora.xtec.cat\/ceellevant\/wp-content\/uploads\/usu999\/2016\/03\/AATT-2-200x150.jpg 200w\" sizes=\"auto, (max-width: 350px) 100vw, 350px\" \/><\/a><\/p>\n<p>Comunicadors din\u00e0mics, m\u00e9s complexos, amb m\u00e9s caselles i nivells.<\/p>\n<p><a href=\"http:\/\/agora.xtec.cat\/ceellevant\/wp-content\/uploads\/usu999\/2016\/03\/AATT-3.jpg\"><img loading=\"lazy\" decoding=\"async\" class=\" wp-image-646 aligncenter\" src=\"http:\/\/agora.xtec.cat\/ceellevant\/wp-content\/uploads\/usu999\/2016\/03\/AATT-3.jpg\" alt=\"AATT 3\" width=\"350\" height=\"268\" srcset=\"https:\/\/agora.xtec.cat\/ceellevant\/wp-content\/uploads\/usu999\/2016\/03\/AATT-3.jpg 864w, https:\/\/agora.xtec.cat\/ceellevant\/wp-content\/uploads\/usu999\/2016\/03\/AATT-3-300x230.jpg 300w\" sizes=\"auto, (max-width: 350px) 100vw, 350px\" \/><\/a><\/p>\n<p>L&#8217;\u00fas de l&#8217;ordinador i altres dispositius digitals (tablets), \u00a0depenent de les caracter\u00edstiques del nen, ser\u00e0 amb m\u00e9s o menys suport. Usem els ordinadors com una eina per a la comunicaci\u00f3, usant programes que ens permeten fer plafons de comunicaci\u00f3 i es llegeixen amb veu digitalitzada.<\/p>\n<p><a href=\"http:\/\/agora.xtec.cat\/ceellevant\/wp-content\/uploads\/usu999\/2016\/03\/AATT-4.jpg\"><img loading=\"lazy\" decoding=\"async\" class=\" wp-image-647 aligncenter\" src=\"http:\/\/agora.xtec.cat\/ceellevant\/wp-content\/uploads\/usu999\/2016\/03\/AATT-4.jpg\" alt=\"AATT 4\" width=\"350\" height=\"268\" srcset=\"https:\/\/agora.xtec.cat\/ceellevant\/wp-content\/uploads\/usu999\/2016\/03\/AATT-4.jpg 864w, https:\/\/agora.xtec.cat\/ceellevant\/wp-content\/uploads\/usu999\/2016\/03\/AATT-4-300x230.jpg 300w\" sizes=\"auto, (max-width: 350px) 100vw, 350px\" \/><\/a><\/p>\n<p>Tamb\u00e9 usem aquests dispositus des de la seva vessant l\u00fadica.<\/p>\n<p><a href=\"http:\/\/agora.xtec.cat\/ceellevant\/wp-content\/uploads\/usu999\/2016\/03\/AATT-5.jpg\"><img loading=\"lazy\" decoding=\"async\" class=\" wp-image-648 aligncenter\" src=\"http:\/\/agora.xtec.cat\/ceellevant\/wp-content\/uploads\/usu999\/2016\/03\/AATT-5.jpg\" alt=\"AATT 5\" width=\"350\" height=\"266\" srcset=\"https:\/\/agora.xtec.cat\/ceellevant\/wp-content\/uploads\/usu999\/2016\/03\/AATT-5.jpg 871w, https:\/\/agora.xtec.cat\/ceellevant\/wp-content\/uploads\/usu999\/2016\/03\/AATT-5-300x228.jpg 300w\" sizes=\"auto, (max-width: 350px) 100vw, 350px\" \/><\/a><\/p>\n<p>L\u2019\u00fas de l\u2019ordinador com a eina de suport a l&#8217;acc\u00e9s al curr\u00edculum. Reforcem els aprenentatges de les diferents \u00e0rees amb dispositius digitals, ja que aquests s\u00f3n:<\/p>\n<ul>\n<li>Eines\u00a0molt motivadores i atractives pels nostres alumnes.<\/li>\n<li>Minimitzen l\u2019error i l\u2019alumne accepta de millor grat el mecanisme de la repetici\u00f3.<\/li>\n<li>Usar aquests dispositius fa augmentar l&#8217;autoestima de molts alumnes.<\/li>\n<li>A alguns alumnes els facilita poder realitzar treballs que sense aquests dispositius no poden realitzar.<\/li>\n<li>S\u00f3n eines que els permet ser m\u00e9s aut\u00f2noms.<\/li>\n<\/ul>\n<p>Disposem d&#8217;accessos adaptats a l&#8217;ordinador:<\/p>\n<ul>\n<li>Ratol\u00ed adaptat amb commutadors: gros, petit&#8230;ratol\u00ed joystick&#8230;<\/li>\n<li>Protector de teclats, teclats t\u00e0ctils,&#8230;<\/li>\n<li>Suports pels commutadors, bra\u00e7 articulat, de barilla, licorni,&#8230;<\/li>\n<\/ul>\n<p><a href=\"http:\/\/agora.xtec.cat\/ceellevant\/wp-content\/uploads\/usu999\/2016\/03\/AATT-6.jpg\"><img loading=\"lazy\" decoding=\"async\" class=\" wp-image-649 aligncenter\" src=\"http:\/\/agora.xtec.cat\/ceellevant\/wp-content\/uploads\/usu999\/2016\/03\/AATT-6.jpg\" alt=\"AATT 6\" width=\"349\" height=\"268\" srcset=\"https:\/\/agora.xtec.cat\/ceellevant\/wp-content\/uploads\/usu999\/2016\/03\/AATT-6.jpg 863w, https:\/\/agora.xtec.cat\/ceellevant\/wp-content\/uploads\/usu999\/2016\/03\/AATT-6-300x230.jpg 300w\" sizes=\"auto, (max-width: 349px) 100vw, 349px\" \/><\/a><\/p>\n<p>Control de l&#8217;entorn:<\/p>\n<p>Iniciem l\u2019entrenament amb activitats de joc adaptat. Oferim acc\u00e9s a activitats de control d&#8217;entorn amb electrodom\u00e8stics, activitats sensorials, activitats de lleure,&#8230; preparant-los per\u00a0aconseguir en la vida adulta un control d&#8217;entorn a casa.<strong>\u00a0<a href=\"http:\/\/agora.xtec.cat\/ceellevant\/wp-content\/uploads\/usu999\/2016\/03\/AATT-7.jpg\"><img loading=\"lazy\" decoding=\"async\" class=\" wp-image-650 aligncenter\" src=\"http:\/\/agora.xtec.cat\/ceellevant\/wp-content\/uploads\/usu999\/2016\/03\/AATT-7.jpg\" alt=\"AATT 7\" width=\"349\" height=\"268\" srcset=\"https:\/\/agora.xtec.cat\/ceellevant\/wp-content\/uploads\/usu999\/2016\/03\/AATT-7.jpg 863w, https:\/\/agora.xtec.cat\/ceellevant\/wp-content\/uploads\/usu999\/2016\/03\/AATT-7-300x230.jpg 300w\" sizes=\"auto, (max-width: 349px) 100vw, 349px\" \/><\/a><\/strong><\/p>\n","protected":false},"excerpt":{"rendered":"<p>A l&#8217;escola usem \u00a0els ajuts t\u00e8cnics, b\u00e0sicament per les seg\u00fcents finalitats:<\/p>\n<ul>\n<li>Per facilitar la comunicaci\u00f3.<\/li>\n<li>Per donar possibilitats d&#8217;acci\u00f3\u00a0i participaci\u00f3 en activitats\u00a0(recursos d\u2019acci\u00f3)<\/li>\n<li>i per afavorir el control d&#8217;entorn.<\/li>\n<\/ul>\n<p>Els Ajuts t\u00e8cnics no s&#8217;utilitzen nom\u00e9s pels alumnes afectats motriument, sin\u00f3 que tamb\u00e9 s\u00f3n una bona eina per treballar la&hellip;  <a href=\"https:\/\/agora.xtec.cat\/ceellevant\/projecte-educatiu\/ajuts-tecnics\/\" title=\"Read Ajuts T\u00e8cnics\">Llegeix m\u00e9s\u00bb<\/a><\/p>\n","protected":false},"author":1,"featured_media":0,"parent":64,"menu_order":15,"comment_status":"closed","ping_status":"closed","template":"page-templates\/side-menu.php","meta":{"_bbp_topic_count":0,"_bbp_reply_count":0,"_bbp_total_topic_count":0,"_bbp_total_reply_count":0,"_bbp_voice_count":0,"_bbp_anonymous_reply_count":0,"_bbp_topic_count_hidden":0,"_bbp_reply_count_hidden":0,"_bbp_forum_subforum_count":0,"footnotes":""},"class_list":["post-641","page","type-page","status-publish","hentry"],"post_mailing_queue_ids":[],"_links":{"self":[{"href":"https:\/\/agora.xtec.cat\/ceellevant\/wp-json\/wp\/v2\/pages\/641","targetHints":{"allow":["GET"]}}],"collection":[{"href":"https:\/\/agora.xtec.cat\/ceellevant\/wp-json\/wp\/v2\/pages"}],"about":[{"href":"https:\/\/agora.xtec.cat\/ceellevant\/wp-json\/wp\/v2\/types\/page"}],"author":[{"embeddable":true,"href":"https:\/\/agora.xtec.cat\/ceellevant\/wp-json\/wp\/v2\/users\/1"}],"replies":[{"embeddable":true,"href":"https:\/\/agora.xtec.cat\/ceellevant\/wp-json\/wp\/v2\/comments?post=641"}],"version-history":[{"count":3,"href":"https:\/\/agora.xtec.cat\/ceellevant\/wp-json\/wp\/v2\/pages\/641\/revisions"}],"predecessor-version":[{"id":847,"href":"https:\/\/agora.xtec.cat\/ceellevant\/wp-json\/wp\/v2\/pages\/641\/revisions\/847"}],"up":[{"embeddable":true,"href":"https:\/\/agora.xtec.cat\/ceellevant\/wp-json\/wp\/v2\/pages\/64"}],"wp:attachment":[{"href":"https:\/\/agora.xtec.cat\/ceellevant\/wp-json\/wp\/v2\/media?parent=641"}],"curies":[{"name":"wp","href":"https:\/\/api.w.org\/{rel}","templated":true}]}}

Ajuts Tècnics

<p>A l&#8217;escola usem  els <strong>ajuts tècnics</strong>, bàsicament per les següents finalitats:</p>
<ul>
<li>Per facilitar la <strong>comunicació</strong>.</li>
<li>Per donar possibilitats d&#8217;acció i <strong>participació</strong> en activitats (recursos d’acció)</li>
<li>i per afavorir el <strong>control d&#8217;entorn</strong>.</li>
</ul>
<p>Els Ajuts tècnics no s&#8217;utilitzen només pels alumnes afectats motriument, sinó que també són una bona eina per treballar la motivació i la iniciativa en la resta d&#8217;alumnes.</p>
<p>Les possibilitats visuals i auditives que aporten són molt motivadores per la majoria dels nostres alumnes.</p>
<p>Els ajuts tècnics poden ser mecànics o electrònics.</p>
<p><span style="text-decoration: underline;">AATT mecànics</span>:</p>
<ul>
<li>Etran (mirada directa, escanneig assistit).</li>
<li>Plafons varis: tríptics, llibretes de comunicació, plafons d’anticipació, llibre de PECS, &#8230;</li>
</ul>
<p><a href="http://agora.xtec.cat/ceellevant/wp-content/uploads/usu999/2016/03/AATT-1.jpg"><img loading="lazy" decoding="async" class=" wp-image-644 aligncenter" src="http://agora.xtec.cat/ceellevant/wp-content/uploads/usu999/2016/03/AATT-1.jpg" alt="AATT 1" width="350" height="261" srcset="https://agora.xtec.cat/ceellevant/wp-content/uploads/usu999/2016/03/AATT-1.jpg 885w, https://agora.xtec.cat/ceellevant/wp-content/uploads/usu999/2016/03/AATT-1-300x223.jpg 300w, https://agora.xtec.cat/ceellevant/wp-content/uploads/usu999/2016/03/AATT-1-200x150.jpg 200w" sizes="auto, (max-width: 350px) 100vw, 350px" /></a></p>
<p><span style="text-decoration: underline;">AATT electrònics:</span></p>
<p>Comunicadors senzills que permeten potenciar la intenció comunicativa, la participació en les primeres converses,&#8230;.:</p>
<ul>
<li>Step by step</li>
<li>De dos botons,&#8230;.</li>
</ul>
<p><a href="http://agora.xtec.cat/ceellevant/wp-content/uploads/usu999/2016/03/AATT-2.jpg"><img loading="lazy" decoding="async" class=" wp-image-645 aligncenter" src="http://agora.xtec.cat/ceellevant/wp-content/uploads/usu999/2016/03/AATT-2.jpg" alt="AATT 2" width="350" height="260" srcset="https://agora.xtec.cat/ceellevant/wp-content/uploads/usu999/2016/03/AATT-2.jpg 892w, https://agora.xtec.cat/ceellevant/wp-content/uploads/usu999/2016/03/AATT-2-300x223.jpg 300w, https://agora.xtec.cat/ceellevant/wp-content/uploads/usu999/2016/03/AATT-2-200x150.jpg 200w" sizes="auto, (max-width: 350px) 100vw, 350px" /></a></p>
<p>Comunicadors dinàmics, més complexos, amb més caselles i nivells.</p>
<p><a href="http://agora.xtec.cat/ceellevant/wp-content/uploads/usu999/2016/03/AATT-3.jpg"><img loading="lazy" decoding="async" class=" wp-image-646 aligncenter" src="http://agora.xtec.cat/ceellevant/wp-content/uploads/usu999/2016/03/AATT-3.jpg" alt="AATT 3" width="350" height="268" srcset="https://agora.xtec.cat/ceellevant/wp-content/uploads/usu999/2016/03/AATT-3.jpg 864w, https://agora.xtec.cat/ceellevant/wp-content/uploads/usu999/2016/03/AATT-3-300x230.jpg 300w" sizes="auto, (max-width: 350px) 100vw, 350px" /></a></p>
<p>L&#8217;ús de l&#8217;ordinador i altres dispositius digitals (tablets),  depenent de les característiques del nen, serà amb més o menys suport. Usem els ordinadors com una eina per a la comunicació, usant programes que ens permeten fer plafons de comunicació i es llegeixen amb veu digitalitzada.</p>
<p><a href="http://agora.xtec.cat/ceellevant/wp-content/uploads/usu999/2016/03/AATT-4.jpg"><img loading="lazy" decoding="async" class=" wp-image-647 aligncenter" src="http://agora.xtec.cat/ceellevant/wp-content/uploads/usu999/2016/03/AATT-4.jpg" alt="AATT 4" width="350" height="268" srcset="https://agora.xtec.cat/ceellevant/wp-content/uploads/usu999/2016/03/AATT-4.jpg 864w, https://agora.xtec.cat/ceellevant/wp-content/uploads/usu999/2016/03/AATT-4-300x230.jpg 300w" sizes="auto, (max-width: 350px) 100vw, 350px" /></a></p>
<p>També usem aquests dispositus des de la seva vessant lúdica.</p>
<p><a href="http://agora.xtec.cat/ceellevant/wp-content/uploads/usu999/2016/03/AATT-5.jpg"><img loading="lazy" decoding="async" class=" wp-image-648 aligncenter" src="http://agora.xtec.cat/ceellevant/wp-content/uploads/usu999/2016/03/AATT-5.jpg" alt="AATT 5" width="350" height="266" srcset="https://agora.xtec.cat/ceellevant/wp-content/uploads/usu999/2016/03/AATT-5.jpg 871w, https://agora.xtec.cat/ceellevant/wp-content/uploads/usu999/2016/03/AATT-5-300x228.jpg 300w" sizes="auto, (max-width: 350px) 100vw, 350px" /></a></p>
<p>L’ús de l’ordinador com a eina de suport a l&#8217;accés al currículum. Reforcem els aprenentatges de les diferents àrees amb dispositius digitals, ja que aquests són:</p>
<ul>
<li>Eines molt motivadores i atractives pels nostres alumnes.</li>
<li>Minimitzen l’error i l’alumne accepta de millor grat el mecanisme de la repetició.</li>
<li>Usar aquests dispositius fa augmentar l&#8217;autoestima de molts alumnes.</li>
<li>A alguns alumnes els facilita poder realitzar treballs que sense aquests dispositius no poden realitzar.</li>
<li>Són eines que els permet ser més autònoms.</li>
</ul>
<p>Disposem d&#8217;accessos adaptats a l&#8217;ordinador:</p>
<ul>
<li>Ratolí adaptat amb commutadors: gros, petit&#8230;ratolí joystick&#8230;</li>
<li>Protector de teclats, teclats tàctils,&#8230;</li>
<li>Suports pels commutadors, braç articulat, de barilla, licorni,&#8230;</li>
</ul>
<p><a href="http://agora.xtec.cat/ceellevant/wp-content/uploads/usu999/2016/03/AATT-6.jpg"><img loading="lazy" decoding="async" class=" wp-image-649 aligncenter" src="http://agora.xtec.cat/ceellevant/wp-content/uploads/usu999/2016/03/AATT-6.jpg" alt="AATT 6" width="349" height="268" srcset="https://agora.xtec.cat/ceellevant/wp-content/uploads/usu999/2016/03/AATT-6.jpg 863w, https://agora.xtec.cat/ceellevant/wp-content/uploads/usu999/2016/03/AATT-6-300x230.jpg 300w" sizes="auto, (max-width: 349px) 100vw, 349px" /></a></p>
<p>Control de l&#8217;entorn:</p>
<p>Iniciem l’entrenament amb activitats de joc adaptat. Oferim accés a activitats de control d&#8217;entorn amb electrodomèstics, activitats sensorials, activitats de lleure,&#8230; preparant-los per aconseguir en la vida adulta un control d&#8217;entorn a casa.<strong> <a href="http://agora.xtec.cat/ceellevant/wp-content/uploads/usu999/2016/03/AATT-7.jpg"><img loading="lazy" decoding="async" class=" wp-image-650 aligncenter" src="http://agora.xtec.cat/ceellevant/wp-content/uploads/usu999/2016/03/AATT-7.jpg" alt="AATT 7" width="349" height="268" srcset="https://agora.xtec.cat/ceellevant/wp-content/uploads/usu999/2016/03/AATT-7.jpg 863w, https://agora.xtec.cat/ceellevant/wp-content/uploads/usu999/2016/03/AATT-7-300x230.jpg 300w" sizes="auto, (max-width: 349px) 100vw, 349px" /></a></strong></p>

<p>A l&#8217;escola usem  els ajuts tècnics, bàsicament per les següents finalitats:</p>
<ul>
<li>Per facilitar la comunicació.</li>
<li>Per donar possibilitats d&#8217;acció i participació en activitats (recursos d’acció)</li>
<li>i per afavorir el control d&#8217;entorn.</li>
</ul>
<p>Els Ajuts tècnics no s&#8217;utilitzen només pels alumnes afectats motriument, sinó que també són una bona eina per treballar la&hellip;  <a href="https://agora.xtec.cat/ceellevant/projecte-educatiu/ajuts-tecnics/" title="Read Ajuts Tècnics">Llegeix més»</a></p>
