{"id":26,"date":"2014-09-18T12:24:32","date_gmt":"2014-09-18T11:24:32","guid":{"rendered":"http:\/\/agora.xtec.cat\/ceellevant\/?page_id=26"},"modified":"2023-04-13T13:22:17","modified_gmt":"2023-04-13T11:22:17","slug":"historia","status":"publish","type":"page","link":"https:\/\/agora.xtec.cat\/ceellevant\/lescola\/historia\/","title":{"rendered":"Hist\u00f2ria"},"content":{"rendered":"<p>L&#8217;escola d&#8217;educaci\u00f3 especial Llevant \u00e9s una escola de car\u00e0cter p\u00fablic i municipal, gestionada per l&#8217;Institut Municipal de Serveis Personals de l&#8217;Ajuntament de Badalona. L&#8217;escola, com a tal, actua dins dels l\u00edmits que marca la Constituci\u00f3, l&#8217;Estatut d&#8217;Autonomia i la LOMLOE i les disposicions que pugui dictar en cada moment l&#8217;Administraci\u00f3 competent.<\/p>\n<p>L\u2019escola es crea a partir de la iniciativa de diferents pares de fills amb discapacitat i es constitueix l\u2019associaci\u00f3 de pares Aspanin. L\u2019any 1967 d\u00f3na el primer pas per l\u2019escolaritzaci\u00f3 dels nens amb necessitats educatives especials, creant unes aules per a la seva atenci\u00f3, que al 1974 passaren a dependre econ\u00f2micament del Patronat Municipal de Disminu\u00efts Ps\u00edquics. El 1980 es crea la figura d\u2019un gerent, i el personal passa a dependre d\u2019aquest Patronat. Es constitueix una Junta Municipal per la gesti\u00f3 de l\u2019escola, que acaba transformant-se en Institut Municipal de Serveis Socials (1982). Posteriorment passa a ser IMSP (Institut Municipal de Serveis Personals).<\/p>\n","protected":false},"excerpt":{"rendered":"<p>L&#8217;escola d&#8217;educaci\u00f3 especial Llevant \u00e9s una escola de car\u00e0cter p\u00fablic i municipal, gestionada per l&#8217;Institut Municipal de Serveis Personals de l&#8217;Ajuntament de Badalona. L&#8217;escola, com a tal, actua dins dels l\u00edmits que marca la Constituci\u00f3, l&#8217;Estatut d&#8217;Autonomia i la LOMLOE i les disposicions que pugui&hellip;  <a href=\"https:\/\/agora.xtec.cat\/ceellevant\/lescola\/historia\/\" title=\"Read Hist\u00f2ria\">Llegeix m\u00e9s\u00bb<\/a><\/p>\n","protected":false},"author":1,"featured_media":0,"parent":22,"menu_order":20,"comment_status":"closed","ping_status":"closed","template":"page-templates\/side-menu.php","meta":{"_bbp_topic_count":0,"_bbp_reply_count":0,"_bbp_total_topic_count":0,"_bbp_total_reply_count":0,"_bbp_voice_count":0,"_bbp_anonymous_reply_count":0,"_bbp_topic_count_hidden":0,"_bbp_reply_count_hidden":0,"_bbp_forum_subforum_count":0,"footnotes":""},"class_list":["post-26","page","type-page","status-publish","hentry"],"post_mailing_queue_ids":[],"_links":{"self":[{"href":"https:\/\/agora.xtec.cat\/ceellevant\/wp-json\/wp\/v2\/pages\/26","targetHints":{"allow":["GET"]}}],"collection":[{"href":"https:\/\/agora.xtec.cat\/ceellevant\/wp-json\/wp\/v2\/pages"}],"about":[{"href":"https:\/\/agora.xtec.cat\/ceellevant\/wp-json\/wp\/v2\/types\/page"}],"author":[{"embeddable":true,"href":"https:\/\/agora.xtec.cat\/ceellevant\/wp-json\/wp\/v2\/users\/1"}],"replies":[{"embeddable":true,"href":"https:\/\/agora.xtec.cat\/ceellevant\/wp-json\/wp\/v2\/comments?post=26"}],"version-history":[{"count":3,"href":"https:\/\/agora.xtec.cat\/ceellevant\/wp-json\/wp\/v2\/pages\/26\/revisions"}],"predecessor-version":[{"id":4812,"href":"https:\/\/agora.xtec.cat\/ceellevant\/wp-json\/wp\/v2\/pages\/26\/revisions\/4812"}],"up":[{"embeddable":true,"href":"https:\/\/agora.xtec.cat\/ceellevant\/wp-json\/wp\/v2\/pages\/22"}],"wp:attachment":[{"href":"https:\/\/agora.xtec.cat\/ceellevant\/wp-json\/wp\/v2\/media?parent=26"}],"curies":[{"name":"wp","href":"https:\/\/api.w.org\/{rel}","templated":true}]}}

Història

<p>L&#8217;escola d&#8217;educació especial Llevant és una escola de caràcter públic i municipal, gestionada per l&#8217;Institut Municipal de Serveis Personals de l&#8217;Ajuntament de Badalona. L&#8217;escola, com a tal, actua dins dels límits que marca la Constitució, l&#8217;Estatut d&#8217;Autonomia i la LOMLOE i les disposicions que pugui dictar en cada moment l&#8217;Administració competent.</p>
<p>L’escola es crea a partir de la iniciativa de diferents pares de fills amb discapacitat i es constitueix l’associació de pares Aspanin. L’any 1967 dóna el primer pas per l’escolarització dels nens amb necessitats educatives especials, creant unes aules per a la seva atenció, que al 1974 passaren a dependre econòmicament del Patronat Municipal de Disminuïts Psíquics. El 1980 es crea la figura d’un gerent, i el personal passa a dependre d’aquest Patronat. Es constitueix una Junta Municipal per la gestió de l’escola, que acaba transformant-se en Institut Municipal de Serveis Socials (1982). Posteriorment passa a ser IMSP (Institut Municipal de Serveis Personals).</p>

<p>L&#8217;escola d&#8217;educació especial Llevant és una escola de caràcter públic i municipal, gestionada per l&#8217;Institut Municipal de Serveis Personals de l&#8217;Ajuntament de Badalona. L&#8217;escola, com a tal, actua dins dels límits que marca la Constitució, l&#8217;Estatut d&#8217;Autonomia i la LOMLOE i les disposicions que pugui&hellip;  <a href="https://agora.xtec.cat/ceellevant/lescola/historia/" title="Read Història">Llegeix més»</a></p>
