{"id":22,"date":"2014-09-18T12:19:57","date_gmt":"2014-09-18T11:19:57","guid":{"rendered":"http:\/\/agora.xtec.cat\/ceellevant\/?page_id=22"},"modified":"2016-04-12T12:17:53","modified_gmt":"2016-04-12T11:17:53","slug":"lescola","status":"publish","type":"page","link":"https:\/\/agora.xtec.cat\/ceellevant\/lescola\/","title":{"rendered":"L&#8217;escola"},"content":{"rendered":"<h3>TRETS D&#8217;IDENTITAT<\/h3>\n<p>Som una escola p\u00fablica, municipal i laica.<\/p>\n<p>Estem ubicats al centre de la ciutat de Badalona i atenem alumnes de tot els barris de la ciutat, aix\u00ed com dels municipis de Sant Adri\u00e0, Mongat, Tiana i Tei\u00e0<\/p>\n<p>Ens diferenciem per l\u2019especialitzaci\u00f3 educativa del conjunt de professionals pel que fa a les \u00e0rees educatives m\u00e9s priorit\u00e0ries: comunicaci\u00f3,\u00a0 promoci\u00f3 de l\u2019autonomia personal i social, promoci\u00f3 del benestar f\u00edsic i emocional, millora de la conducta personal i social, promoci\u00f3 de la qualitat de vida del conjunt de l\u2019alumnat.<\/p>\n<p>Els trets d&#8217;identitat que ens caracteritzen s\u00f3n:<\/p>\n<p>&#8211; El nombre d\u2019alumnes per aula, segons les barreres a l\u2019aprenentatge que presenten els alumnes poden estar agrupats amb unitats de\u00a0 3-4-6 i 8 alumnes i atencions individuals totals o parcials depenent de les necessitats de suport de cada alumne\/a.<\/p>\n<p>&#8211; La utilitzaci\u00f3 del PEI &#8211; Programa Educatiu Individual-. Aquesta eina ens permet adequar el programa educatiu de l\u2019alumne a les seves necessitats.<\/p>\n<p>&#8211; La utilitzaci\u00f3 de metodologies especifiques per a l\u2019ensenyament de la comunicaci\u00f3 i el llenguatge (PECS, Comunicaci\u00f3 Total,&#8230;)<\/p>\n<p>&#8211; L&#8217;\u00fas de les TIC (Tecnologies de la informaci\u00f3 i la comunicaci\u00f3), per facilitar l\u2019acc\u00e9s al curr\u00edculum i la participaci\u00f3 activa del nostre alumnat en la societat actual.<\/p>\n<p>&#8211; Disposem de perfils professionals diferents: mestres d\u2019educaci\u00f3 especial, logopedes, fisioterapeutes, psic\u00f2leg, educadores, cuidadores, auxiliar administratiu.<\/p>\n<p>La diversitat de perfils professionals especialitzats ens permet oferir un ventall de suports espec\u00edfics als alumnes i les seves fam\u00edlies: logop\u00e8dia, fisioter\u00e0pia, formaci\u00f3 de pares, Pla de Suport Conductual Positiu, tutoria individualitzada, atenci\u00f3 educativa individual,&#8230;<\/p>\n<p>&#8211; Promovem la inclusi\u00f3 educativa oferint el nostre suport professional (CREE) &#8211; centre de recursos espec\u00edfics per a l&#8217;educaci\u00f3- \u00a0al conjunt d\u2019escoles de la ciutat.<\/p>\n<h3><\/h3>\n","protected":false},"excerpt":{"rendered":"<p>TRETS D&#8217;IDENTITAT<br \/>\nSom una escola p\u00fablica, municipal i laica.<br \/>\nEstem ubicats al centre de la ciutat de Badalona i atenem alumnes de tot els barris de la ciutat, aix\u00ed com dels municipis de Sant Adri\u00e0, Mongat, Tiana i Tei\u00e0<br \/>\nEns diferenciem per l\u2019especialitzaci\u00f3 educativa del conjunt de professionals&hellip;  <a href=\"https:\/\/agora.xtec.cat\/ceellevant\/lescola\/\" title=\"Read L&#8217;escola\">Llegeix m\u00e9s\u00bb<\/a><\/p>\n","protected":false},"author":1,"featured_media":0,"parent":0,"menu_order":0,"comment_status":"closed","ping_status":"closed","template":"page-templates\/side-menu.php","meta":{"_bbp_topic_count":0,"_bbp_reply_count":0,"_bbp_total_topic_count":0,"_bbp_total_reply_count":0,"_bbp_voice_count":0,"_bbp_anonymous_reply_count":0,"_bbp_topic_count_hidden":0,"_bbp_reply_count_hidden":0,"_bbp_forum_subforum_count":0,"footnotes":""},"class_list":["post-22","page","type-page","status-publish","hentry"],"post_mailing_queue_ids":[],"_links":{"self":[{"href":"https:\/\/agora.xtec.cat\/ceellevant\/wp-json\/wp\/v2\/pages\/22","targetHints":{"allow":["GET"]}}],"collection":[{"href":"https:\/\/agora.xtec.cat\/ceellevant\/wp-json\/wp\/v2\/pages"}],"about":[{"href":"https:\/\/agora.xtec.cat\/ceellevant\/wp-json\/wp\/v2\/types\/page"}],"author":[{"embeddable":true,"href":"https:\/\/agora.xtec.cat\/ceellevant\/wp-json\/wp\/v2\/users\/1"}],"replies":[{"embeddable":true,"href":"https:\/\/agora.xtec.cat\/ceellevant\/wp-json\/wp\/v2\/comments?post=22"}],"version-history":[{"count":2,"href":"https:\/\/agora.xtec.cat\/ceellevant\/wp-json\/wp\/v2\/pages\/22\/revisions"}],"predecessor-version":[{"id":700,"href":"https:\/\/agora.xtec.cat\/ceellevant\/wp-json\/wp\/v2\/pages\/22\/revisions\/700"}],"wp:attachment":[{"href":"https:\/\/agora.xtec.cat\/ceellevant\/wp-json\/wp\/v2\/media?parent=22"}],"curies":[{"name":"wp","href":"https:\/\/api.w.org\/{rel}","templated":true}]}}

<h3>TRETS D&#8217;IDENTITAT</h3>
<p>Som una escola pública, municipal i laica.</p>
<p>Estem ubicats al centre de la ciutat de Badalona i atenem alumnes de tot els barris de la ciutat, així com dels municipis de Sant Adrià, Mongat, Tiana i Teià</p>
<p>Ens diferenciem per l’especialització educativa del conjunt de professionals pel que fa a les àrees educatives més prioritàries: comunicació,  promoció de l’autonomia personal i social, promoció del benestar físic i emocional, millora de la conducta personal i social, promoció de la qualitat de vida del conjunt de l’alumnat.</p>
<p>Els trets d&#8217;identitat que ens caracteritzen són:</p>
<p>&#8211; El nombre d’alumnes per aula, segons les barreres a l’aprenentatge que presenten els alumnes poden estar agrupats amb unitats de  3-4-6 i 8 alumnes i atencions individuals totals o parcials depenent de les necessitats de suport de cada alumne/a.</p>
<p>&#8211; La utilització del PEI &#8211; Programa Educatiu Individual-. Aquesta eina ens permet adequar el programa educatiu de l’alumne a les seves necessitats.</p>
<p>&#8211; La utilització de metodologies especifiques per a l’ensenyament de la comunicació i el llenguatge (PECS, Comunicació Total,&#8230;)</p>
<p>&#8211; L&#8217;ús de les TIC (Tecnologies de la informació i la comunicació), per facilitar l’accés al currículum i la participació activa del nostre alumnat en la societat actual.</p>
<p>&#8211; Disposem de perfils professionals diferents: mestres d’educació especial, logopedes, fisioterapeutes, psicòleg, educadores, cuidadores, auxiliar administratiu.</p>
<p>La diversitat de perfils professionals especialitzats ens permet oferir un ventall de suports específics als alumnes i les seves famílies: logopèdia, fisioteràpia, formació de pares, Pla de Suport Conductual Positiu, tutoria individualitzada, atenció educativa individual,&#8230;</p>
<p>&#8211; Promovem la inclusió educativa oferint el nostre suport professional (CREE) &#8211; centre de recursos específics per a l&#8217;educació-  al conjunt d’escoles de la ciutat.</p>
<h3></h3>

<p>TRETS D&#8217;IDENTITAT<br />
Som una escola pública, municipal i laica.<br />
Estem ubicats al centre de la ciutat de Badalona i atenem alumnes de tot els barris de la ciutat, així com dels municipis de Sant Adrià, Mongat, Tiana i Teià<br />
Ens diferenciem per l’especialització educativa del conjunt de professionals&hellip;  <a href="https://agora.xtec.cat/ceellevant/lescola/" title="Read L&#8217;escola">Llegeix més»</a></p>
