{"id":6808,"date":"2023-03-22T21:36:14","date_gmt":"2023-03-22T20:36:14","guid":{"rendered":"https:\/\/agora.xtec.cat\/ceelesaigues\/?page_id=6808"},"modified":"2025-03-05T17:35:11","modified_gmt":"2025-03-05T16:35:11","slug":"qui-som","status":"publish","type":"page","link":"https:\/\/agora.xtec.cat\/ceelesaigues\/afa\/qui-som\/","title":{"rendered":"QUI SOM?"},"content":{"rendered":"<p>La Junta directiva de l&#8217;AFA est\u00e0 formada per:<\/p>\n<p>Neus Fern\u00e1ndez (Presidenta) \u00a0 \u00a0 \u00a0 \u00a0 \u00a0 \u00a0 \u00a0 \u00a0 \u00a0 \u00a0 \u00a0 \u00a0 \u00a0 \u00a0 \u00a0 \u00a0 \u00a0<img loading=\"lazy\" decoding=\"async\" class=\"wp-image-6811 alignright\" src=\"https:\/\/agora.xtec.cat\/ceelesaigues\/wp-content\/uploads\/usu1225\/2023\/03\/qui-som-300x171.png\" alt=\"\" width=\"493\" height=\"281\" srcset=\"https:\/\/agora.xtec.cat\/ceelesaigues\/wp-content\/uploads\/usu1225\/2023\/03\/qui-som-300x171.png 300w, https:\/\/agora.xtec.cat\/ceelesaigues\/wp-content\/uploads\/usu1225\/2023\/03\/qui-som-768x439.png 768w, https:\/\/agora.xtec.cat\/ceelesaigues\/wp-content\/uploads\/usu1225\/2023\/03\/qui-som.png 770w\" sizes=\"auto, (max-width: 493px) 100vw, 493px\" \/><\/p>\n<p>Dori Mart\u00ednez (Secretaria)<\/p>\n<p>Ivette Saboya (Tresorera)<\/p>\n<p>Juan Castillo (Vocal)<\/p>\n<p>Encarna S\u00e1nchez (Vocal)<\/p>\n<p>Montse Peytavi (Vocal)<\/p>\n<p>Mar Nevado (Vocal)<\/p>\n<p>Katty G\u00f3mez (Vocal)<\/p>\n<p>Ana Crespo (Vocal)<\/p>\n<p>&nbsp;<\/p>\n<p>Els membres de la Junta ens reunim un cop al mes per tractar de tots aquells temes relacionats amb l&#8217;AFA.<\/p>\n<p>L&#8217;Afa est\u00e0 oberta a propostes de millora i suggeriments que ens volgueu fer arribar.<\/p>\n<p>Per contactar amb nosaltres ho podeu fer des de la secci\u00f3 <a href=\"https:\/\/agora.xtec.cat\/ceelesaigues\/afa\/contacteu-amb-nosaltres\/\"><strong>CONTACTA AMB NOSALTRES.<\/strong><\/a><\/p>\n","protected":false},"excerpt":{"rendered":"<p>La Junta directiva de l&#8217;AFA est\u00e0 formada per: Neus Fern\u00e1ndez (Presidenta) \u00a0 \u00a0 \u00a0 \u00a0 \u00a0 \u00a0 \u00a0 \u00a0 \u00a0 \u00a0 \u00a0 \u00a0 \u00a0 \u00a0 \u00a0 \u00a0 \u00a0 Dori Mart\u00ednez (Secretaria) Ivette Saboya (Tresorera) Juan Castillo (Vocal) Encarna S\u00e1nchez (Vocal) Montse Peytavi (Vocal) Mar Nevado (Vocal) Katty G\u00f3mez (Vocal) Ana Crespo (Vocal) &nbsp; Els membres [&hellip;]<\/p>\n","protected":false},"author":1,"featured_media":0,"parent":8817,"menu_order":0,"comment_status":"closed","ping_status":"closed","template":"page-templates\/side-menu.php","meta":{"_bbp_topic_count":0,"_bbp_reply_count":0,"_bbp_total_topic_count":0,"_bbp_total_reply_count":0,"_bbp_voice_count":0,"_bbp_anonymous_reply_count":0,"_bbp_topic_count_hidden":0,"_bbp_reply_count_hidden":0,"_bbp_forum_subforum_count":0,"site-sidebar-layout":"default","site-content-layout":"","ast-site-content-layout":"","site-content-style":"default","site-sidebar-style":"default","ast-global-header-display":"","ast-banner-title-visibility":"","ast-main-header-display":"","ast-hfb-above-header-display":"","ast-hfb-below-header-display":"","ast-hfb-mobile-header-display":"","site-post-title":"","ast-breadcrumbs-content":"","ast-featured-img":"","footer-sml-layout":"","theme-transparent-header-meta":"","adv-header-id-meta":"","stick-header-meta":"","header-above-stick-meta":"","header-main-stick-meta":"","header-below-stick-meta":"","astra-migrate-meta-layouts":"default","ast-page-background-enabled":"default","ast-page-background-meta":{"desktop":{"background-color":"var(--ast-global-color-4)","background-image":"","background-repeat":"repeat","background-position":"center center","background-size":"auto","background-attachment":"scroll","background-type":"","background-media":"","overlay-type":"","overlay-color":"","overlay-opacity":"","overlay-gradient":""},"tablet":{"background-color":"","background-image":"","background-repeat":"repeat","background-position":"center center","background-size":"auto","background-attachment":"scroll","background-type":"","background-media":"","overlay-type":"","overlay-color":"","overlay-opacity":"","overlay-gradient":""},"mobile":{"background-color":"","background-image":"","background-repeat":"repeat","background-position":"center center","background-size":"auto","background-attachment":"scroll","background-type":"","background-media":"","overlay-type":"","overlay-color":"","overlay-opacity":"","overlay-gradient":""}},"ast-content-background-meta":{"desktop":{"background-color":"var(--ast-global-color-5)","background-image":"","background-repeat":"repeat","background-position":"center center","background-size":"auto","background-attachment":"scroll","background-type":"","background-media":"","overlay-type":"","overlay-color":"","overlay-opacity":"","overlay-gradient":""},"tablet":{"background-color":"var(--ast-global-color-5)","background-image":"","background-repeat":"repeat","background-position":"center center","background-size":"auto","background-attachment":"scroll","background-type":"","background-media":"","overlay-type":"","overlay-color":"","overlay-opacity":"","overlay-gradient":""},"mobile":{"background-color":"var(--ast-global-color-5)","background-image":"","background-repeat":"repeat","background-position":"center center","background-size":"auto","background-attachment":"scroll","background-type":"","background-media":"","overlay-type":"","overlay-color":"","overlay-opacity":"","overlay-gradient":""}},"footnotes":""},"class_list":["post-6808","page","type-page","status-publish","hentry"],"post_mailing_queue_ids":[],"_links":{"self":[{"href":"https:\/\/agora.xtec.cat\/ceelesaigues\/wp-json\/wp\/v2\/pages\/6808","targetHints":{"allow":["GET"]}}],"collection":[{"href":"https:\/\/agora.xtec.cat\/ceelesaigues\/wp-json\/wp\/v2\/pages"}],"about":[{"href":"https:\/\/agora.xtec.cat\/ceelesaigues\/wp-json\/wp\/v2\/types\/page"}],"author":[{"embeddable":true,"href":"https:\/\/agora.xtec.cat\/ceelesaigues\/wp-json\/wp\/v2\/users\/1"}],"replies":[{"embeddable":true,"href":"https:\/\/agora.xtec.cat\/ceelesaigues\/wp-json\/wp\/v2\/comments?post=6808"}],"version-history":[{"count":4,"href":"https:\/\/agora.xtec.cat\/ceelesaigues\/wp-json\/wp\/v2\/pages\/6808\/revisions"}],"predecessor-version":[{"id":8908,"href":"https:\/\/agora.xtec.cat\/ceelesaigues\/wp-json\/wp\/v2\/pages\/6808\/revisions\/8908"}],"up":[{"embeddable":true,"href":"https:\/\/agora.xtec.cat\/ceelesaigues\/wp-json\/wp\/v2\/pages\/8817"}],"wp:attachment":[{"href":"https:\/\/agora.xtec.cat\/ceelesaigues\/wp-json\/wp\/v2\/media?parent=6808"}],"curies":[{"name":"wp","href":"https:\/\/api.w.org\/{rel}","templated":true}]}}