{"id":1814,"date":"2020-02-28T17:15:20","date_gmt":"2020-02-28T16:15:20","guid":{"rendered":"https:\/\/agora.xtec.cat\/ceelesaigues\/?page_id=1814"},"modified":"2022-07-07T16:31:49","modified_gmt":"2022-07-07T14:31:49","slug":"especialistes-2","status":"publish","type":"page","link":"https:\/\/agora.xtec.cat\/ceelesaigues\/especialistes-2\/","title":{"rendered":"ESPECIALISTES"},"content":{"rendered":"<div id=\"primary-content\">\n<div id=\"post-319\" class=\"clear-block thumb-left post-319 post type-post status-publish format-standard hentry category-general count-1 odd author-apere246 first\">\n<div class=\"post-details\"><\/div>\n<\/div>\n<\/div>\n<p>&nbsp;<\/p>\n<p>Si voleu veure activitats que fem en cadascuna de les especialitats, cliqueu sobre la imatge que correspon.<\/p>\n<table style=\"width: 710px; height: 187px;\">\n<tbody>\n<tr style=\"height: 187px;\">\n<td style=\"width: 132.283px; height: 187px; text-align: center;\"><a href=\"https:\/\/agora.xtec.cat\/ceelesaigues\/categoria\/especialistes\/educacio-visual-i-plastica\/\"><img loading=\"lazy\" decoding=\"async\" class=\"aligncenter wp-image-1004\" src=\"https:\/\/agora.xtec.cat\/ceelesaigues\/wp-content\/uploads\/usu1225\/2019\/11\/educaci\u00f3-pl\u00e0stica-i-visual-150x150.png\" alt=\"\" width=\"120\" height=\"120\" srcset=\"https:\/\/agora.xtec.cat\/ceelesaigues\/wp-content\/uploads\/usu1225\/2019\/11\/educaci\u00f3-pl\u00e0stica-i-visual-150x150.png 150w, https:\/\/agora.xtec.cat\/ceelesaigues\/wp-content\/uploads\/usu1225\/2019\/11\/educaci\u00f3-pl\u00e0stica-i-visual-300x300.png 300w, https:\/\/agora.xtec.cat\/ceelesaigues\/wp-content\/uploads\/usu1225\/2019\/11\/educaci\u00f3-pl\u00e0stica-i-visual.png 500w\" sizes=\"auto, (max-width: 120px) 100vw, 120px\" \/><\/a><a href=\"https:\/\/agora.xtec.cat\/ceelesaigues\/categoria\/especialistes\/educacio-visual-i-plastica\/\">EDUCACI\u00d3 VISUAL I PL\u00c0STICA<\/a><\/td>\n<td style=\"width: 143.817px; height: 187px;\"><a href=\"https:\/\/agora.xtec.cat\/ceelesaigues\/categoria\/especialistes\/psicomotricitat\/\"><img loading=\"lazy\" decoding=\"async\" class=\"aligncenter wp-image-1002\" src=\"https:\/\/agora.xtec.cat\/ceelesaigues\/wp-content\/uploads\/usu1225\/2019\/11\/PSICOMOTRICITAT-150x150.jpg\" alt=\"\" width=\"101\" height=\"101\" \/><\/a><\/p>\n<p><a href=\"https:\/\/agora.xtec.cat\/ceelesaigues\/categoria\/especialistes\/psicomotricitat\/\">PSICOMOTRICITAT<\/a><\/td>\n<td style=\"width: 141.3px; height: 187px;\"><a href=\"https:\/\/agora.xtec.cat\/ceelesaigues\/categoria\/especialistes\/logopedia\/\"><img loading=\"lazy\" decoding=\"async\" class=\"aligncenter wp-image-1000\" src=\"https:\/\/agora.xtec.cat\/ceelesaigues\/wp-content\/uploads\/usu1225\/2019\/11\/logop\u00e8dia-150x150.png\" alt=\"\" width=\"114\" height=\"114\" srcset=\"https:\/\/agora.xtec.cat\/ceelesaigues\/wp-content\/uploads\/usu1225\/2019\/11\/logop\u00e8dia-150x150.png 150w, https:\/\/agora.xtec.cat\/ceelesaigues\/wp-content\/uploads\/usu1225\/2019\/11\/logop\u00e8dia-300x300.png 300w, https:\/\/agora.xtec.cat\/ceelesaigues\/wp-content\/uploads\/usu1225\/2019\/11\/logop\u00e8dia.png 500w\" sizes=\"auto, (max-width: 114px) 100vw, 114px\" \/><\/a><\/p>\n<p style=\"text-align: center;\"><a href=\"https:\/\/agora.xtec.cat\/ceelesaigues\/categoria\/especialistes\/logopedia\/\">LOGOP\u00c8DIA<\/a><\/p>\n<\/td>\n<td style=\"width: 140.3px; height: 187px;\"><a href=\"https:\/\/agora.xtec.cat\/ceelesaigues\/categoria\/especialistes\/educacio-fisica\/\"><img loading=\"lazy\" decoding=\"async\" class=\"aligncenter wp-image-1003\" src=\"https:\/\/agora.xtec.cat\/ceelesaigues\/wp-content\/uploads\/usu1225\/2019\/11\/educaci\u00f3-f\u00edsica-150x150.png\" alt=\"\" width=\"115\" height=\"115\" srcset=\"https:\/\/agora.xtec.cat\/ceelesaigues\/wp-content\/uploads\/usu1225\/2019\/11\/educaci\u00f3-f\u00edsica-150x150.png 150w, https:\/\/agora.xtec.cat\/ceelesaigues\/wp-content\/uploads\/usu1225\/2019\/11\/educaci\u00f3-f\u00edsica-300x300.png 300w, https:\/\/agora.xtec.cat\/ceelesaigues\/wp-content\/uploads\/usu1225\/2019\/11\/educaci\u00f3-f\u00edsica.png 500w\" sizes=\"auto, (max-width: 115px) 100vw, 115px\" \/><\/a><\/p>\n<p style=\"text-align: center;\"><a href=\"https:\/\/agora.xtec.cat\/ceelesaigues\/categoria\/especialistes\/educacio-fisica\/\">EDUCACI\u00d3 F\u00cdSICA<\/a><\/p>\n<\/td>\n<td style=\"width: 138.3px; height: 187px;\"><a href=\"https:\/\/agora.xtec.cat\/ceelesaigues\/categoria\/especialistes\/musica\/\"><img loading=\"lazy\" decoding=\"async\" class=\"aligncenter wp-image-999\" src=\"https:\/\/agora.xtec.cat\/ceelesaigues\/wp-content\/uploads\/usu1225\/2019\/11\/m\u00fasica-ACTIVITAT-150x150.png\" alt=\"\" width=\"106\" height=\"106\" srcset=\"https:\/\/agora.xtec.cat\/ceelesaigues\/wp-content\/uploads\/usu1225\/2019\/11\/m\u00fasica-ACTIVITAT-150x150.png 150w, https:\/\/agora.xtec.cat\/ceelesaigues\/wp-content\/uploads\/usu1225\/2019\/11\/m\u00fasica-ACTIVITAT-300x300.png 300w, https:\/\/agora.xtec.cat\/ceelesaigues\/wp-content\/uploads\/usu1225\/2019\/11\/m\u00fasica-ACTIVITAT.png 500w\" sizes=\"auto, (max-width: 106px) 100vw, 106px\" \/><\/a><\/p>\n<p style=\"text-align: center;\"><a href=\"https:\/\/agora.xtec.cat\/ceelesaigues\/categoria\/especialistes\/musica\/\">M\u00daSICA<\/a><\/p>\n<\/td>\n<\/tr>\n<\/tbody>\n<\/table>\n","protected":false},"excerpt":{"rendered":"<p>&nbsp; Si voleu veure activitats que fem en cadascuna de les especialitats, cliqueu sobre la imatge que correspon. EDUCACI\u00d3 VISUAL I PL\u00c0STICA PSICOMOTRICITAT LOGOP\u00c8DIA EDUCACI\u00d3 F\u00cdSICA M\u00daSICA<\/p>\n","protected":false},"author":1,"featured_media":0,"parent":0,"menu_order":0,"comment_status":"closed","ping_status":"closed","template":"","meta":{"_bbp_topic_count":0,"_bbp_reply_count":0,"_bbp_total_topic_count":0,"_bbp_total_reply_count":0,"_bbp_voice_count":0,"_bbp_anonymous_reply_count":0,"_bbp_topic_count_hidden":0,"_bbp_reply_count_hidden":0,"_bbp_forum_subforum_count":0,"site-sidebar-layout":"default","site-content-layout":"","ast-site-content-layout":"","site-content-style":"default","site-sidebar-style":"default","ast-global-header-display":"","ast-banner-title-visibility":"","ast-main-header-display":"","ast-hfb-above-header-display":"","ast-hfb-below-header-display":"","ast-hfb-mobile-header-display":"","site-post-title":"","ast-breadcrumbs-content":"","ast-featured-img":"","footer-sml-layout":"","theme-transparent-header-meta":"","adv-header-id-meta":"","stick-header-meta":"","header-above-stick-meta":"","header-main-stick-meta":"","header-below-stick-meta":"","astra-migrate-meta-layouts":"default","ast-page-background-enabled":"default","ast-page-background-meta":{"desktop":{"background-color":"var(--ast-global-color-4)","background-image":"","background-repeat":"repeat","background-position":"center center","background-size":"auto","background-attachment":"scroll","background-type":"","background-media":"","overlay-type":"","overlay-color":"","overlay-opacity":"","overlay-gradient":""},"tablet":{"background-color":"","background-image":"","background-repeat":"repeat","background-position":"center center","background-size":"auto","background-attachment":"scroll","background-type":"","background-media":"","overlay-type":"","overlay-color":"","overlay-opacity":"","overlay-gradient":""},"mobile":{"background-color":"","background-image":"","background-repeat":"repeat","background-position":"center center","background-size":"auto","background-attachment":"scroll","background-type":"","background-media":"","overlay-type":"","overlay-color":"","overlay-opacity":"","overlay-gradient":""}},"ast-content-background-meta":{"desktop":{"background-color":"var(--ast-global-color-5)","background-image":"","background-repeat":"repeat","background-position":"center center","background-size":"auto","background-attachment":"scroll","background-type":"","background-media":"","overlay-type":"","overlay-color":"","overlay-opacity":"","overlay-gradient":""},"tablet":{"background-color":"var(--ast-global-color-5)","background-image":"","background-repeat":"repeat","background-position":"center center","background-size":"auto","background-attachment":"scroll","background-type":"","background-media":"","overlay-type":"","overlay-color":"","overlay-opacity":"","overlay-gradient":""},"mobile":{"background-color":"var(--ast-global-color-5)","background-image":"","background-repeat":"repeat","background-position":"center center","background-size":"auto","background-attachment":"scroll","background-type":"","background-media":"","overlay-type":"","overlay-color":"","overlay-opacity":"","overlay-gradient":""}},"footnotes":""},"class_list":["post-1814","page","type-page","status-publish","hentry"],"post_mailing_queue_ids":[],"_links":{"self":[{"href":"https:\/\/agora.xtec.cat\/ceelesaigues\/wp-json\/wp\/v2\/pages\/1814","targetHints":{"allow":["GET"]}}],"collection":[{"href":"https:\/\/agora.xtec.cat\/ceelesaigues\/wp-json\/wp\/v2\/pages"}],"about":[{"href":"https:\/\/agora.xtec.cat\/ceelesaigues\/wp-json\/wp\/v2\/types\/page"}],"author":[{"embeddable":true,"href":"https:\/\/agora.xtec.cat\/ceelesaigues\/wp-json\/wp\/v2\/users\/1"}],"replies":[{"embeddable":true,"href":"https:\/\/agora.xtec.cat\/ceelesaigues\/wp-json\/wp\/v2\/comments?post=1814"}],"version-history":[{"count":4,"href":"https:\/\/agora.xtec.cat\/ceelesaigues\/wp-json\/wp\/v2\/pages\/1814\/revisions"}],"predecessor-version":[{"id":5941,"href":"https:\/\/agora.xtec.cat\/ceelesaigues\/wp-json\/wp\/v2\/pages\/1814\/revisions\/5941"}],"wp:attachment":[{"href":"https:\/\/agora.xtec.cat\/ceelesaigues\/wp-json\/wp\/v2\/media?parent=1814"}],"curies":[{"name":"wp","href":"https:\/\/api.w.org\/{rel}","templated":true}]}}