{"id":1797,"date":"2020-02-28T16:44:19","date_gmt":"2020-02-28T15:44:19","guid":{"rendered":"https:\/\/agora.xtec.cat\/ceelesaigues\/?page_id=1797"},"modified":"2023-10-11T07:57:10","modified_gmt":"2023-10-11T05:57:10","slug":"educacio-fisica-2","status":"publish","type":"page","link":"https:\/\/agora.xtec.cat\/ceelesaigues\/educacio-fisica-2\/","title":{"rendered":"educaci\u00f3 f\u00edsica"},"content":{"rendered":"<h3 class=\"entry-title\">L\u2019EQUIP DE PSICOMOTRICITAT I EDUCACI\u00d3 F\u00cdSICA<\/h3>\n<p><img loading=\"lazy\" decoding=\"async\" class=\"aligncenter size-full wp-image-7277\" src=\"https:\/\/agora.xtec.cat\/ceelesaigues\/wp-content\/uploads\/usu1225\/2023\/10\/ed.fisica-i-psico.jpg\" alt=\"\" width=\"640\" height=\"480\" srcset=\"https:\/\/agora.xtec.cat\/ceelesaigues\/wp-content\/uploads\/usu1225\/2023\/10\/ed.fisica-i-psico.jpg 640w, https:\/\/agora.xtec.cat\/ceelesaigues\/wp-content\/uploads\/usu1225\/2023\/10\/ed.fisica-i-psico-300x225.jpg 300w, https:\/\/agora.xtec.cat\/ceelesaigues\/wp-content\/uploads\/usu1225\/2023\/10\/ed.fisica-i-psico-200x150.jpg 200w\" sizes=\"auto, (max-width: 640px) 100vw, 640px\" \/><\/p>\n<p style=\"text-align: center;\"><strong>D&#8217;esquerra a dreta: Esther Veciana (ed. f\u00edsica) i Anna P\u00e9rez (psicomotricitat)<\/strong><\/p>\n<p>La pedagogia especial ha de procurar\u00a0 la instrucci\u00f3 i els h\u00e0bits de comportament, aix\u00ed com aconseguir que el nen pugui conviure amb els altres i el m\u00f3n que l\u2019envolta.<\/p>\n<p>Els objectius de l\u2019Educaci\u00f3 F\u00edsica que\u00a0 es plantegen al llarg de les etapes de l\u2019ensenyament fan\u00a0 que contribueixin en la millora de la qualitat de vida dels alumnes.<\/p>\n<p>L\u2019educaci\u00f3 f\u00edsica a l\u2019escola es treballa amb les sessions d\u2019esport i tot \u00a0un seguit d\u2019activitats relacionades que giren al voltant del moviment, el cos i els jocs esportius; com\u00a0<strong>les olimp\u00edades de\u00a0 l\u2019Acell, la vela, les jornades escolars de nataci\u00f3, de b\u00e0squet, la hipoter\u00e0pia, les trobades esportives com les triangulars de futbol, el p\u00e0del\u2026<\/strong><\/p>\n<p>S\u00f3n activitats \u00a0complementaries a l\u2019educaci\u00f3 f\u00edsica\u00a0 a l\u2019escola i ens\u00a0 ajuden a treballar \u00a0les compet\u00e8ncies d\u2019autonomia i iniciativa personal i per conviure i habitar el m\u00f3n desenvolupant\u00a0<strong>continguts<\/strong>\u00a0com:<\/p>\n<p>&nbsp;<\/p>\n<p><strong>1) Responsabilitat individuals<\/strong><\/p>\n<p>\u2013\u00a0 acceptaci\u00f3 i estimaci\u00f3 del propi cos.<\/p>\n<p>\u2013\u00a0 iniciativa en l\u2019acci\u00f3.<\/p>\n<p>\u2013\u00a0 organitzaci\u00f3 i const\u00e0ncia en l\u2019activitat motriu.<\/p>\n<p>\u2013\u00a0 gust i satisfacci\u00f3 per l\u2019activitat f\u00edsica.<\/p>\n<p>\u2013\u00a0 esfor\u00e7 per v\u00e8ncer les dificultats superables.<\/p>\n<p>\u2013\u00a0 auto- superaci\u00f3 personal.<\/p>\n<p>\u2013\u00a0 higiene i salut.<\/p>\n<p><strong>2) Relacions amb els altres<\/strong><\/p>\n<p>\u2013 col\u00b7laboraci\u00f3 en les activitats.<\/p>\n<p>\u2013 conscienciaci\u00f3 i participaci\u00f3 envers les normes.<\/p>\n<p><strong>3) Respecte a l\u2019entorn<\/strong><\/p>\n<p>\u2013 respecte a la natura.<\/p>\n<p>\u2013 respecte i cura de les instal\u00b7lacions i material.<\/p>\n<p>Aix\u00ed l\u2019esport forma part del dia a dia dels nois i noies i \u00e9s un dels eixos principals, que els possibilita\u00a0 viure i compartir experi\u00e8ncies.<\/p>\n<p>Durant el curs anirem informant\u00a0 i pujant les fotografies\u00a0 de les diferents activitats realitzades.<\/p>\n<p>Fins ben aviat!<\/p>\n","protected":false},"excerpt":{"rendered":"<p>L\u2019EQUIP DE PSICOMOTRICITAT I EDUCACI\u00d3 F\u00cdSICA D&#8217;esquerra a dreta: Esther Veciana (ed. f\u00edsica) i Anna P\u00e9rez (psicomotricitat) La pedagogia especial ha de procurar\u00a0 la instrucci\u00f3 i els h\u00e0bits de comportament, aix\u00ed com aconseguir que el nen pugui conviure amb els altres i el m\u00f3n que l\u2019envolta. Els objectius de l\u2019Educaci\u00f3 F\u00edsica que\u00a0 es plantegen al [&hellip;]<\/p>\n","protected":false},"author":1,"featured_media":0,"parent":0,"menu_order":0,"comment_status":"closed","ping_status":"closed","template":"","meta":{"_bbp_topic_count":0,"_bbp_reply_count":0,"_bbp_total_topic_count":0,"_bbp_total_reply_count":0,"_bbp_voice_count":0,"_bbp_anonymous_reply_count":0,"_bbp_topic_count_hidden":0,"_bbp_reply_count_hidden":0,"_bbp_forum_subforum_count":0,"site-sidebar-layout":"default","site-content-layout":"","ast-site-content-layout":"","site-content-style":"default","site-sidebar-style":"default","ast-global-header-display":"","ast-banner-title-visibility":"","ast-main-header-display":"","ast-hfb-above-header-display":"","ast-hfb-below-header-display":"","ast-hfb-mobile-header-display":"","site-post-title":"","ast-breadcrumbs-content":"","ast-featured-img":"","footer-sml-layout":"","theme-transparent-header-meta":"","adv-header-id-meta":"","stick-header-meta":"","header-above-stick-meta":"","header-main-stick-meta":"","header-below-stick-meta":"","astra-migrate-meta-layouts":"default","ast-page-background-enabled":"default","ast-page-background-meta":{"desktop":{"background-color":"var(--ast-global-color-4)","background-image":"","background-repeat":"repeat","background-position":"center center","background-size":"auto","background-attachment":"scroll","background-type":"","background-media":"","overlay-type":"","overlay-color":"","overlay-opacity":"","overlay-gradient":""},"tablet":{"background-color":"","background-image":"","background-repeat":"repeat","background-position":"center center","background-size":"auto","background-attachment":"scroll","background-type":"","background-media":"","overlay-type":"","overlay-color":"","overlay-opacity":"","overlay-gradient":""},"mobile":{"background-color":"","background-image":"","background-repeat":"repeat","background-position":"center center","background-size":"auto","background-attachment":"scroll","background-type":"","background-media":"","overlay-type":"","overlay-color":"","overlay-opacity":"","overlay-gradient":""}},"ast-content-background-meta":{"desktop":{"background-color":"var(--ast-global-color-5)","background-image":"","background-repeat":"repeat","background-position":"center center","background-size":"auto","background-attachment":"scroll","background-type":"","background-media":"","overlay-type":"","overlay-color":"","overlay-opacity":"","overlay-gradient":""},"tablet":{"background-color":"var(--ast-global-color-5)","background-image":"","background-repeat":"repeat","background-position":"center center","background-size":"auto","background-attachment":"scroll","background-type":"","background-media":"","overlay-type":"","overlay-color":"","overlay-opacity":"","overlay-gradient":""},"mobile":{"background-color":"var(--ast-global-color-5)","background-image":"","background-repeat":"repeat","background-position":"center center","background-size":"auto","background-attachment":"scroll","background-type":"","background-media":"","overlay-type":"","overlay-color":"","overlay-opacity":"","overlay-gradient":""}},"footnotes":""},"class_list":["post-1797","page","type-page","status-publish","hentry"],"post_mailing_queue_ids":[],"_links":{"self":[{"href":"https:\/\/agora.xtec.cat\/ceelesaigues\/wp-json\/wp\/v2\/pages\/1797","targetHints":{"allow":["GET"]}}],"collection":[{"href":"https:\/\/agora.xtec.cat\/ceelesaigues\/wp-json\/wp\/v2\/pages"}],"about":[{"href":"https:\/\/agora.xtec.cat\/ceelesaigues\/wp-json\/wp\/v2\/types\/page"}],"author":[{"embeddable":true,"href":"https:\/\/agora.xtec.cat\/ceelesaigues\/wp-json\/wp\/v2\/users\/1"}],"replies":[{"embeddable":true,"href":"https:\/\/agora.xtec.cat\/ceelesaigues\/wp-json\/wp\/v2\/comments?post=1797"}],"version-history":[{"count":3,"href":"https:\/\/agora.xtec.cat\/ceelesaigues\/wp-json\/wp\/v2\/pages\/1797\/revisions"}],"predecessor-version":[{"id":7279,"href":"https:\/\/agora.xtec.cat\/ceelesaigues\/wp-json\/wp\/v2\/pages\/1797\/revisions\/7279"}],"wp:attachment":[{"href":"https:\/\/agora.xtec.cat\/ceelesaigues\/wp-json\/wp\/v2\/media?parent=1797"}],"curies":[{"name":"wp","href":"https:\/\/api.w.org\/{rel}","templated":true}]}}