{"id":501,"date":"2016-06-23T00:19:35","date_gmt":"2016-06-22T23:19:35","guid":{"rendered":"http:\/\/agora.xtec.cat\/ceehoritzo\/?page_id=501"},"modified":"2026-03-12T17:21:26","modified_gmt":"2026-03-12T16:21:26","slug":"lescola","status":"publish","type":"page","link":"https:\/\/agora.xtec.cat\/ceehoritzo\/lescola\/","title":{"rendered":"L&#8217;ESCOLA"},"content":{"rendered":"<h1><strong>\u00a0 \u00a0 \u00a0 \u00a0 \u00a0 \u00a0 \u00a0 \u00a0 \u00a0 \u00a0 \u00a0 \u00a0 \u00a0 \u00a0 \u00a0 \u00a0 \u00a0 \u00a0 \u00a0 \u00a0 \u00a0 \u00a0 \u00a0 \u00a0 \u00a0 \u00a0\u00a0<\/strong><\/h1>\n<p><strong><img loading=\"lazy\" decoding=\"async\" class=\"alignleft wp-image-2372 \" src=\"http:\/\/blocs.xtec.cat\/ceehoritzo\/files\/2008\/01\/ESCOLA-Horitz\u00f3-300x226.jpg\" alt=\"ESCOLA Horitz\u00f3\" width=\"315\" height=\"240\" \/><\/strong><\/p>\n<p><strong>\u00a0 \u00a0Dades del centre:<\/strong><\/p>\n<p><strong>\u00a0 \u00a0CEE Horitz\u00f3<\/strong><\/p>\n<p><strong>\u00a0 \u00a0Passatge de la Mora s\/n<\/strong><br \/>\n<strong>\u00a0 \u00a0 Apart. correus 99<\/strong><br \/>\n<strong>\u00a0 \u00a0 08397 Pineda de Mar<\/strong><br \/>\n<strong>\u00a0 \u00a0 Tel.i Fax: 93\/767 1321<\/strong><br \/>\n<strong>\u00a0 \u00a0 \u00a0M\u00f2bil: 634 79 89 34<\/strong><strong>\u00a0 \u00a0 \u00a0e-mail: ceehoritzo@xtec.cat<\/strong><\/p>\n<address>\u00a0<\/address>\n<address>\u00a0<\/address>\n<address>\u00a0<\/address>\n<p><strong><strong>\u00a0<\/strong><\/strong><\/p>\n<h2><strong><span lang=\"ca-ES\">QUI SOM?<\/span><\/strong><\/h2>\n<p>L\u2019escola Horitz\u00f3 \u00e9s una escola p\u00fablica d\u2019Educaci\u00f3 Especial que va estar fundada el Setembre de l\u2019any 1976 com a centre privat i convertint-se en un centre p\u00fablic a partir de l\u2019any 1988.<\/p>\n<p><span lang=\"ca-ES\">El CEE Horitz\u00f3 \u00e9s un centre d\u2019\u00e0mbit comarcal de l\u2019Alt Maresme que est\u00e0 situat a les afores de la poblaci\u00f3 de Pineda de mar, allunyada del nucli urb\u00e0. Aix\u00f2 comporta que tots els alumnes siguin usuaris del transport i menjador escolar.<\/span><\/p>\n<h3><strong><span lang=\"ca-ES\">Tipologia de l\u2019alumnat:<\/span><\/strong><\/h3>\n<p>Enguany l\u2019escola acull 93 alumnes (d\u2019entre 3 i 20 anys). Aquests alumnes s\u00f3n matriculats per Resoluci\u00f3 de la Delegaci\u00f3 Territorial.<\/p>\n<h3><\/h3>\n","protected":false},"excerpt":{"rendered":"<p>\u00a0 \u00a0 \u00a0 \u00a0 \u00a0 \u00a0 \u00a0 \u00a0 \u00a0 \u00a0 \u00a0 \u00a0 \u00a0 \u00a0 \u00a0 \u00a0 \u00a0 \u00a0 \u00a0 \u00a0 [&hellip;]<\/p>\n","protected":false},"author":1,"featured_media":0,"parent":0,"menu_order":0,"comment_status":"closed","ping_status":"closed","template":"","meta":{"_bbp_topic_count":0,"_bbp_reply_count":0,"_bbp_total_topic_count":0,"_bbp_total_reply_count":0,"_bbp_voice_count":0,"_bbp_anonymous_reply_count":0,"_bbp_topic_count_hidden":0,"_bbp_reply_count_hidden":0,"_bbp_forum_subforum_count":0,"site-sidebar-layout":"default","site-content-layout":"","ast-site-content-layout":"default","site-content-style":"default","site-sidebar-style":"default","ast-global-header-display":"","ast-banner-title-visibility":"","ast-main-header-display":"","ast-hfb-above-header-display":"","ast-hfb-below-header-display":"","ast-hfb-mobile-header-display":"","site-post-title":"","ast-breadcrumbs-content":"","ast-featured-img":"","footer-sml-layout":"","theme-transparent-header-meta":"","adv-header-id-meta":"","stick-header-meta":"","header-above-stick-meta":"","header-main-stick-meta":"","header-below-stick-meta":"","astra-migrate-meta-layouts":"set","ast-page-background-enabled":"default","ast-page-background-meta":{"desktop":{"background-color":"var(--ast-global-color-4)","background-image":"","background-repeat":"repeat","background-position":"center center","background-size":"auto","background-attachment":"scroll","background-type":"","background-media":"","overlay-type":"","overlay-color":"","overlay-opacity":"","overlay-gradient":""},"tablet":{"background-color":"","background-image":"","background-repeat":"repeat","background-position":"center center","background-size":"auto","background-attachment":"scroll","background-type":"","background-media":"","overlay-type":"","overlay-color":"","overlay-opacity":"","overlay-gradient":""},"mobile":{"background-color":"","background-image":"","background-repeat":"repeat","background-position":"center center","background-size":"auto","background-attachment":"scroll","background-type":"","background-media":"","overlay-type":"","overlay-color":"","overlay-opacity":"","overlay-gradient":""}},"ast-content-background-meta":{"desktop":{"background-color":"var(--ast-global-color-5)","background-image":"","background-repeat":"repeat","background-position":"center center","background-size":"auto","background-attachment":"scroll","background-type":"","background-media":"","overlay-type":"","overlay-color":"","overlay-opacity":"","overlay-gradient":""},"tablet":{"background-color":"var(--ast-global-color-5)","background-image":"","background-repeat":"repeat","background-position":"center center","background-size":"auto","background-attachment":"scroll","background-type":"","background-media":"","overlay-type":"","overlay-color":"","overlay-opacity":"","overlay-gradient":""},"mobile":{"background-color":"var(--ast-global-color-5)","background-image":"","background-repeat":"repeat","background-position":"center center","background-size":"auto","background-attachment":"scroll","background-type":"","background-media":"","overlay-type":"","overlay-color":"","overlay-opacity":"","overlay-gradient":""}},"footnotes":""},"class_list":["post-501","page","type-page","status-publish","hentry"],"post_mailing_queue_ids":[],"_links":{"self":[{"href":"https:\/\/agora.xtec.cat\/ceehoritzo\/wp-json\/wp\/v2\/pages\/501","targetHints":{"allow":["GET"]}}],"collection":[{"href":"https:\/\/agora.xtec.cat\/ceehoritzo\/wp-json\/wp\/v2\/pages"}],"about":[{"href":"https:\/\/agora.xtec.cat\/ceehoritzo\/wp-json\/wp\/v2\/types\/page"}],"author":[{"embeddable":true,"href":"https:\/\/agora.xtec.cat\/ceehoritzo\/wp-json\/wp\/v2\/users\/1"}],"replies":[{"embeddable":true,"href":"https:\/\/agora.xtec.cat\/ceehoritzo\/wp-json\/wp\/v2\/comments?post=501"}],"version-history":[{"count":2,"href":"https:\/\/agora.xtec.cat\/ceehoritzo\/wp-json\/wp\/v2\/pages\/501\/revisions"}],"predecessor-version":[{"id":3620,"href":"https:\/\/agora.xtec.cat\/ceehoritzo\/wp-json\/wp\/v2\/pages\/501\/revisions\/3620"}],"wp:attachment":[{"href":"https:\/\/agora.xtec.cat\/ceehoritzo\/wp-json\/wp\/v2\/media?parent=501"}],"curies":[{"name":"wp","href":"https:\/\/api.w.org\/{rel}","templated":true}]}}