{"id":2227,"date":"2020-01-09T15:41:02","date_gmt":"2020-01-09T14:41:02","guid":{"rendered":"http:\/\/agora.xtec.cat\/ceehoritzo\/?page_id=2227"},"modified":"2020-01-09T15:46:28","modified_gmt":"2020-01-09T14:46:28","slug":"historia-ife-al-cee-horitzo","status":"publish","type":"page","link":"https:\/\/agora.xtec.cat\/ceehoritzo\/nivells\/historia-ife-al-cee-horitzo\/","title":{"rendered":"HIST\u00d2RIA IFE AL CEE HORITZ\u00d3"},"content":{"rendered":"<p><span style=\"font-family: Arial, sans-serif;\">El curs 2016\/2017 es crea, al nostre centre, el Pla pilot experimental d\u2019Itineraris Formatius Espec\u00edfics\u00a0d\u2019<\/span><strong><span style=\"font-family: Arial, sans-serif;\">Auxiliar en vendes i atenci\u00f3 al p\u00fablic<\/span><\/strong><span style=\"font-family: Arial, sans-serif;\">\u201d per a alumnes amb necessitats educatives especials associades a discapacitat lleu o moderada (DOGC n\u00fam. 7196, 1.9.2016).\u00a0 La seva finalitat \u00e9s que els alumnes assoleixin les compet\u00e8ncies professionals que els facilitin la transici\u00f3 a la vida adulta i la inclusi\u00f3 social i laboral. <\/span><\/p>\n<p><span style=\"font-family: Arial, sans-serif;\">Aquests estudis desenvolupen compet\u00e8ncies per a fer tasques auxiliars de comercialitzaci\u00f3, marxandatge, preparaci\u00f3 de comandes i venda de productes, i treballs de reprografia, observant les normes de prevenci\u00f3 de riscos laborals i protecci\u00f3 mediambiental corresponents, aix\u00ed com compet\u00e8ncies de comunicaci\u00f3, autonomia personal i de participaci\u00f3 en activitats comunit\u00e0ries.La durada \u00e9s de 3.360 hores, distribu\u00efdes en quatre cursos acad\u00e8mics. El darrer curs inclou la formaci\u00f3 en centres de treball. La superaci\u00f3 de l\u2019itinerari comporta l\u2019obtenci\u00f3 del certificat acad\u00e8mic i professional amb la qualificaci\u00f3 final obtinguda i l\u2019acreditaci\u00f3 de les compet\u00e8ncies professionals assolides.Ja ha sortit la <\/span><strong><a href=\"http:\/\/portaldogc.gencat.cat\/utilsEADOP\/PDF\/7374\/1612815.pdf\"><span style=\"font-family: Arial, sans-serif;\">Resoluci\u00f3 ENS\/1076\/2017<\/span><\/a><\/strong><span style=\"font-family: Arial, sans-serif;\">, de 16 de maig, per la qual es determinen el calendari i les condicions de la <\/span><a href=\"http:\/\/ensenyament.gencat.cat\/ca\/tramits\/tramits-temes\/preinscripcio-ife?moda=1\"><strong><span style=\"font-family: Arial, sans-serif;\">preinscripci\u00f3<\/span><\/strong> <\/a><span style=\"font-family: Arial, sans-serif;\">, per al curs 2017-2018, als ensenyaments del Pla pilot d&#8217;itineraris formatius espec\u00edfics (IFE).<\/span><\/p>\n","protected":false},"excerpt":{"rendered":"<p>El curs 2016\/2017 es crea, al nostre centre, el Pla pilot experimental d\u2019Itineraris Formatius Espec\u00edfics\u00a0d\u2019Auxiliar en vendes i atenci\u00f3 al [&hellip;]<\/p>\n","protected":false},"author":3,"featured_media":0,"parent":2188,"menu_order":0,"comment_status":"closed","ping_status":"closed","template":"","meta":{"_bbp_topic_count":0,"_bbp_reply_count":0,"_bbp_total_topic_count":0,"_bbp_total_reply_count":0,"_bbp_voice_count":0,"_bbp_anonymous_reply_count":0,"_bbp_topic_count_hidden":0,"_bbp_reply_count_hidden":0,"_bbp_forum_subforum_count":0,"site-sidebar-layout":"default","site-content-layout":"","ast-site-content-layout":"","site-content-style":"default","site-sidebar-style":"default","ast-global-header-display":"","ast-banner-title-visibility":"","ast-main-header-display":"","ast-hfb-above-header-display":"","ast-hfb-below-header-display":"","ast-hfb-mobile-header-display":"","site-post-title":"","ast-breadcrumbs-content":"","ast-featured-img":"","footer-sml-layout":"","theme-transparent-header-meta":"","adv-header-id-meta":"","stick-header-meta":"","header-above-stick-meta":"","header-main-stick-meta":"","header-below-stick-meta":"","astra-migrate-meta-layouts":"default","ast-page-background-enabled":"default","ast-page-background-meta":{"desktop":{"background-color":"var(--ast-global-color-4)","background-image":"","background-repeat":"repeat","background-position":"center center","background-size":"auto","background-attachment":"scroll","background-type":"","background-media":"","overlay-type":"","overlay-color":"","overlay-opacity":"","overlay-gradient":""},"tablet":{"background-color":"","background-image":"","background-repeat":"repeat","background-position":"center center","background-size":"auto","background-attachment":"scroll","background-type":"","background-media":"","overlay-type":"","overlay-color":"","overlay-opacity":"","overlay-gradient":""},"mobile":{"background-color":"","background-image":"","background-repeat":"repeat","background-position":"center center","background-size":"auto","background-attachment":"scroll","background-type":"","background-media":"","overlay-type":"","overlay-color":"","overlay-opacity":"","overlay-gradient":""}},"ast-content-background-meta":{"desktop":{"background-color":"var(--ast-global-color-5)","background-image":"","background-repeat":"repeat","background-position":"center center","background-size":"auto","background-attachment":"scroll","background-type":"","background-media":"","overlay-type":"","overlay-color":"","overlay-opacity":"","overlay-gradient":""},"tablet":{"background-color":"var(--ast-global-color-5)","background-image":"","background-repeat":"repeat","background-position":"center center","background-size":"auto","background-attachment":"scroll","background-type":"","background-media":"","overlay-type":"","overlay-color":"","overlay-opacity":"","overlay-gradient":""},"mobile":{"background-color":"var(--ast-global-color-5)","background-image":"","background-repeat":"repeat","background-position":"center center","background-size":"auto","background-attachment":"scroll","background-type":"","background-media":"","overlay-type":"","overlay-color":"","overlay-opacity":"","overlay-gradient":""}},"footnotes":""},"class_list":["post-2227","page","type-page","status-publish","hentry"],"post_mailing_queue_ids":[],"_links":{"self":[{"href":"https:\/\/agora.xtec.cat\/ceehoritzo\/wp-json\/wp\/v2\/pages\/2227","targetHints":{"allow":["GET"]}}],"collection":[{"href":"https:\/\/agora.xtec.cat\/ceehoritzo\/wp-json\/wp\/v2\/pages"}],"about":[{"href":"https:\/\/agora.xtec.cat\/ceehoritzo\/wp-json\/wp\/v2\/types\/page"}],"author":[{"embeddable":true,"href":"https:\/\/agora.xtec.cat\/ceehoritzo\/wp-json\/wp\/v2\/users\/3"}],"replies":[{"embeddable":true,"href":"https:\/\/agora.xtec.cat\/ceehoritzo\/wp-json\/wp\/v2\/comments?post=2227"}],"version-history":[{"count":3,"href":"https:\/\/agora.xtec.cat\/ceehoritzo\/wp-json\/wp\/v2\/pages\/2227\/revisions"}],"predecessor-version":[{"id":2232,"href":"https:\/\/agora.xtec.cat\/ceehoritzo\/wp-json\/wp\/v2\/pages\/2227\/revisions\/2232"}],"up":[{"embeddable":true,"href":"https:\/\/agora.xtec.cat\/ceehoritzo\/wp-json\/wp\/v2\/pages\/2188"}],"wp:attachment":[{"href":"https:\/\/agora.xtec.cat\/ceehoritzo\/wp-json\/wp\/v2\/media?parent=2227"}],"curies":[{"name":"wp","href":"https:\/\/api.w.org\/{rel}","templated":true}]}}